{"id":15579,"date":"2016-02-01T10:56:12","date_gmt":"2016-02-01T09:56:12","guid":{"rendered":"http:\/\/elektrosystemy.pl\/?page_id=15579"},"modified":"2019-04-13T20:21:40","modified_gmt":"2019-04-13T18:21:40","slug":"styczen-2016","status":"publish","type":"page","link":"https:\/\/elektrosystemy.pl\/?page_id=15579","title":{"rendered":"Stycze\u0144 2016"},"content":{"rendered":"<p><span style=\"font-size: 12pt;\"><a href=\"http:\/\/elektrosystemy.pl\/wp-content\/uploads\/2015\/06\/01\/najnowsze-wydanie-luty-2015\/ES_01_2016_spis.jpg\"><img loading=\"lazy\" class=\"aligncenter wp-image-13268\" src=\"http:\/\/elektrosystemy.pl\/wp-content\/uploads\/2015\/06\/01\/najnowsze-wydanie-luty-2015\/ES_01_2016_spis.jpg\" alt=\"\" width=\"750\" height=\"541\" srcset=\"https:\/\/elektrosystemy.pl\/wp-content\/uploads\/2015\/06\/01\/najnowsze-wydanie-luty-2015\/ES_01_2016_spis.jpg 1024w, https:\/\/elektrosystemy.pl\/wp-content\/uploads\/2015\/06\/01\/najnowsze-wydanie-luty-2015\/ES_01_2016_spis-600x433.jpg 600w, https:\/\/elektrosystemy.pl\/wp-content\/uploads\/2015\/06\/01\/najnowsze-wydanie-luty-2015\/ES_01_2016_spis-300x217.jpg 300w\" sizes=\"(max-width: 750px) 100vw, 750px\" \/><\/a><\/span><\/p>\n<p><span style=\"font-size: 12pt;\"><a href=\"http:\/\/elektrosystemy.pl\/wp-content\/uploads\/2015\/06\/01\/najnowsze-wydanie-luty-2015\/Okladka_ES_01_2016.jpg\"><img loading=\"lazy\" class=\"alignleft wp-image-13269 size-medium\" src=\"http:\/\/elektrosystemy.pl\/wp-content\/uploads\/2015\/06\/01\/najnowsze-wydanie-luty-2015\/Okladka_ES_01_2016-207x300.jpg\" alt=\"\" width=\"207\" height=\"300\" srcset=\"https:\/\/elektrosystemy.pl\/wp-content\/uploads\/2015\/06\/01\/najnowsze-wydanie-luty-2015\/Okladka_ES_01_2016-207x300.jpg 207w, https:\/\/elektrosystemy.pl\/wp-content\/uploads\/2015\/06\/01\/najnowsze-wydanie-luty-2015\/Okladka_ES_01_2016.jpg 500w\" sizes=\"(max-width: 207px) 100vw, 207px\" \/><\/a><span style=\"color: #ffffff; background-color: #ff0000;\"><strong>\u00a0AKTUALNO\u015aCI <\/strong><\/span><\/span><br \/>\n<span style=\"font-size: 12pt;\"> <b>12<\/b>\u00a0<strong>Indeks koniunktury ELEKTROSYSTEM\u00d3W<\/strong><\/span><br \/>\n<span style=\"font-size: 12pt;\">W listopadzie wszystkie indeksy by\u0142y na minusie<\/span><br \/>\n<span style=\"font-size: 12pt;\"> <b>14<\/b>\u00a0<strong>Gie\u0142dowy Indeks ELEKTROSYSTEM\u00d3W<\/strong><\/span><br \/>\n<span style=\"font-size: 12pt;\">Gie\u0142dowe sp\u00f3\u0142ki trac\u0105 kolejny miesi\u0105c z rz\u0119du<\/span><br \/>\n<span style=\"font-size: 12pt;\"> <b>16<\/b>\u00a0Produkcja wybranych artyku\u0142\u00f3w elektrotechnicznych \u2013 X\u00a02015<\/span><br \/>\n<span style=\"font-size: 12pt;\"> <strong>17<\/strong> Zako\u0144czono budow\u0119 inteligentnej fabryki GE<\/span><br \/>\n<span style=\"font-size: 12pt;\"> <b>18<\/b> Grodno rozwija sie\u0107 i ofert\u0119 asortymentow\u0105<\/span><br \/>\n<span style=\"font-size: 12pt;\"> <b>19<\/b> Polska: innowacyjne rozwi\u0105zania dla bran\u017cy PV<\/span><br \/>\n<span style=\"font-size: 12pt;\"> <b>20<\/b> Rynek IoT dla energetyki b\u0119dzie r\u00f3s\u0142 w szybkim tempie<\/span><br \/>\n<span style=\"font-size: 12pt;\"> <strong>21 <\/strong>Raport: wyniki gie\u0142dowych sp\u00f3\u0142ek elektrotechnicznych\u00a0<\/span><br \/>\n<span style=\"font-size: 12pt;\"> <strong>21\u00a0<\/strong>Apanet promuje autorski projekt w\u015br\u00f3d samorz\u0105d\u00f3w<\/span><br \/>\n<span style=\"font-size: 12pt;\"> <strong>22\u00a0<\/strong>Bia\u0142ostocki APS przejmuje firm\u0119 Elrem<\/span><br \/>\n<span style=\"font-size: 12pt;\"> <strong>22\u00a0<\/strong>Ever przenosi siedzib\u0119 do Poznania \u00a0<\/span><br \/>\n<span style=\"font-size: 12pt;\"> <strong>23\u00a0<\/strong>Govena opracowa\u0142a regulator \u015bwiat\u0142a dla lamp LED-owych\u00a0<\/span><br \/>\n<span style=\"font-size: 12pt;\"> <strong>23\u00a0<\/strong>ADD Grup dostarczy 50 tys. licznik\u00f3w AMI<\/span><br \/>\n<span style=\"font-size: 12pt;\"> <strong>24\u00a0<\/strong>Bosch tworzy sp\u00f3\u0142k\u0119 w segmencie Smart Home<\/span><br \/>\n<span style=\"font-size: 12pt;\"> <strong>24\u00a0<\/strong>Astor: fuzja GE z Alstom korzystna dla klient\u00f3w<\/span><br \/>\n<span style=\"font-size: 12pt;\"><br \/>\n<\/span><span style=\"font-size: 12pt;\"><strong><span style=\"color: #ffffff; background-color: #45aec5;\">\u00a0AUTOMATYKA\u00a0<\/span><br \/>\n<\/strong><b>26<\/b>\u00a0Dob\u00f3r kompaktowego sterownika PLC \u2013 oferta Astor<br \/>\n<b>31<\/b>\u00a0Rozszerzona oferta przeka\u017anik\u00f3w firmy Finder<br \/>\n<\/span><\/p>\n<p><span style=\"font-size: 12pt;\"><strong style=\"font-size: 12pt;\"><span style=\"background-color: #c71882;\"><strong>\u00a0<span style=\"color: #ffffff;\">NAP\u0118DY I STEROWANIE<\/span>\u00a0<\/strong><\/span><br \/>\n<\/strong><b>34<\/b>\u00a0Przetwornice cz\u0119stotliwo\u015bci Danfoss Drives<\/span><br \/>\n<span style=\"font-size: 12pt;\"><b>38<\/b> Przek\u0142adnie SEW-Eurodrive dla przemys\u0142u ci\u0119\u017ckiego<\/span><\/p>\n<p><span style=\"font-size: 12pt;\"><strong style=\"font-size: 12pt;\"><span style=\"background-color: #fcd800;\"><strong>\u00a0<span style=\"color: #ffffff;\">TECHNIKA \u015aWIETLNA<\/span>\u00a0<\/strong><\/span><br \/>\n<\/strong><b>42<\/b> \u0179r\u00f3d\u0142a \u015bwiat\u0142a LED do wn\u0119trz z oferty BestService<\/span><\/p>\n<p><span style=\"font-size: 12pt;\"><strong><span style=\"color: #ffffff; background-color: #007dc5;\">\u00a0ZASILANIE\u00a0<\/span><br \/>\n<\/strong><strong>44<\/strong>\u00a0Zasilacze Trio Power II firmy Phoenix Contact<\/span><\/p>\n<p><span style=\"font-size: 12pt;\"><strong style=\"font-size: 12pt;\"><span style=\"background-color: #c74a46;\"><strong>\u00a0<span style=\"color: #ffffff;\">KABLE I PRZEWODY<\/span>\u00a0<\/strong><\/span><br \/>\n<\/strong><b>46<\/b>\u00a0Miniaturowe z\u0142\u0105cze mocy M12 firmy Hummel<br \/>\n<b>48<\/b>\u00a0Izolacje w przewodach<br \/>\n<b>50<\/b>\u00a0Okr\u0105g\u0142e z\u0142\u0105cza Epic firmy Lapp Kabel w aplikacjach przemys\u0142owych<br \/>\n<\/span><\/p>\n<p><strong><span style=\"color: #ffffff; background-color: #b191af;\">\u00a0PRZETARGI I INWESTYCJE<br \/>\n<\/span><\/strong><span style=\"font-size: 12pt;\"><b>55<\/b>\u00a0Planowane inwestycje<\/span><br \/>\n<span style=\"font-size: 12pt;\"><b>60<\/b>\u00a0Oferty, zlecenia os\u00f3b i firm prywatnych<\/span><br \/>\n<span style=\"font-size: 12pt;\"><b>62<\/b>\u00a0Przetargi w bran\u017cy elektrotechnicznej i energetycznej<\/span><\/p>\n<p><span style=\"font-size: 12pt;\"><strong><span style=\"background-color: #ff0000; color: #ffffff;\">\u00a0WYDARZENIA\u00a0<em><br \/>\n<\/em><\/span><b>71<\/b>\u00a0<\/strong>Relacje z targ\u00f3w, wydarze\u0144, spotka\u0144\u00a0bran\u017cowych<strong><br \/>\n<\/strong><\/span><\/p>\n<h4><span style=\"font-size: 12pt;\"><strong>Dodatek:\u00a0&#8220;NAP\u0118DY I STEROWANIE&#8221;<\/strong><\/span><\/h4>\n<p><span style=\"font-size: 12pt;\"><a href=\"http:\/\/elektrosystemy.pl\/wp-content\/uploads\/2015\/06\/01\/najnowsze-wydanie-luty-2015\/Okladka_NiS_01_2016.jpg\"><img loading=\"lazy\" class=\"wp-image-13277 alignleft\" src=\"http:\/\/elektrosystemy.pl\/wp-content\/uploads\/2015\/06\/01\/najnowsze-wydanie-luty-2015\/Okladka_NiS_01_2016.jpg\" alt=\"\" width=\"198\" height=\"297\" srcset=\"https:\/\/elektrosystemy.pl\/wp-content\/uploads\/2015\/06\/01\/najnowsze-wydanie-luty-2015\/Okladka_NiS_01_2016.jpg 500w, https:\/\/elektrosystemy.pl\/wp-content\/uploads\/2015\/06\/01\/najnowsze-wydanie-luty-2015\/Okladka_NiS_01_2016-200x300.jpg 200w\" sizes=\"(max-width: 198px) 100vw, 198px\" \/><\/a><strong style=\"font-size: 12pt;\">\u00a04<\/strong> Rynek nap\u0119d\u00f3w ro\u015bnie dzi\u0119ki inwestycjom krajowym<\/span><br \/>\n<span style=\"font-size: 12pt;\"><b>16<\/b> Przetwornice cz\u0119stotliwo\u015bci<br \/>\n<\/span><strong>20<\/strong> <span style=\"font-size: 12pt;\">Przetwornice cz\u0119stotliwo\u015bci \u2013 przegl\u0105d oferty rynkowej<\/span><br \/>\n<span style=\"font-size: 12pt;\"><b>26<\/b>\u00a0Silniki elektryczne \u2013 wybrane aspekty<br \/>\n<strong>30<\/strong>\u00a0Urz\u0105dzenia \u0142agodnego rozruchu (softstarty) \u2013 oferta rynkowa<br \/>\n<strong>32<\/strong>\u00a0Motoreduktory\u00a0<\/span><\/p>\n<p>&nbsp;<\/p>\n","protected":false},"excerpt":{"rendered":"<p>\u00a0AKTUALNO\u015aCI 12\u00a0Indeks koniunktury ELEKTROSYSTEM\u00d3W W listopadzie wszystkie indeksy by\u0142y na minusie 14\u00a0Gie\u0142dowy Indeks ELEKTROSYSTEM\u00d3W Gie\u0142dowe sp\u00f3\u0142ki trac\u0105 kolejny miesi\u0105c z rz\u0119du 16\u00a0Produkcja wybranych artyku\u0142\u00f3w elektrotechnicznych \u2013 X\u00a02015 17 Zako\u0144czono budow\u0119 inteligentnej fabryki GE 18 Grodno rozwija sie\u0107 i ofert\u0119 asortymentow\u0105 19 Polska: innowacyjne rozwi\u0105zania dla bran\u017cy PV 20 Rynek IoT dla energetyki b\u0119dzie r\u00f3s\u0142 w&hellip;<\/p>\n","protected":false},"author":2,"featured_media":0,"parent":15581,"menu_order":1,"comment_status":"closed","ping_status":"closed","template":"","meta":[],"_links":{"self":[{"href":"https:\/\/elektrosystemy.pl\/index.php?rest_route=\/wp\/v2\/pages\/15579"}],"collection":[{"href":"https:\/\/elektrosystemy.pl\/index.php?rest_route=\/wp\/v2\/pages"}],"about":[{"href":"https:\/\/elektrosystemy.pl\/index.php?rest_route=\/wp\/v2\/types\/page"}],"author":[{"embeddable":true,"href":"https:\/\/elektrosystemy.pl\/index.php?rest_route=\/wp\/v2\/users\/2"}],"replies":[{"embeddable":true,"href":"https:\/\/elektrosystemy.pl\/index.php?rest_route=%2Fwp%2Fv2%2Fcomments&post=15579"}],"version-history":[{"count":1,"href":"https:\/\/elektrosystemy.pl\/index.php?rest_route=\/wp\/v2\/pages\/15579\/revisions"}],"predecessor-version":[{"id":15580,"href":"https:\/\/elektrosystemy.pl\/index.php?rest_route=\/wp\/v2\/pages\/15579\/revisions\/15580"}],"up":[{"embeddable":true,"href":"https:\/\/elektrosystemy.pl\/index.php?rest_route=\/wp\/v2\/pages\/15581"}],"wp:attachment":[{"href":"https:\/\/elektrosystemy.pl\/index.php?rest_route=%2Fwp%2Fv2%2Fmedia&parent=15579"}],"curies":[{"name":"wp","href":"https:\/\/api.w.org\/{rel}","templated":true}]}}