{"id":18725,"date":"2016-08-31T11:32:20","date_gmt":"2016-08-31T09:32:20","guid":{"rendered":"http:\/\/elektrosystemy.pl\/?page_id=18725"},"modified":"2019-04-13T20:18:03","modified_gmt":"2019-04-13T18:18:03","slug":"sierpien-2016","status":"publish","type":"page","link":"https:\/\/elektrosystemy.pl\/?page_id=18725","title":{"rendered":"SIERPIE\u0143 2016"},"content":{"rendered":"<p><span style=\"font-size: 12pt;\"><a href=\"http:\/\/elektrosystemy.pl\/wp-content\/uploads\/2016\/08\/02\/copy-of-najnowsze-wydanie-lipiec-2016\/Spis_tr_ES_08_2016.jpg\"><img loading=\"lazy\" class=\"alignnone wp-image-18726 size-full\" src=\"http:\/\/elektrosystemy.pl\/wp-content\/uploads\/2016\/08\/02\/copy-of-najnowsze-wydanie-lipiec-2016\/Spis_tr_ES_08_2016.jpg\" width=\"2457\" height=\"1770\" srcset=\"https:\/\/elektrosystemy.pl\/wp-content\/uploads\/2016\/08\/02\/copy-of-najnowsze-wydanie-lipiec-2016\/Spis_tr_ES_08_2016.jpg 2457w, https:\/\/elektrosystemy.pl\/wp-content\/uploads\/2016\/08\/02\/copy-of-najnowsze-wydanie-lipiec-2016\/Spis_tr_ES_08_2016-600x432.jpg 600w, https:\/\/elektrosystemy.pl\/wp-content\/uploads\/2016\/08\/02\/copy-of-najnowsze-wydanie-lipiec-2016\/Spis_tr_ES_08_2016-300x216.jpg 300w, https:\/\/elektrosystemy.pl\/wp-content\/uploads\/2016\/08\/02\/copy-of-najnowsze-wydanie-lipiec-2016\/Spis_tr_ES_08_2016-768x553.jpg 768w, https:\/\/elektrosystemy.pl\/wp-content\/uploads\/2016\/08\/02\/copy-of-najnowsze-wydanie-lipiec-2016\/Spis_tr_ES_08_2016-1024x738.jpg 1024w\" sizes=\"(max-width: 2457px) 100vw, 2457px\" \/><\/a><\/span><\/p>\n<p><span style=\"font-size: 12pt;\"><a href=\"http:\/\/elektrosystemy.pl\/wp-content\/uploads\/2016\/08\/02\/copy-of-najnowsze-wydanie-sierpien-2016\/ES_08_2016.jpg\"><img loading=\"lazy\" class=\"alignleft wp-image-18727 size-medium\" src=\"http:\/\/elektrosystemy.pl\/wp-content\/uploads\/2016\/08\/02\/copy-of-najnowsze-wydanie-sierpien-2016\/ES_08_2016-208x300.jpg\" width=\"208\" height=\"300\" srcset=\"https:\/\/elektrosystemy.pl\/wp-content\/uploads\/2016\/08\/02\/copy-of-najnowsze-wydanie-sierpien-2016\/ES_08_2016-208x300.jpg 208w, https:\/\/elektrosystemy.pl\/wp-content\/uploads\/2016\/08\/02\/copy-of-najnowsze-wydanie-sierpien-2016\/ES_08_2016-600x865.jpg 600w, https:\/\/elektrosystemy.pl\/wp-content\/uploads\/2016\/08\/02\/copy-of-najnowsze-wydanie-sierpien-2016\/ES_08_2016-768x1107.jpg 768w, https:\/\/elektrosystemy.pl\/wp-content\/uploads\/2016\/08\/02\/copy-of-najnowsze-wydanie-sierpien-2016\/ES_08_2016-710x1024.jpg 710w, https:\/\/elektrosystemy.pl\/wp-content\/uploads\/2016\/08\/02\/copy-of-najnowsze-wydanie-sierpien-2016\/ES_08_2016.jpg 800w\" sizes=\"(max-width: 208px) 100vw, 208px\" \/><\/a><span style=\"color: #ffffff; background-color: #ff0000;\"><strong>\u00a0AKTUALNO\u015aCI <\/strong><\/span><\/span><br \/>\n<span style=\"font-size: 12pt;\"><b>14<\/b>\u00a0<strong>Indeks koniunktury ELEKTROSYSTEM\u00d3W<\/strong><\/span><br \/>\nBran\u017ca odrabia cz\u0119\u015b\u0107 spadk\u00f3w<br \/>\n<span style=\"font-size: 12pt;\"><b>16<\/b>\u00a0<strong>Gie\u0142dowy Indeks ELEKTROSYSTEM\u00d3W<\/strong><\/span><br \/>\nIndeks gie\u0142dowych sp\u00f3\u0142ek nieznacznie odrabia straty<br \/>\n<span style=\"font-size: 12pt;\"><strong>18<\/strong>\u00a0Produkcja wybranych artyku\u0142\u00f3w<br \/>\nelektrotechnicznych \u2013 V 2016<\/span><br \/>\n<span style=\"font-size: 12pt;\"><strong>19<\/strong> Forum-Rondo uruchamia Centrum Logistyczne<\/span><br \/>\n<span style=\"font-size: 12pt;\"><strong>20<\/strong> Sp\u00f3\u0142ki elektrotechniczne hojne dla akcjonariuszy<\/span><br \/>\n<span style=\"font-size: 12pt;\"><strong>22<\/strong> Wezwanie na Apatora nie dosz\u0142o do skutku<\/span><br \/>\n<span style=\"font-size: 12pt;\"><strong>23<\/strong> Ampli chce opu\u015bci\u0107 List\u0119 Alert\u00f3w na GPW \u00a0<\/span><br \/>\n<span style=\"font-size: 12pt;\"><strong>24<\/strong> Astor i WSB zapraszaj\u0105 na nowy kierunek studi\u00f3w<\/span><br \/>\n<span style=\"font-size: 12pt;\"><strong>25<\/strong> ABB zatrudni w Krakowie\u00a0tysi\u0105c informatyk\u00f3w<\/span><br \/>\n<span style=\"font-size: 12pt;\"><strong>25<\/strong> Rafako zawi\u0105zuje sojusz z Polimeksem <\/span><br \/>\n<span style=\"font-size: 12pt;\"><strong>26<\/strong> Fega i Elektroskandia pracuj\u0105 nad integracj\u0105<\/span><br \/>\n<span style=\"font-size: 12pt;\"><strong>26<\/strong> Pozna\u0144skie lotnisko \u017c\u0105da odszkodowania od Atremu<\/span><br \/>\n<span style=\"font-size: 12pt;\"><strong>27<\/strong> Siemens tworzy start-up o nazwie next47\u2026<br \/>\n<strong>27<\/strong> \u2026i uczestniczy w projektach e-autostrad<br \/>\n<strong>28<\/strong> ML System zainwestuje 35 mln z\u0142 w nowy zak\u0142ad<br \/>\n<strong>28<\/strong> Murrelektronik otwiera now\u0105 hal\u0119 produkcyjn\u0105<\/span><span style=\"font-size: 12pt;\"><br \/>\n<\/span><\/p>\n<p><span style=\"font-size: 12pt;\"><strong style=\"font-size: 12pt;\"><span style=\"color: #ffffff; background-color: #ed1c24;\">\u00a0ELEKTROPRODUKT 2016\u00a0<\/span><br \/>\n<\/strong><b style=\"font-size: 12pt;\">30<\/b>\u00a0ELEKTROPRODUKT 2016 roku:<br \/>\nlista zg\u0142oszonych produkt\u00f3w<\/span><\/p>\n<p><strong style=\"font-size: 12pt;\"><span style=\"color: #ffffff; background-color: #45aec5;\">\u00a0AUTOMATYKA\u00a0<\/span><br \/>\n<\/strong><b style=\"font-size: 12pt;\">46<\/b>\u00a0System Axioline F I\/O dla sektora energetycznego<\/p>\n<p><strong style=\"font-size: 12pt;\"><span style=\"color: #ffffff; background-color: #c74a46;\">\u00a0KABLE I PRZEWODY\u00a0<\/span><br \/>\n<\/strong><b style=\"font-size: 12pt;\">50<\/b> Produkty kablowe Leoni w ofercie firmy Astat<br \/>\n<b style=\"font-size: 12pt;\">52<\/b>\u00a0Rozwi\u0105zania Lapp Kabel w produkcji system\u00f3w ogrodzeniowych Legi<br \/>\n<b style=\"font-size: 12pt;\">58<\/b>\u00a0Przewody firmy Helukabel w automatyce przemys\u0142owej<\/p>\n<p><span style=\"font-size: 12pt;\"><strong style=\"font-size: 12pt;\"><span style=\"color: #ffffff; background-color: #c71882;\">\u00a0ROZDZIA\u0141\u00a0ENERGII\u00a0<\/span><br \/>\n<\/strong><b style=\"font-size: 12pt;\">59<\/b>\u00a0Zmodernizowane rozdzielnie Rittal ISV systemu Ri4Power<\/span><\/p>\n<p><strong style=\"font-size: 12pt;\"><span style=\"color: #ffffff; background-color: #004a80;\">\u00a0NARZ\u0118DZIA\u00a0<\/span><br \/>\n<\/strong><b style=\"font-size: 12pt;\">60<\/b>\u00a0Profesjonalne narz\u0119dzia linii PTools firmy Ergom<\/p>\n<p><strong style=\"font-size: 12pt;\"><span style=\"color: #ffffff; background-color: #f47a63;\">\u00a0OCHRONA PRZECIWPRZEPI\u0118CIOWA\u00a0<\/span><br \/>\n<\/strong><b style=\"font-size: 12pt;\">62<\/b>\u00a0Listwy antyprzepi\u0119ciowe Classic i Variant firmy Ever<\/p>\n<p><span style=\"font-size: 12pt;\"><strong style=\"font-size: 12pt;\"><span style=\"color: #ffffff; background-color: #fad500;\">\u00a0TECHNIKA \u015aWIETLNA\u00a0<\/span><br \/>\n<\/strong><b style=\"font-size: 12pt;\">64<\/b>\u00a0Oprawy LED Ledvance<br \/>\n<\/span><\/p>\n<p><span style=\"font-size: 12pt;\"><strong style=\"font-size: 12pt;\"><strong><span style=\"color: #ffffff; background-color: #caa082;\">\u00a0APARATY ZABEZPIECZAJ\u0104CE\u00a0<\/span><\/strong><br \/>\n<\/strong><b style=\"font-size: 12pt;\">66<\/b>\u00a0Aparatura przemys\u0142owa firmy Noark Electric <\/span><\/p>\n<p><strong><span style=\"color: #ffffff; background-color: #caa082;\"><span style=\"color: #ffffff; background-color: #b191af;\">\u00a0PRZETARGI I INWESTYCJE\u00a0<\/span><br \/>\n<\/span><\/strong><span style=\"font-size: 12pt;\"><b>72<\/b>\u00a0Planowane inwestycje<\/span><br \/>\n<span style=\"font-size: 12pt;\"><b>76<\/b>\u00a0Przetargi w bran\u017cy elektrotechnicznej i energetycznej<br \/>\n<\/span><br \/>\n<span style=\"font-size: 12pt;\"><strong><span style=\"background-color: #ff0000; color: #ffffff;\"><span style=\"font-size: 12pt;\">\u00a0WYDARZENIA\u00a0<\/span><em><br \/>\n<\/em><\/span><b>85<\/b>\u00a0<\/strong>Relacje z targ\u00f3w, wydarze\u0144, spotka\u0144\u00a0bran\u017cowych<strong><br \/>\n<\/strong><\/span><\/p>\n<h4><span style=\"font-size: 12pt;\"><strong>Dodatek:\u00a0&#8220;KABLE I PRZEWODY&#8221;<\/strong><\/span><\/h4>\n<p><span style=\"font-size: 12pt;\"><a href=\"http:\/\/elektrosystemy.pl\/wp-content\/uploads\/2016\/08\/02\/copy-of-najnowsze-wydanie-sierpien-2016\/Dod_08_2016_Kable.jpg\"><img loading=\"lazy\" class=\"alignleft wp-image-18731 size-medium\" src=\"http:\/\/elektrosystemy.pl\/wp-content\/uploads\/2016\/08\/02\/copy-of-najnowsze-wydanie-sierpien-2016\/Dod_08_2016_Kable-200x300.jpg\" width=\"200\" height=\"300\" srcset=\"https:\/\/elektrosystemy.pl\/wp-content\/uploads\/2016\/08\/02\/copy-of-najnowsze-wydanie-sierpien-2016\/Dod_08_2016_Kable-200x300.jpg 200w, https:\/\/elektrosystemy.pl\/wp-content\/uploads\/2016\/08\/02\/copy-of-najnowsze-wydanie-sierpien-2016\/Dod_08_2016_Kable-600x900.jpg 600w, https:\/\/elektrosystemy.pl\/wp-content\/uploads\/2016\/08\/02\/copy-of-najnowsze-wydanie-sierpien-2016\/Dod_08_2016_Kable-768x1152.jpg 768w, https:\/\/elektrosystemy.pl\/wp-content\/uploads\/2016\/08\/02\/copy-of-najnowsze-wydanie-sierpien-2016\/Dod_08_2016_Kable-683x1024.jpg 683w, https:\/\/elektrosystemy.pl\/wp-content\/uploads\/2016\/08\/02\/copy-of-najnowsze-wydanie-sierpien-2016\/Dod_08_2016_Kable.jpg 800w\" sizes=\"(max-width: 200px) 100vw, 200px\" \/><\/a><strong style=\"font-size: 12pt;\">\u00a04<\/strong> Bran\u017ca czeka na o\u017cywienie inwestycji<\/span><br \/>\n<span style=\"font-size: 12pt;\"><b>22<\/b> Przewody i kable elektroenergetyczne do 1 kV<br \/>\n<b>28<\/b> Przewody elektroenergetyczne \u2013 przegl\u0105d oferty rynkowej<br \/>\n<b>36<\/b> Narz\u0119dzia do obr\u00f3bki kabli i przewod\u00f3w<br \/>\n<b>40<\/b> Przewody i kable sterownicze<br \/>\n<b><\/b><\/span><\/p>\n<h4><\/h4>\n","protected":false},"excerpt":{"rendered":"<p>\u00a0AKTUALNO\u015aCI 14\u00a0Indeks koniunktury ELEKTROSYSTEM\u00d3W Bran\u017ca odrabia cz\u0119\u015b\u0107 spadk\u00f3w 16\u00a0Gie\u0142dowy Indeks ELEKTROSYSTEM\u00d3W Indeks gie\u0142dowych sp\u00f3\u0142ek nieznacznie odrabia straty 18\u00a0Produkcja wybranych artyku\u0142\u00f3w elektrotechnicznych \u2013 V 2016 19 Forum-Rondo uruchamia Centrum Logistyczne 20 Sp\u00f3\u0142ki elektrotechniczne hojne dla akcjonariuszy 22 Wezwanie na Apatora nie dosz\u0142o do skutku 23 Ampli chce opu\u015bci\u0107 List\u0119 Alert\u00f3w na GPW \u00a0 24 Astor i&hellip;<\/p>\n","protected":false},"author":4,"featured_media":0,"parent":15581,"menu_order":8,"comment_status":"closed","ping_status":"closed","template":"","meta":[],"_links":{"self":[{"href":"https:\/\/elektrosystemy.pl\/index.php?rest_route=\/wp\/v2\/pages\/18725"}],"collection":[{"href":"https:\/\/elektrosystemy.pl\/index.php?rest_route=\/wp\/v2\/pages"}],"about":[{"href":"https:\/\/elektrosystemy.pl\/index.php?rest_route=\/wp\/v2\/types\/page"}],"author":[{"embeddable":true,"href":"https:\/\/elektrosystemy.pl\/index.php?rest_route=\/wp\/v2\/users\/4"}],"replies":[{"embeddable":true,"href":"https:\/\/elektrosystemy.pl\/index.php?rest_route=%2Fwp%2Fv2%2Fcomments&post=18725"}],"version-history":[{"count":4,"href":"https:\/\/elektrosystemy.pl\/index.php?rest_route=\/wp\/v2\/pages\/18725\/revisions"}],"predecessor-version":[{"id":19067,"href":"https:\/\/elektrosystemy.pl\/index.php?rest_route=\/wp\/v2\/pages\/18725\/revisions\/19067"}],"up":[{"embeddable":true,"href":"https:\/\/elektrosystemy.pl\/index.php?rest_route=\/wp\/v2\/pages\/15581"}],"wp:attachment":[{"href":"https:\/\/elektrosystemy.pl\/index.php?rest_route=%2Fwp%2Fv2%2Fmedia&parent=18725"}],"curies":[{"name":"wp","href":"https:\/\/api.w.org\/{rel}","templated":true}]}}