{"id":20176,"date":"2016-11-02T11:53:17","date_gmt":"2016-11-02T10:53:17","guid":{"rendered":"http:\/\/elektrosystemy.pl\/?page_id=20176"},"modified":"2019-04-13T20:17:09","modified_gmt":"2019-04-13T18:17:09","slug":"pazdziernik-2016","status":"publish","type":"page","link":"https:\/\/elektrosystemy.pl\/?page_id=20176","title":{"rendered":"PA\u0179DZIERNIK 2016"},"content":{"rendered":"<p><span style=\"font-size: 12pt;\"><a href=\"http:\/\/elektrosystemy.pl\/wp-content\/uploads\/2016\/02\/01\/najnowsze-wydanie-luty-2015\/ES_10_2016_spis.jpg\"><img loading=\"lazy\" class=\"alignleft wp-image-19842 size-full\" src=\"http:\/\/elektrosystemy.pl\/wp-content\/uploads\/2016\/02\/01\/najnowsze-wydanie-luty-2015\/ES_10_2016_spis.jpg\" width=\"1024\" height=\"739\" srcset=\"https:\/\/elektrosystemy.pl\/wp-content\/uploads\/2016\/02\/01\/najnowsze-wydanie-luty-2015\/ES_10_2016_spis.jpg 1024w, https:\/\/elektrosystemy.pl\/wp-content\/uploads\/2016\/02\/01\/najnowsze-wydanie-luty-2015\/ES_10_2016_spis-600x433.jpg 600w, https:\/\/elektrosystemy.pl\/wp-content\/uploads\/2016\/02\/01\/najnowsze-wydanie-luty-2015\/ES_10_2016_spis-300x217.jpg 300w, https:\/\/elektrosystemy.pl\/wp-content\/uploads\/2016\/02\/01\/najnowsze-wydanie-luty-2015\/ES_10_2016_spis-768x554.jpg 768w\" sizes=\"(max-width: 1024px) 100vw, 1024px\" \/><\/a><\/span><\/p>\n<p><span style=\"font-size: 12pt;\"><a href=\"http:\/\/elektrosystemy.pl\/wp-content\/uploads\/technologie\/rozdzial_energ\/2016\/10\/04\/szynoprzewody-dkc-powertech-w-ofercie-zpue\/Ok_ES_10_2016.jpg\"><img loading=\"lazy\" class=\"alignleft wp-image-19617 size-medium\" src=\"http:\/\/elektrosystemy.pl\/wp-content\/uploads\/technologie\/rozdzial_energ\/2016\/10\/04\/szynoprzewody-dkc-powertech-w-ofercie-zpue\/Ok_ES_10_2016-210x300.jpg\" width=\"210\" height=\"300\" srcset=\"https:\/\/elektrosystemy.pl\/wp-content\/uploads\/technologie\/rozdzial_energ\/2016\/10\/04\/szynoprzewody-dkc-powertech-w-ofercie-zpue\/Ok_ES_10_2016-210x300.jpg 210w, https:\/\/elektrosystemy.pl\/wp-content\/uploads\/technologie\/rozdzial_energ\/2016\/10\/04\/szynoprzewody-dkc-powertech-w-ofercie-zpue\/Ok_ES_10_2016-600x859.jpg 600w, https:\/\/elektrosystemy.pl\/wp-content\/uploads\/technologie\/rozdzial_energ\/2016\/10\/04\/szynoprzewody-dkc-powertech-w-ofercie-zpue\/Ok_ES_10_2016-768x1099.jpg 768w, https:\/\/elektrosystemy.pl\/wp-content\/uploads\/technologie\/rozdzial_energ\/2016\/10\/04\/szynoprzewody-dkc-powertech-w-ofercie-zpue\/Ok_ES_10_2016-715x1024.jpg 715w, https:\/\/elektrosystemy.pl\/wp-content\/uploads\/technologie\/rozdzial_energ\/2016\/10\/04\/szynoprzewody-dkc-powertech-w-ofercie-zpue\/Ok_ES_10_2016.jpg 800w\" sizes=\"(max-width: 210px) 100vw, 210px\" \/><\/a><span style=\"color: #ffffff; background-color: #ff0000;\"><strong>\u00a0AKTUALNO\u015aCI <\/strong><\/span><\/span><br \/>\n<span style=\"font-size: 12pt;\"><b>14<\/b>\u00a0<strong>Indeks koniunktury ELEKTROSYSTEM\u00d3W<\/strong><\/span><br \/>\n<span style=\"font-size: 12pt;\">Dystrybucja ci\u0105gnie\u00a0bran\u017c\u0119 mocno w d\u00f3\u0142<\/span><br \/>\n<span style=\"font-size: 12pt;\"><b>16<\/b>\u00a0<strong>Gie\u0142dowy Indeks ELEKTROSYSTEM\u00d3W<\/strong><\/span><br \/>\nDu\u017ce spadki o\u015bwietlenia na gie\u0142dzie<br \/>\n<span style=\"font-size: 12pt;\"><strong>18<\/strong>\u00a0Produkcja wybranych artyku\u0142\u00f3w<br \/>\nelektrotechnicznych \u2013 VII 2016<\/span><br \/>\n<span style=\"font-size: 12pt;\"><strong>20<\/strong> NKT Cables kupi biznes kablowy od ABB<\/span><br \/>\n<span style=\"font-size: 12pt;\"><strong>21<\/strong> Rittal buduje nowoczesny zak\u0142ad za 250 mln euro<\/span><br \/>\n<span style=\"font-size: 12pt;\"><strong>22<\/strong> Eksport nap\u0119dza sprzeda\u017c Apatora<\/span><br \/>\n<span style=\"font-size: 12pt;\"><strong>23<\/strong> Fabryka Przysz\u0142o\u015bci w drodze do Przemys\u0142u 4.0 \u00a0<\/span><br \/>\n<span style=\"font-size: 12pt;\"><strong>24<\/strong> Grupa El-Sigma obchodzi 10-lecie dzia\u0142alno\u015bci\u00a0<\/span><br \/>\n<span style=\"font-size: 12pt;\"><strong>25<\/strong> TIM uniezale\u017cnia si\u0119 od bran\u017cy budowlanej<\/span><br \/>\n<span style=\"font-size: 12pt;\"><strong>26<\/strong> 3M zaprezentowa\u0142a nowo\u015bci w Bielsku\u00a0<\/span><br \/>\n<span style=\"font-size: 12pt;\"><strong>27<\/strong> Elektrobudowa przyj\u0119\u0142a now\u0105 strategi\u0119 rozwoju<\/span><br \/>\n<span style=\"font-size: 12pt;\"><strong>27<\/strong> Tele-Fonika dostarczy kable SN za 100 mln z\u0142<\/span><br \/>\n<span style=\"font-size: 12pt;\"><strong>28<\/strong> Organizacje bran\u017cowe wybior\u0105 \u201eOsobowo\u015b\u0107 Roku\u201d<br \/>\n<strong>28<\/strong> Elektrotim planuje wyj\u015b\u0107 poza Polsk\u0119<br \/>\n<strong>29<\/strong> Zak\u0142ad Lenze w Polsce \u015bwi\u0119tuje 20. urodziny<br \/>\n<strong>29<\/strong> PIME b\u0119dzie promowa\u0107 magazyny energii<br \/>\n<\/span><span style=\"font-size: 12pt;\"><strong>30<\/strong> 15-17 listopada odb\u0119d\u0105 si\u0119 Targi Energetics<br \/>\n<\/span><span style=\"font-size: 12pt;\"><strong>30<\/strong> Ikea b\u0119dzie sprzedawa\u0107\u00a0w Polsce panele PV<br \/>\n<\/span><br \/>\n<strong style=\"font-size: 12pt;\"><span style=\"color: #ffffff; background-color: #8bc751;\">\u00a0WYWIAD\u00a0<\/span><\/strong><br \/>\n<span style=\"font-size: 12pt;\"><strong>32<\/strong>\u00a0Rozmowa z Witoldem Bereszczy\u0144skim,<br \/>\ndyrektorem zarz\u0105dzaj\u0105cym\u00a0firmy Weidm\u00fcller w Polsce<\/span><\/p>\n<p><strong style=\"font-size: 12pt;\"><span style=\"color: #ffffff; background-color: #ed1c24;\">\u00a0ELEKTROPRODUKT 2016\u00a0<\/span><\/strong><br \/>\n<span style=\"font-size: 12pt;\"><strong>32<\/strong>\u00a0Rozmowa z Witoldem Bereszczy\u0144skim,<br \/>\ndyrektorem zarz\u0105dzaj\u0105cym\u00a0firmy Weidm\u00fcller w Polsce<\/span><\/p>\n<p><strong style=\"font-size: 12pt;\"><span style=\"color: #ffffff; background-color: #45aec5;\">\u00a0AUTOMATYKA<br \/>\n<\/span><\/strong><b style=\"font-size: 12pt;\">56<\/b>\u00a0Zasadno\u015b\u0107 stosowania sterownik\u00f3w PLC\u00a0w aplikacjach automatyki<br \/>\n<b style=\"font-size: 12pt;\">50<\/b> EKS \u2013 bezpieczny system wyboru trybu pracy maszyny<br \/>\n<b style=\"font-size: 12pt;\">54<\/b> Prze\u0142\u0105czniki z kluczem RFID z serii Sirius ACT firmy Siemens<\/p>\n<p><strong style=\"font-size: 12pt;\"><span style=\"color: #ffffff; background-color: #fad500;\">\u00a0TECHNIKA \u015aWIETLNA\u00a0<\/span><br \/>\n<\/strong><b style=\"font-size: 12pt;\">60<\/b> Oprawy uliczne serii Street MC i OC marki Lumax<br \/>\n<b style=\"font-size: 12pt;\">62<\/b> Nowe oprawy LED w ofercie firmy Delta<br \/>\n<b style=\"font-size: 12pt;\">64<\/b> Czujniki ruchu i obecno\u015bci w praktyce\u00a0\u2013 rozwi\u0105zania firmy Z\u00fcblin<br \/>\n<b style=\"font-size: 12pt;\">67<\/b> Lightify Pro firmy Osram \u2013 system sterowania o\u015bwietleniem biurowym<br \/>\n<b style=\"font-size: 12pt;\">68<\/b> Sterowniki o\u015bwietlenia ulicznego\u00a0microBLUE i midiBLUE firmy Rabbit<br \/>\n<b style=\"font-size: 12pt;\">70<\/b> Seria opraw Dust Profi LED NG marki Greenlux<\/p>\n<p><strong style=\"font-size: 12pt;\"><span style=\"color: #ffffff; background-color: #00a2a4;\">\u00a0OSPRZ\u0118T INSTALACYJNY\u00a0<\/span><br \/>\n<\/strong><b style=\"font-size: 12pt;\">72<\/b> Uniwersalny mechanizm one.platform firmy Hager<\/p>\n<p><strong style=\"font-size: 12pt;\"><span style=\"color: #ffffff; background-color: #ba853e;\">\u00a0KOMPONENTY ELEKTROTECHNICZNE\u00a0<\/span><br \/>\n<\/strong><b style=\"font-size: 12pt;\">74<\/b> Bezsmarowne plastikowe \u0142o\u017cyska kulkowe xiros firmy igus<\/p>\n<p><strong style=\"font-size: 12pt;\"><span style=\"color: #ffffff; background-color: #e7c68c;\">\u00a0INTELIGENTNY BUDYNEK\u00a0<\/span><br \/>\n<\/strong><b style=\"font-size: 12pt;\">76<\/b> Inteligentny system by-Me firmy Vimar<br \/>\n<b style=\"font-size: 12pt;\">80<\/b> Inteligentny dom Exta Life firmy Zamel<\/p>\n<p><b style=\"font-size: 12pt;\"><\/b><span style=\"font-size: 12pt;\"><strong style=\"font-size: 12pt;\"><span style=\"color: #ffffff; background-color: #c71882;\">\u00a0ROZDZIA\u0141\u00a0ENERGII\u00a0<\/span><br \/>\n<\/strong><b style=\"font-size: 12pt;\">84<\/b> Szynoprzewody DKC Powertech w ofercie ZPUE<br \/>\n<\/span><span style=\"font-size: 12pt;\"><br \/>\n<\/span><strong style=\"font-size: 12pt;\"><span style=\"color: #ffffff; background-color: #007dc5;\">\u00a0ZASILANIE AWARYJNE\u00a0<\/span><br \/>\n<\/strong><b style=\"font-size: 12pt;\">86<\/b> UPS Eaton 93PM firmy Eaton<\/p>\n<p><b style=\"font-size: 12pt;\"><\/b><strong><strong style=\"font-size: 12pt;\"><span style=\"color: #ffffff; background-color: #cc6a2d;\">\u00a0MIERNICTWO\u00a0<\/span><\/strong><br \/>\n<\/strong><b>88<\/b> C\u0119gowe mierniki pr\u0105du up\u0142ywu: Fluke 368 FC i 369 FC<br \/>\n<b>90<\/b> Unowocze\u015bnione czujniki termowizyjne Flir A35\/A36<\/p>\n<p><span style=\"font-size: 12pt;\"><strong><span style=\"color: #ffffff; background-color: #caa082;\"><span style=\"color: #ffffff; background-color: #b191af;\">\u00a0PRZETARGI I INWESTYCJE\u00a0<\/span><br \/>\n<\/span><\/strong><b>96<\/b>\u00a0Planowane inwestycje<\/span><br \/>\n<span style=\"font-size: 12pt;\"> <b>100<\/b>\u00a0Przetargi w bran\u017cy elektrotechnicznej i energetycznej<strong><br \/>\n<\/strong><\/span><\/p>\n<p><span style=\"font-size: 12pt;\"><strong><span style=\"color: #ffffff; background-color: #caa082;\"><span style=\"color: #ffffff; background-color: #d2232a;\">\u00a0WYDARZENIA\u00a0<\/span><br \/>\n<\/span><\/strong><b>110<\/b>\u00a0Relacje z targ\u00f3w, wydarze\u0144, spotka\u0144 bran\u017cowych<\/span><\/p>\n<h4><\/h4>\n<h4><span style=\"font-size: 12pt;\"><strong>Dodatek:\u00a0&#8220;TECHNIKA \u015aWIETLNA&#8221;<\/strong><\/span><\/h4>\n<p><span style=\"font-size: 12pt;\"><a href=\"http:\/\/elektrosystemy.pl\/wp-content\/uploads\/2016\/02\/01\/najnowsze-wydanie-luty-2015\/Okladka_TS_10_2016.jpg\"><img loading=\"lazy\" class=\"alignleft wp-image-19846 size-medium\" src=\"http:\/\/elektrosystemy.pl\/wp-content\/uploads\/2016\/02\/01\/najnowsze-wydanie-luty-2015\/Okladka_TS_10_2016-199x300.jpg\" width=\"199\" height=\"300\" srcset=\"https:\/\/elektrosystemy.pl\/wp-content\/uploads\/2016\/02\/01\/najnowsze-wydanie-luty-2015\/Okladka_TS_10_2016-199x300.jpg 199w, https:\/\/elektrosystemy.pl\/wp-content\/uploads\/2016\/02\/01\/najnowsze-wydanie-luty-2015\/Okladka_TS_10_2016.jpg 500w\" sizes=\"(max-width: 199px) 100vw, 199px\" \/><\/a><strong style=\"font-size: 12pt;\">\u00a04<\/strong> Technologia LED\u00a0zdobywa coraz wi\u0119ksz\u0105 cz\u0119\u015b\u0107 rynku<\/span><br \/>\n<span style=\"font-size: 12pt;\"><b>12<\/b> Kierunki rozwoju rynku o\u015bwietlenia<br \/>\n<b>20<\/b> Sterowanie o\u015bwietleniem ulicznym<br \/>\n<b>24<\/b>\u00a0S\u0142upy o\u015bwietleniowe Elektromonta\u017c Rzesz\u00f3w S.A.<br \/>\n<b>28<\/b> Oprawy o\u015bwietleniowe\u00a0w wykonaniu przeciwwybuchowym<\/span><\/p>\n<p>&nbsp;<\/p>\n<h4><\/h4>\n","protected":false},"excerpt":{"rendered":"<p>\u00a0AKTUALNO\u015aCI 14\u00a0Indeks koniunktury ELEKTROSYSTEM\u00d3W Dystrybucja ci\u0105gnie\u00a0bran\u017c\u0119 mocno w d\u00f3\u0142 16\u00a0Gie\u0142dowy Indeks ELEKTROSYSTEM\u00d3W Du\u017ce spadki o\u015bwietlenia na gie\u0142dzie 18\u00a0Produkcja wybranych artyku\u0142\u00f3w elektrotechnicznych \u2013 VII 2016 20 NKT Cables kupi biznes kablowy od ABB 21 Rittal buduje nowoczesny zak\u0142ad za 250 mln euro 22 Eksport nap\u0119dza sprzeda\u017c Apatora 23 Fabryka Przysz\u0142o\u015bci w drodze do Przemys\u0142u 4.0 \u00a0&hellip;<\/p>\n","protected":false},"author":2,"featured_media":0,"parent":15581,"menu_order":10,"comment_status":"closed","ping_status":"closed","template":"","meta":[],"_links":{"self":[{"href":"https:\/\/elektrosystemy.pl\/index.php?rest_route=\/wp\/v2\/pages\/20176"}],"collection":[{"href":"https:\/\/elektrosystemy.pl\/index.php?rest_route=\/wp\/v2\/pages"}],"about":[{"href":"https:\/\/elektrosystemy.pl\/index.php?rest_route=\/wp\/v2\/types\/page"}],"author":[{"embeddable":true,"href":"https:\/\/elektrosystemy.pl\/index.php?rest_route=\/wp\/v2\/users\/2"}],"replies":[{"embeddable":true,"href":"https:\/\/elektrosystemy.pl\/index.php?rest_route=%2Fwp%2Fv2%2Fcomments&post=20176"}],"version-history":[{"count":1,"href":"https:\/\/elektrosystemy.pl\/index.php?rest_route=\/wp\/v2\/pages\/20176\/revisions"}],"predecessor-version":[{"id":20177,"href":"https:\/\/elektrosystemy.pl\/index.php?rest_route=\/wp\/v2\/pages\/20176\/revisions\/20177"}],"up":[{"embeddable":true,"href":"https:\/\/elektrosystemy.pl\/index.php?rest_route=\/wp\/v2\/pages\/15581"}],"wp:attachment":[{"href":"https:\/\/elektrosystemy.pl\/index.php?rest_route=%2Fwp%2Fv2%2Fmedia&parent=20176"}],"curies":[{"name":"wp","href":"https:\/\/api.w.org\/{rel}","templated":true}]}}