{"id":21940,"date":"2017-01-31T13:31:04","date_gmt":"2017-01-31T12:31:04","guid":{"rendered":"http:\/\/elektrosystemy.pl\/?page_id=21940"},"modified":"2019-04-13T21:30:59","modified_gmt":"2019-04-13T19:30:59","slug":"archiwum-2017","status":"publish","type":"page","link":"https:\/\/elektrosystemy.pl\/?page_id=21940","title":{"rendered":"Archiwum 2017"},"content":{"rendered":"<h2 style=\"text-align: center;\"><strong>GRUDZIE\u0143 2017<\/strong><\/h2>\n<p style=\"text-align: left;\"><a href=\"http:\/\/elektrosystemy.pl\/?page_id=26733\"><img loading=\"lazy\" class=\"aligncenter wp-image-26735 size-full\" src=\"http:\/\/elektrosystemy.pl\/wp-content\/uploads\/2017\/01\/31\/archiwum-2017\/Okladki_ES_12_2017.jpg\" alt=\"\" width=\"1000\" height=\"723\" srcset=\"https:\/\/elektrosystemy.pl\/wp-content\/uploads\/2017\/01\/31\/archiwum-2017\/Okladki_ES_12_2017.jpg 1000w, https:\/\/elektrosystemy.pl\/wp-content\/uploads\/2017\/01\/31\/archiwum-2017\/Okladki_ES_12_2017-600x434.jpg 600w, https:\/\/elektrosystemy.pl\/wp-content\/uploads\/2017\/01\/31\/archiwum-2017\/Okladki_ES_12_2017-300x217.jpg 300w, https:\/\/elektrosystemy.pl\/wp-content\/uploads\/2017\/01\/31\/archiwum-2017\/Okladki_ES_12_2017-768x555.jpg 768w\" sizes=\"(max-width: 1000px) 100vw, 1000px\" \/><\/a><\/p>\n<h2 style=\"text-align: center;\"><strong>LISTOPAD 2017<\/strong><\/h2>\n<p style=\"text-align: left;\"><a href=\"http:\/\/elektrosystemy.pl\/?page_id=26530\" target=\"_blank\" rel=\"noopener noreferrer\"><img loading=\"lazy\" class=\"aligncenter wp-image-26532\" src=\"http:\/\/elektrosystemy.pl\/wp-content\/uploads\/2017\/01\/31\/archiwum-2017\/Okladki_ES_11_2017.jpg\" alt=\"\" width=\"750\" height=\"542\" srcset=\"https:\/\/elektrosystemy.pl\/wp-content\/uploads\/2017\/01\/31\/archiwum-2017\/Okladki_ES_11_2017.jpg 1000w, https:\/\/elektrosystemy.pl\/wp-content\/uploads\/2017\/01\/31\/archiwum-2017\/Okladki_ES_11_2017-600x434.jpg 600w, https:\/\/elektrosystemy.pl\/wp-content\/uploads\/2017\/01\/31\/archiwum-2017\/Okladki_ES_11_2017-300x217.jpg 300w, https:\/\/elektrosystemy.pl\/wp-content\/uploads\/2017\/01\/31\/archiwum-2017\/Okladki_ES_11_2017-768x555.jpg 768w\" sizes=\"(max-width: 750px) 100vw, 750px\" \/><\/a><\/p>\n<h2 style=\"text-align: center;\"><strong>PA\u0179DZIERNIK 2017<\/strong><\/h2>\n<p style=\"text-align: left;\"><a href=\"http:\/\/elektrosystemy.pl\/?page_id=26252\" target=\"_blank\" rel=\"noopener noreferrer\"><img loading=\"lazy\" class=\"aligncenter wp-image-26254\" src=\"http:\/\/elektrosystemy.pl\/wp-content\/uploads\/2017\/11\/02\/Okladki_ES_10_2017.jpg\" alt=\"\" width=\"750\" height=\"542\" srcset=\"https:\/\/elektrosystemy.pl\/wp-content\/uploads\/2017\/11\/02\/Okladki_ES_10_2017.jpg 1000w, https:\/\/elektrosystemy.pl\/wp-content\/uploads\/2017\/11\/02\/Okladki_ES_10_2017-600x434.jpg 600w, https:\/\/elektrosystemy.pl\/wp-content\/uploads\/2017\/11\/02\/Okladki_ES_10_2017-300x217.jpg 300w, https:\/\/elektrosystemy.pl\/wp-content\/uploads\/2017\/11\/02\/Okladki_ES_10_2017-768x555.jpg 768w\" sizes=\"(max-width: 750px) 100vw, 750px\" \/><\/a><\/p>\n<h2 style=\"text-align: center;\"><strong>WRZESIE\u0143 2017<\/strong><\/h2>\n<p style=\"text-align: left;\"><a href=\"http:\/\/elektrosystemy.pl\/?page_id=25840\" target=\"_blank\" rel=\"noopener noreferrer\"><img loading=\"lazy\" class=\"aligncenter wp-image-25402\" src=\"http:\/\/elektrosystemy.pl\/wp-content\/uploads\/2016\/02\/01\/najnowsze-wydanie-luty-2015\/OkladkaES_09_2017.jpg\" alt=\"Elektrosystemy 09\/2017\" width=\"350\" height=\"496\" srcset=\"https:\/\/elektrosystemy.pl\/wp-content\/uploads\/2016\/02\/01\/najnowsze-wydanie-luty-2015\/OkladkaES_09_2017.jpg 500w, https:\/\/elektrosystemy.pl\/wp-content\/uploads\/2016\/02\/01\/najnowsze-wydanie-luty-2015\/OkladkaES_09_2017-212x300.jpg 212w\" sizes=\"(max-width: 350px) 100vw, 350px\" \/><\/a><\/p>\n<h2 style=\"text-align: center;\"><strong>SIERPIE\u0143 2017<\/strong><\/h2>\n<p style=\"text-align: left;\"><a href=\"http:\/\/elektrosystemy.pl\/?page_id=25395\" target=\"_blank\" rel=\"noopener noreferrer\"><img loading=\"lazy\" class=\"aligncenter wp-image-25398\" src=\"http:\/\/elektrosystemy.pl\/wp-content\/uploads\/2017\/01\/31\/archiwum-2017\/Okladki_ES_08_2017.jpg\" alt=\"\" width=\"750\" height=\"542\" srcset=\"https:\/\/elektrosystemy.pl\/wp-content\/uploads\/2017\/01\/31\/archiwum-2017\/Okladki_ES_08_2017.jpg 1000w, https:\/\/elektrosystemy.pl\/wp-content\/uploads\/2017\/01\/31\/archiwum-2017\/Okladki_ES_08_2017-600x434.jpg 600w, https:\/\/elektrosystemy.pl\/wp-content\/uploads\/2017\/01\/31\/archiwum-2017\/Okladki_ES_08_2017-300x217.jpg 300w, https:\/\/elektrosystemy.pl\/wp-content\/uploads\/2017\/01\/31\/archiwum-2017\/Okladki_ES_08_2017-768x555.jpg 768w\" sizes=\"(max-width: 750px) 100vw, 750px\" \/><\/a><\/p>\n<h2 style=\"text-align: center;\"><strong>LIPIEC 2017<\/strong><\/h2>\n<p style=\"text-align: left;\"><a href=\"http:\/\/elektrosystemy.pl\/?page_id=25191\" target=\"_blank\" rel=\"noopener noreferrer\"><img loading=\"lazy\" class=\"aligncenter wp-image-25193\" src=\"http:\/\/elektrosystemy.pl\/wp-content\/uploads\/2017\/07\/27\/Okladki_ES_07_2017.jpg\" alt=\"\" width=\"750\" height=\"542\" srcset=\"https:\/\/elektrosystemy.pl\/wp-content\/uploads\/2017\/07\/27\/Okladki_ES_07_2017.jpg 1000w, https:\/\/elektrosystemy.pl\/wp-content\/uploads\/2017\/07\/27\/Okladki_ES_07_2017-600x434.jpg 600w, https:\/\/elektrosystemy.pl\/wp-content\/uploads\/2017\/07\/27\/Okladki_ES_07_2017-300x217.jpg 300w, https:\/\/elektrosystemy.pl\/wp-content\/uploads\/2017\/07\/27\/Okladki_ES_07_2017-768x555.jpg 768w\" sizes=\"(max-width: 750px) 100vw, 750px\" \/><\/a><\/p>\n<h2 style=\"text-align: center;\"><strong>CZERWIEC\u00a02017<\/strong><\/h2>\n<p style=\"text-align: left;\"><a href=\"http:\/\/elektrosystemy.pl\/?page_id=24434\" target=\"_blank\" rel=\"noopener noreferrer\"><img loading=\"lazy\" class=\"aligncenter wp-image-24433\" src=\"http:\/\/elektrosystemy.pl\/wp-content\/uploads\/2017\/01\/31\/archiwum-2017\/Okladki_ES_06_2017.jpg\" alt=\"\" width=\"750\" height=\"542\" srcset=\"https:\/\/elektrosystemy.pl\/wp-content\/uploads\/2017\/01\/31\/archiwum-2017\/Okladki_ES_06_2017.jpg 1000w, https:\/\/elektrosystemy.pl\/wp-content\/uploads\/2017\/01\/31\/archiwum-2017\/Okladki_ES_06_2017-600x434.jpg 600w, https:\/\/elektrosystemy.pl\/wp-content\/uploads\/2017\/01\/31\/archiwum-2017\/Okladki_ES_06_2017-300x217.jpg 300w, https:\/\/elektrosystemy.pl\/wp-content\/uploads\/2017\/01\/31\/archiwum-2017\/Okladki_ES_06_2017-768x555.jpg 768w\" sizes=\"(max-width: 750px) 100vw, 750px\" \/><\/a><\/p>\n<h2 style=\"text-align: center;\"><strong>MAJ 2017<\/strong><\/h2>\n<p style=\"text-align: left;\"><a href=\"http:\/\/elektrosystemy.pl\/?page_id=23950\" target=\"_blank\" rel=\"noopener noreferrer\"><img loading=\"lazy\" class=\"aligncenter wp-image-23952\" src=\"http:\/\/elektrosystemy.pl\/wp-content\/uploads\/2017\/01\/31\/archiwum-2017\/Okladki_ES_05_2017.jpg\" alt=\"\" width=\"750\" height=\"542\" srcset=\"https:\/\/elektrosystemy.pl\/wp-content\/uploads\/2017\/01\/31\/archiwum-2017\/Okladki_ES_05_2017.jpg 1000w, https:\/\/elektrosystemy.pl\/wp-content\/uploads\/2017\/01\/31\/archiwum-2017\/Okladki_ES_05_2017-600x434.jpg 600w, https:\/\/elektrosystemy.pl\/wp-content\/uploads\/2017\/01\/31\/archiwum-2017\/Okladki_ES_05_2017-300x217.jpg 300w, https:\/\/elektrosystemy.pl\/wp-content\/uploads\/2017\/01\/31\/archiwum-2017\/Okladki_ES_05_2017-768x555.jpg 768w\" sizes=\"(max-width: 750px) 100vw, 750px\" \/><\/a><\/p>\n<h2 style=\"text-align: center;\"><strong>KWIECIE\u0143 2017<\/strong><\/h2>\n<p style=\"text-align: left;\"><a href=\"http:\/\/elektrosystemy.pl\/?page_id=23636\" target=\"_blank\" rel=\"noopener noreferrer\"><img loading=\"lazy\" class=\"aligncenter wp-image-23640\" src=\"http:\/\/elektrosystemy.pl\/wp-content\/uploads\/2017\/01\/31\/archiwum-2017\/Okladki_ES_04_2017.jpg\" alt=\"\" width=\"750\" height=\"542\" srcset=\"https:\/\/elektrosystemy.pl\/wp-content\/uploads\/2017\/01\/31\/archiwum-2017\/Okladki_ES_04_2017.jpg 1000w, https:\/\/elektrosystemy.pl\/wp-content\/uploads\/2017\/01\/31\/archiwum-2017\/Okladki_ES_04_2017-600x434.jpg 600w, https:\/\/elektrosystemy.pl\/wp-content\/uploads\/2017\/01\/31\/archiwum-2017\/Okladki_ES_04_2017-300x217.jpg 300w, https:\/\/elektrosystemy.pl\/wp-content\/uploads\/2017\/01\/31\/archiwum-2017\/Okladki_ES_04_2017-768x555.jpg 768w\" sizes=\"(max-width: 750px) 100vw, 750px\" \/><\/a><\/p>\n<h2 style=\"text-align: center;\"><strong>MARZEC 2017<\/strong><\/h2>\n<p style=\"text-align: left;\"><a href=\" http:\/\/elektrosystemy.pl\/?page_id=22657\" target=\"_blank\" rel=\"noopener noreferrer\"><img loading=\"lazy\" class=\"aligncenter wp-image-22395\" src=\"http:\/\/elektrosystemy.pl\/wp-content\/uploads\/2016\/02\/01\/najnowsze-wydanie-luty-2015\/OkladkaES_03_2017.jpg\" alt=\"\" width=\"375\" height=\"537\" srcset=\"https:\/\/elektrosystemy.pl\/wp-content\/uploads\/2016\/02\/01\/najnowsze-wydanie-luty-2015\/OkladkaES_03_2017.jpg 500w, https:\/\/elektrosystemy.pl\/wp-content\/uploads\/2016\/02\/01\/najnowsze-wydanie-luty-2015\/OkladkaES_03_2017-209x300.jpg 209w\" sizes=\"(max-width: 375px) 100vw, 375px\" \/><\/a><\/p>\n<h2 style=\"text-align: center;\"><strong>LUTY 2017<\/strong><\/h2>\n<p style=\"text-align: left;\"><a href=\"http:\/\/elektrosystemy.pl\/?page_id=22234\"><img loading=\"lazy\" class=\"aligncenter wp-image-22392\" src=\"http:\/\/elektrosystemy.pl\/wp-content\/uploads\/2017\/01\/31\/archiwum-2017\/Okladki_ES_02_2017.jpg\" width=\"750\" height=\"542\" srcset=\"https:\/\/elektrosystemy.pl\/wp-content\/uploads\/2017\/01\/31\/archiwum-2017\/Okladki_ES_02_2017.jpg 1000w, https:\/\/elektrosystemy.pl\/wp-content\/uploads\/2017\/01\/31\/archiwum-2017\/Okladki_ES_02_2017-600x434.jpg 600w, https:\/\/elektrosystemy.pl\/wp-content\/uploads\/2017\/01\/31\/archiwum-2017\/Okladki_ES_02_2017-300x217.jpg 300w, https:\/\/elektrosystemy.pl\/wp-content\/uploads\/2017\/01\/31\/archiwum-2017\/Okladki_ES_02_2017-768x555.jpg 768w\" sizes=\"(max-width: 750px) 100vw, 750px\" \/><\/a><\/p>\n<h2 style=\"text-align: center;\"><strong>STYCZE\u0143 2017<\/strong><\/h2>\n<p style=\"text-align: left;\"><a href=\"http:\/\/elektrosystemy.pl\/?page_id=21951\"><img loading=\"lazy\" class=\"aligncenter wp-image-21945\" src=\"http:\/\/elektrosystemy.pl\/wp-content\/uploads\/2017\/01\/31\/archiwum-2017\/Okladki_ES_01_2017.jpg\" width=\"750\" height=\"542\" srcset=\"https:\/\/elektrosystemy.pl\/wp-content\/uploads\/2017\/01\/31\/archiwum-2017\/Okladki_ES_01_2017.jpg 1000w, https:\/\/elektrosystemy.pl\/wp-content\/uploads\/2017\/01\/31\/archiwum-2017\/Okladki_ES_01_2017-600x434.jpg 600w, https:\/\/elektrosystemy.pl\/wp-content\/uploads\/2017\/01\/31\/archiwum-2017\/Okladki_ES_01_2017-300x217.jpg 300w, https:\/\/elektrosystemy.pl\/wp-content\/uploads\/2017\/01\/31\/archiwum-2017\/Okladki_ES_01_2017-768x555.jpg 768w\" sizes=\"(max-width: 750px) 100vw, 750px\" \/><\/a><\/p>\n","protected":false},"excerpt":{"rendered":"<p>GRUDZIE\u0143 2017 LISTOPAD 2017 PA\u0179DZIERNIK 2017 WRZESIE\u0143 2017 SIERPIE\u0143 2017 LIPIEC 2017 CZERWIEC\u00a02017 MAJ 2017 KWIECIE\u0143 2017 MARZEC 2017 LUTY 2017 STYCZE\u0143 2017&hellip;<\/p>\n","protected":false},"author":2,"featured_media":0,"parent":2251,"menu_order":2017,"comment_status":"closed","ping_status":"closed","template":"","meta":[],"_links":{"self":[{"href":"https:\/\/elektrosystemy.pl\/index.php?rest_route=\/wp\/v2\/pages\/21940"}],"collection":[{"href":"https:\/\/elektrosystemy.pl\/index.php?rest_route=\/wp\/v2\/pages"}],"about":[{"href":"https:\/\/elektrosystemy.pl\/index.php?rest_route=\/wp\/v2\/types\/page"}],"author":[{"embeddable":true,"href":"https:\/\/elektrosystemy.pl\/index.php?rest_route=\/wp\/v2\/users\/2"}],"replies":[{"embeddable":true,"href":"https:\/\/elektrosystemy.pl\/index.php?rest_route=%2Fwp%2Fv2%2Fcomments&post=21940"}],"version-history":[{"count":20,"href":"https:\/\/elektrosystemy.pl\/index.php?rest_route=\/wp\/v2\/pages\/21940\/revisions"}],"predecessor-version":[{"id":26737,"href":"https:\/\/elektrosystemy.pl\/index.php?rest_route=\/wp\/v2\/pages\/21940\/revisions\/26737"}],"up":[{"embeddable":true,"href":"https:\/\/elektrosystemy.pl\/index.php?rest_route=\/wp\/v2\/pages\/2251"}],"wp:attachment":[{"href":"https:\/\/elektrosystemy.pl\/index.php?rest_route=%2Fwp%2Fv2%2Fmedia&parent=21940"}],"curies":[{"name":"wp","href":"https:\/\/api.w.org\/{rel}","templated":true}]}}