{"id":2418,"date":"2014-03-05T16:43:42","date_gmt":"2014-03-05T15:43:42","guid":{"rendered":"http:\/\/www.wp.elektrosystemy.pl\/?page_id=2418"},"modified":"2016-03-02T15:20:56","modified_gmt":"2016-03-02T14:20:56","slug":"elektroprodukt-2013-roku-poznalismy-zwyciezcow-jedenastej-edycji-plebiscytu","status":"publish","type":"page","link":"https:\/\/elektrosystemy.pl\/?page_id=2418","title":{"rendered":"<b>ELEKTROPRODUKT 2013 ROKU: <br>zwyci\u0119zcy jedenastej edycji plebiscytu<\/b>"},"content":{"rendered":"<p style=\"text-align: left;\"><span style=\"font-size: 12pt;\"><strong>Po raz jedenasty Czytelnicy magazynu Elektrosystemy wybrali najlepsze wyroby elektrotechniczne roku.<br \/>\nTym razem w 12 kategoriach rywalizowa\u0142o 155 produkt\u00f3w.<br \/>\nDo redakcji nap\u0142yn\u0119\u0142o \u0142\u0105cznie 25 604 g\u0142os\u00f3w na 4 361 kartach konkursowych.<\/strong><\/span><\/p>\n<hr id=\"system-readmore\" \/>\n<p style=\"text-align: left;\"><span class=\"wf_caption\" style=\"display: inline-table;\"><a href=\"http:\/\/www.wp.elektrosystemy.pl\/wp-content\/uploads\/2014\/03\/05\/elektroprodukt-2013-roku-poznalismy-zwyciezcow-jedenastej-edycji-plebiscytu\/AM_Schneider.jpg\"><img loading=\"lazy\" class=\"wp-image-2421 alignleft\" src=\"http:\/\/www.wp.elektrosystemy.pl\/wp-content\/uploads\/2014\/03\/05\/elektroprodukt-2013-roku-poznalismy-zwyciezcow-jedenastej-edycji-plebiscytu\/AM_Schneider.jpg\" alt=\"AM_Schneider\" width=\"650\" height=\"234\" srcset=\"https:\/\/elektrosystemy.pl\/wp-content\/uploads\/2014\/03\/05\/elektroprodukt-2013-roku-poznalismy-zwyciezcow-jedenastej-edycji-plebiscytu\/AM_Schneider.jpg 750w, https:\/\/elektrosystemy.pl\/wp-content\/uploads\/2014\/03\/05\/elektroprodukt-2013-roku-poznalismy-zwyciezcow-jedenastej-edycji-plebiscytu\/AM_Schneider-600x216.jpg 600w, https:\/\/elektrosystemy.pl\/wp-content\/uploads\/2014\/03\/05\/elektroprodukt-2013-roku-poznalismy-zwyciezcow-jedenastej-edycji-plebiscytu\/AM_Schneider-300x108.jpg 300w\" sizes=\"(max-width: 650px) 100vw, 650px\" \/><\/a><span style=\"max-width: 650px; text-align: center; background-color: #eeeeee; display: block;\">w kategorii APARATURA MODU\u0141OWA zwyci\u0119\u017cy\u0142<br \/>\nWy\u0142\u0105cznik nadpr\u0105dowy iC60 firmy SCHNEIDER ELECTRIC<\/span><\/span><\/p>\n<p><span class=\"wf_caption\" style=\"display: inline-table;\"><a href=\"http:\/\/www.wp.elektrosystemy.pl\/wp-content\/uploads\/2014\/03\/05\/elektroprodukt-2013-roku-poznalismy-zwyciezcow-jedenastej-edycji-plebiscytu\/AU_ABB.jpg\"><img loading=\"lazy\" class=\"alignnone wp-image-2423\" src=\"http:\/\/www.wp.elektrosystemy.pl\/wp-content\/uploads\/2014\/03\/05\/elektroprodukt-2013-roku-poznalismy-zwyciezcow-jedenastej-edycji-plebiscytu\/AU_ABB.jpg\" alt=\"AU_ABB\" width=\"650\" height=\"234\" srcset=\"https:\/\/elektrosystemy.pl\/wp-content\/uploads\/2014\/03\/05\/elektroprodukt-2013-roku-poznalismy-zwyciezcow-jedenastej-edycji-plebiscytu\/AU_ABB.jpg 750w, https:\/\/elektrosystemy.pl\/wp-content\/uploads\/2014\/03\/05\/elektroprodukt-2013-roku-poznalismy-zwyciezcow-jedenastej-edycji-plebiscytu\/AU_ABB-600x216.jpg 600w, https:\/\/elektrosystemy.pl\/wp-content\/uploads\/2014\/03\/05\/elektroprodukt-2013-roku-poznalismy-zwyciezcow-jedenastej-edycji-plebiscytu\/AU_ABB-300x108.jpg 300w\" sizes=\"(max-width: 650px) 100vw, 650px\" \/><\/a><span style=\"max-width: 650px; text-align: center; background-color: #eeeeee; display: block;\">w kategorii AUTOMATYKA zwyci\u0119\u017cy\u0142y Styczniki typu AF firmy ABB<\/span><\/span><\/p>\n<p><span class=\"wf_caption\" style=\"display: inline-table;\"><a href=\"http:\/\/www.wp.elektrosystemy.pl\/wp-content\/uploads\/2014\/03\/05\/elektroprodukt-2013-roku-poznalismy-zwyciezcow-jedenastej-edycji-plebiscytu\/IB_EATON.jpg\"><img loading=\"lazy\" class=\"alignnone wp-image-2424\" src=\"http:\/\/www.wp.elektrosystemy.pl\/wp-content\/uploads\/2014\/03\/05\/elektroprodukt-2013-roku-poznalismy-zwyciezcow-jedenastej-edycji-plebiscytu\/IB_EATON.jpg\" alt=\"IB_EATON\" width=\"650\" height=\"234\" srcset=\"https:\/\/elektrosystemy.pl\/wp-content\/uploads\/2014\/03\/05\/elektroprodukt-2013-roku-poznalismy-zwyciezcow-jedenastej-edycji-plebiscytu\/IB_EATON.jpg 750w, https:\/\/elektrosystemy.pl\/wp-content\/uploads\/2014\/03\/05\/elektroprodukt-2013-roku-poznalismy-zwyciezcow-jedenastej-edycji-plebiscytu\/IB_EATON-600x216.jpg 600w, https:\/\/elektrosystemy.pl\/wp-content\/uploads\/2014\/03\/05\/elektroprodukt-2013-roku-poznalismy-zwyciezcow-jedenastej-edycji-plebiscytu\/IB_EATON-300x108.jpg 300w\" sizes=\"(max-width: 650px) 100vw, 650px\" \/><\/a><span style=\"max-width: 650px; text-align: center; background-color: #eeeeee; display: block;\">w kategorii INTELIGENTNY BUDYNEK zwyci\u0119\u017cy\u0142<br \/>\nSmart Home Controller firmy EATON ELECTRIC<\/span><\/span><\/p>\n<p><span class=\"wf_caption\" style=\"display: inline-table;\"><a href=\"http:\/\/www.wp.elektrosystemy.pl\/wp-content\/uploads\/2014\/03\/05\/elektroprodukt-2013-roku-poznalismy-zwyciezcow-jedenastej-edycji-plebiscytu\/KP_NKT.jpg\"><img loading=\"lazy\" class=\"alignnone wp-image-2425\" src=\"http:\/\/www.wp.elektrosystemy.pl\/wp-content\/uploads\/2014\/03\/05\/elektroprodukt-2013-roku-poznalismy-zwyciezcow-jedenastej-edycji-plebiscytu\/KP_NKT.jpg\" alt=\"KP_NKT\" width=\"650\" height=\"234\" srcset=\"https:\/\/elektrosystemy.pl\/wp-content\/uploads\/2014\/03\/05\/elektroprodukt-2013-roku-poznalismy-zwyciezcow-jedenastej-edycji-plebiscytu\/KP_NKT.jpg 750w, https:\/\/elektrosystemy.pl\/wp-content\/uploads\/2014\/03\/05\/elektroprodukt-2013-roku-poznalismy-zwyciezcow-jedenastej-edycji-plebiscytu\/KP_NKT-600x216.jpg 600w, https:\/\/elektrosystemy.pl\/wp-content\/uploads\/2014\/03\/05\/elektroprodukt-2013-roku-poznalismy-zwyciezcow-jedenastej-edycji-plebiscytu\/KP_NKT-300x108.jpg 300w\" sizes=\"(max-width: 650px) 100vw, 650px\" \/><\/a><span style=\"max-width: 650px; text-align: center; background-color: #eeeeee; display: block;\">w kategorii KABLE I PRZEWODY zwyci\u0119\u017cy\u0142y<br \/>\nPrzewody nkt instal Plus YDYp z identyfikacj\u0105 kolorystyczn\u0105<br \/>\nfirmy NKT CABLES<\/span><\/span><\/p>\n<p><span class=\"wf_caption\" style=\"display: inline-table;\"><a href=\"http:\/\/www.wp.elektrosystemy.pl\/wp-content\/uploads\/2014\/03\/05\/elektroprodukt-2013-roku-poznalismy-zwyciezcow-jedenastej-edycji-plebiscytu\/MR_Eltron.jpg\"><img loading=\"lazy\" class=\"alignnone wp-image-2426\" src=\"http:\/\/www.wp.elektrosystemy.pl\/wp-content\/uploads\/2014\/03\/05\/elektroprodukt-2013-roku-poznalismy-zwyciezcow-jedenastej-edycji-plebiscytu\/MR_Eltron.jpg\" alt=\"MR_Eltron\" width=\"650\" height=\"234\" srcset=\"https:\/\/elektrosystemy.pl\/wp-content\/uploads\/2014\/03\/05\/elektroprodukt-2013-roku-poznalismy-zwyciezcow-jedenastej-edycji-plebiscytu\/MR_Eltron.jpg 750w, https:\/\/elektrosystemy.pl\/wp-content\/uploads\/2014\/03\/05\/elektroprodukt-2013-roku-poznalismy-zwyciezcow-jedenastej-edycji-plebiscytu\/MR_Eltron-600x216.jpg 600w, https:\/\/elektrosystemy.pl\/wp-content\/uploads\/2014\/03\/05\/elektroprodukt-2013-roku-poznalismy-zwyciezcow-jedenastej-edycji-plebiscytu\/MR_Eltron-300x108.jpg 300w\" sizes=\"(max-width: 650px) 100vw, 650px\" \/><\/a><span style=\"max-width: 650px; text-align: center; background-color: #eeeeee; display: block;\">w kategorii MIERNICTWO zwyci\u0119\u017cy\u0142<br \/>\nTermometr graficzny Fluke FLK-VT02 firmy ELTRON<\/span><\/span><\/p>\n<p><span class=\"wf_caption\" style=\"display: inline-table;\"><a href=\"http:\/\/www.wp.elektrosystemy.pl\/wp-content\/uploads\/2014\/03\/05\/elektroprodukt-2013-roku-poznalismy-zwyciezcow-jedenastej-edycji-plebiscytu\/NS_CES.jpg\"><img loading=\"lazy\" class=\"alignnone wp-image-2427\" src=\"http:\/\/www.wp.elektrosystemy.pl\/wp-content\/uploads\/2014\/03\/05\/elektroprodukt-2013-roku-poznalismy-zwyciezcow-jedenastej-edycji-plebiscytu\/NS_CES.jpg\" alt=\"NS_CES\" width=\"650\" height=\"234\" srcset=\"https:\/\/elektrosystemy.pl\/wp-content\/uploads\/2014\/03\/05\/elektroprodukt-2013-roku-poznalismy-zwyciezcow-jedenastej-edycji-plebiscytu\/NS_CES.jpg 750w, https:\/\/elektrosystemy.pl\/wp-content\/uploads\/2014\/03\/05\/elektroprodukt-2013-roku-poznalismy-zwyciezcow-jedenastej-edycji-plebiscytu\/NS_CES-600x216.jpg 600w, https:\/\/elektrosystemy.pl\/wp-content\/uploads\/2014\/03\/05\/elektroprodukt-2013-roku-poznalismy-zwyciezcow-jedenastej-edycji-plebiscytu\/NS_CES-300x108.jpg 300w\" sizes=\"(max-width: 650px) 100vw, 650px\" \/><\/a><span style=\"max-width: 650px; text-align: center; background-color: #eeeeee; display: block;\">w kategorii NAP\u0118DY I STEROWANIE zwyci\u0119\u017cy\u0142<br \/>\nFalownik ADV 200 WA firmy CENTRUM ELEKTRONIKI STOSOWANEJ CES<\/span><\/span><\/p>\n<p style=\"text-align: justify;\">\u00a0<span class=\"wf_caption\" style=\"display: inline-table;\"><a href=\"http:\/\/www.wp.elektrosystemy.pl\/wp-content\/uploads\/2014\/03\/05\/elektroprodukt-2013-roku-poznalismy-zwyciezcow-jedenastej-edycji-plebiscytu\/OI_Rittal.jpg\"><img loading=\"lazy\" class=\"alignnone wp-image-2428\" src=\"http:\/\/www.wp.elektrosystemy.pl\/wp-content\/uploads\/2014\/03\/05\/elektroprodukt-2013-roku-poznalismy-zwyciezcow-jedenastej-edycji-plebiscytu\/OI_Rittal.jpg\" alt=\"OI_Rittal\" width=\"650\" height=\"234\" srcset=\"https:\/\/elektrosystemy.pl\/wp-content\/uploads\/2014\/03\/05\/elektroprodukt-2013-roku-poznalismy-zwyciezcow-jedenastej-edycji-plebiscytu\/OI_Rittal.jpg 750w, https:\/\/elektrosystemy.pl\/wp-content\/uploads\/2014\/03\/05\/elektroprodukt-2013-roku-poznalismy-zwyciezcow-jedenastej-edycji-plebiscytu\/OI_Rittal-600x216.jpg 600w, https:\/\/elektrosystemy.pl\/wp-content\/uploads\/2014\/03\/05\/elektroprodukt-2013-roku-poznalismy-zwyciezcow-jedenastej-edycji-plebiscytu\/OI_Rittal-300x108.jpg 300w\" sizes=\"(max-width: 650px) 100vw, 650px\" \/><\/a><span style=\"max-width: 650px; text-align: center; background-color: #eeeeee; display: block;\">w kategorii OSPRZ\u0118T INSTALACYJNY zwyci\u0119\u017cy\u0142<br \/>\nSystem ch\u0142odzenia LCP dla przemys\u0142u firmy RITTAL<\/span><\/span><\/p>\n<p style=\"text-align: justify;\">\u00a0<span class=\"wf_caption\" style=\"display: inline-table;\"><a href=\"http:\/\/www.wp.elektrosystemy.pl\/wp-content\/uploads\/2014\/03\/05\/elektroprodukt-2013-roku-poznalismy-zwyciezcow-jedenastej-edycji-plebiscytu\/OP_Weidmull.jpg\"><img loading=\"lazy\" class=\"alignnone wp-image-2429\" src=\"http:\/\/www.wp.elektrosystemy.pl\/wp-content\/uploads\/2014\/03\/05\/elektroprodukt-2013-roku-poznalismy-zwyciezcow-jedenastej-edycji-plebiscytu\/OP_Weidmull.jpg\" alt=\"OP_Weidmull\" width=\"650\" height=\"234\" srcset=\"https:\/\/elektrosystemy.pl\/wp-content\/uploads\/2014\/03\/05\/elektroprodukt-2013-roku-poznalismy-zwyciezcow-jedenastej-edycji-plebiscytu\/OP_Weidmull.jpg 750w, https:\/\/elektrosystemy.pl\/wp-content\/uploads\/2014\/03\/05\/elektroprodukt-2013-roku-poznalismy-zwyciezcow-jedenastej-edycji-plebiscytu\/OP_Weidmull-600x216.jpg 600w, https:\/\/elektrosystemy.pl\/wp-content\/uploads\/2014\/03\/05\/elektroprodukt-2013-roku-poznalismy-zwyciezcow-jedenastej-edycji-plebiscytu\/OP_Weidmull-300x108.jpg 300w\" sizes=\"(max-width: 650px) 100vw, 650px\" \/><\/a><span style=\"max-width: 650px; text-align: center; background-color: #eeeeee; display: block;\">w kategorii OCHRONA PRZECIWPRZEPI\u0118CIOWA I ODGROMOWA zwyci\u0119\u017cy\u0142y<br \/>\nOgraniczniki przepi\u0119\u0107 VPU firmy WEIDM\u00dcLLER<\/span><\/span><\/p>\n<p style=\"text-align: justify;\"><span class=\"wf_caption\" style=\"display: inline-table;\"><em><a href=\"http:\/\/www.wp.elektrosystemy.pl\/wp-content\/uploads\/2014\/03\/05\/elektroprodukt-2013-roku-poznalismy-zwyciezcow-jedenastej-edycji-plebiscytu\/RE_Siemens.jpg\"><img loading=\"lazy\" class=\"alignnone wp-image-2430\" src=\"http:\/\/www.wp.elektrosystemy.pl\/wp-content\/uploads\/2014\/03\/05\/elektroprodukt-2013-roku-poznalismy-zwyciezcow-jedenastej-edycji-plebiscytu\/RE_Siemens.jpg\" alt=\"RE_Siemens\" width=\"650\" height=\"234\" srcset=\"https:\/\/elektrosystemy.pl\/wp-content\/uploads\/2014\/03\/05\/elektroprodukt-2013-roku-poznalismy-zwyciezcow-jedenastej-edycji-plebiscytu\/RE_Siemens.jpg 750w, https:\/\/elektrosystemy.pl\/wp-content\/uploads\/2014\/03\/05\/elektroprodukt-2013-roku-poznalismy-zwyciezcow-jedenastej-edycji-plebiscytu\/RE_Siemens-600x216.jpg 600w, https:\/\/elektrosystemy.pl\/wp-content\/uploads\/2014\/03\/05\/elektroprodukt-2013-roku-poznalismy-zwyciezcow-jedenastej-edycji-plebiscytu\/RE_Siemens-300x108.jpg 300w\" sizes=\"(max-width: 650px) 100vw, 650px\" \/><\/a><\/em><\/span><br \/>\n<span style=\"max-width: 650px; text-align: center; background-color: #eeeeee; display: block;\">w kategorii ROZDZIA\u0141 ENERGII zwyci\u0119\u017cy\u0142y<br \/>\nRoz\u0142\u0105czniki awaryjne Sentron 3LD firmy SIEMENS<\/span><\/p>\n<p style=\"text-align: justify;\"><span class=\"wf_caption\" style=\"display: inline-table;\"><em><a href=\"http:\/\/www.wp.elektrosystemy.pl\/wp-content\/uploads\/2014\/03\/05\/elektroprodukt-2013-roku-poznalismy-zwyciezcow-jedenastej-edycji-plebiscytu\/SO_Relpol.jpg\"><img loading=\"lazy\" class=\"alignnone wp-image-2431\" src=\"http:\/\/www.wp.elektrosystemy.pl\/wp-content\/uploads\/2014\/03\/05\/elektroprodukt-2013-roku-poznalismy-zwyciezcow-jedenastej-edycji-plebiscytu\/SO_Relpol.jpg\" alt=\"SO_Relpol\" width=\"650\" height=\"234\" srcset=\"https:\/\/elektrosystemy.pl\/wp-content\/uploads\/2014\/03\/05\/elektroprodukt-2013-roku-poznalismy-zwyciezcow-jedenastej-edycji-plebiscytu\/SO_Relpol.jpg 750w, https:\/\/elektrosystemy.pl\/wp-content\/uploads\/2014\/03\/05\/elektroprodukt-2013-roku-poznalismy-zwyciezcow-jedenastej-edycji-plebiscytu\/SO_Relpol-600x216.jpg 600w, https:\/\/elektrosystemy.pl\/wp-content\/uploads\/2014\/03\/05\/elektroprodukt-2013-roku-poznalismy-zwyciezcow-jedenastej-edycji-plebiscytu\/SO_Relpol-300x108.jpg 300w\" sizes=\"(max-width: 650px) 100vw, 650px\" \/><\/a><\/em><\/span><br \/>\n<span style=\"max-width: 650px; text-align: center; background-color: #eeeeee; display: block;\">w kategorii SYSTEMY OCHRONY zwyci\u0119\u017cy\u0142<br \/>\nSystem stacjonarnych monitor\u00f3w SMP firmy RELPOL<\/span><\/p>\n<p style=\"text-align: justify;\"><span class=\"wf_caption\" style=\"display: inline-table;\"><em><a href=\"http:\/\/www.wp.elektrosystemy.pl\/wp-content\/uploads\/2014\/03\/05\/elektroprodukt-2013-roku-poznalismy-zwyciezcow-jedenastej-edycji-plebiscytu\/TS_Kanlux.jpg\"><img loading=\"lazy\" class=\"alignnone wp-image-2432\" src=\"http:\/\/www.wp.elektrosystemy.pl\/wp-content\/uploads\/2014\/03\/05\/elektroprodukt-2013-roku-poznalismy-zwyciezcow-jedenastej-edycji-plebiscytu\/TS_Kanlux.jpg\" alt=\"TS_Kanlux\" width=\"650\" height=\"234\" srcset=\"https:\/\/elektrosystemy.pl\/wp-content\/uploads\/2014\/03\/05\/elektroprodukt-2013-roku-poznalismy-zwyciezcow-jedenastej-edycji-plebiscytu\/TS_Kanlux.jpg 750w, https:\/\/elektrosystemy.pl\/wp-content\/uploads\/2014\/03\/05\/elektroprodukt-2013-roku-poznalismy-zwyciezcow-jedenastej-edycji-plebiscytu\/TS_Kanlux-600x216.jpg 600w, https:\/\/elektrosystemy.pl\/wp-content\/uploads\/2014\/03\/05\/elektroprodukt-2013-roku-poznalismy-zwyciezcow-jedenastej-edycji-plebiscytu\/TS_Kanlux-300x108.jpg 300w\" sizes=\"(max-width: 650px) 100vw, 650px\" \/><\/a><\/em><\/span><br \/>\n<span style=\"max-width: 650px; text-align: center; background-color: #eeeeee; display: block;\">w kategorii TECHNIKA \u015aWIETLNA zwyci\u0119\u017cy\u0142a<br \/>\nOprawa Sonic LED SMD firmy KANLUX<\/span><\/p>\n<p style=\"text-align: justify;\"><span class=\"wf_caption\" style=\"display: inline-table;\"><em><a href=\"http:\/\/www.wp.elektrosystemy.pl\/wp-content\/uploads\/2014\/03\/05\/elektroprodukt-2013-roku-poznalismy-zwyciezcow-jedenastej-edycji-plebiscytu\/ZS_Phoenix.jpg\"><img loading=\"lazy\" class=\"alignnone wp-image-2433\" src=\"http:\/\/www.wp.elektrosystemy.pl\/wp-content\/uploads\/2014\/03\/05\/elektroprodukt-2013-roku-poznalismy-zwyciezcow-jedenastej-edycji-plebiscytu\/ZS_Phoenix.jpg\" alt=\"ZS_Phoenix\" width=\"650\" height=\"234\" srcset=\"https:\/\/elektrosystemy.pl\/wp-content\/uploads\/2014\/03\/05\/elektroprodukt-2013-roku-poznalismy-zwyciezcow-jedenastej-edycji-plebiscytu\/ZS_Phoenix.jpg 750w, https:\/\/elektrosystemy.pl\/wp-content\/uploads\/2014\/03\/05\/elektroprodukt-2013-roku-poznalismy-zwyciezcow-jedenastej-edycji-plebiscytu\/ZS_Phoenix-600x216.jpg 600w, https:\/\/elektrosystemy.pl\/wp-content\/uploads\/2014\/03\/05\/elektroprodukt-2013-roku-poznalismy-zwyciezcow-jedenastej-edycji-plebiscytu\/ZS_Phoenix-300x108.jpg 300w\" sizes=\"(max-width: 650px) 100vw, 650px\" \/><\/a><\/em><\/span><br \/>\n<span style=\"max-width: 650px; text-align: center; background-color: #eeeeee; display: block;\">w kategorii ZASILANIE zwyci\u0119\u017cy\u0142y<br \/>\nZasilacze Uno Power firmy PHOENIX CONTACT<\/span><\/p>\n<p style=\"text-align: justify;\"><span style=\"font-size: 8pt;\"><em>Marzec 2014<\/em><\/span><\/p>\n","protected":false},"excerpt":{"rendered":"<p>Po raz jedenasty Czytelnicy magazynu Elektrosystemy wybrali najlepsze wyroby elektrotechniczne roku. Tym razem w 12 kategoriach rywalizowa\u0142o 155 produkt\u00f3w. Do redakcji nap\u0142yn\u0119\u0142o \u0142\u0105cznie 25 604 g\u0142os\u00f3w na 4 361 kartach konkursowych. w kategorii APARATURA MODU\u0141OWA zwyci\u0119\u017cy\u0142 Wy\u0142\u0105cznik nadpr\u0105dowy iC60 firmy SCHNEIDER ELECTRIC w kategorii AUTOMATYKA zwyci\u0119\u017cy\u0142y Styczniki typu AF firmy ABB w kategorii INTELIGENTNY BUDYNEK&hellip;<\/p>\n","protected":false},"author":2,"featured_media":2448,"parent":0,"menu_order":0,"comment_status":"closed","ping_status":"open","template":"","meta":[],"_links":{"self":[{"href":"https:\/\/elektrosystemy.pl\/index.php?rest_route=\/wp\/v2\/pages\/2418"}],"collection":[{"href":"https:\/\/elektrosystemy.pl\/index.php?rest_route=\/wp\/v2\/pages"}],"about":[{"href":"https:\/\/elektrosystemy.pl\/index.php?rest_route=\/wp\/v2\/types\/page"}],"author":[{"embeddable":true,"href":"https:\/\/elektrosystemy.pl\/index.php?rest_route=\/wp\/v2\/users\/2"}],"replies":[{"embeddable":true,"href":"https:\/\/elektrosystemy.pl\/index.php?rest_route=%2Fwp%2Fv2%2Fcomments&post=2418"}],"version-history":[{"count":26,"href":"https:\/\/elektrosystemy.pl\/index.php?rest_route=\/wp\/v2\/pages\/2418\/revisions"}],"predecessor-version":[{"id":5136,"href":"https:\/\/elektrosystemy.pl\/index.php?rest_route=\/wp\/v2\/pages\/2418\/revisions\/5136"}],"wp:featuredmedia":[{"embeddable":true,"href":"https:\/\/elektrosystemy.pl\/index.php?rest_route=\/wp\/v2\/media\/2448"}],"wp:attachment":[{"href":"https:\/\/elektrosystemy.pl\/index.php?rest_route=%2Fwp%2Fv2%2Fmedia&parent=2418"}],"curies":[{"name":"wp","href":"https:\/\/api.w.org\/{rel}","templated":true}]}}