{"id":24434,"date":"2017-06-30T15:45:31","date_gmt":"2017-06-30T13:45:31","guid":{"rendered":"http:\/\/elektrosystemy.pl\/?page_id=24434"},"modified":"2019-04-13T20:22:22","modified_gmt":"2019-04-13T18:22:22","slug":"czerwiec-2017","status":"publish","type":"page","link":"https:\/\/elektrosystemy.pl\/?page_id=24434","title":{"rendered":"CZERWIEC 2017"},"content":{"rendered":"<p><span style=\"font-size: 12pt;\"><a href=\"http:\/\/elektrosystemy.pl\/wp-content\/uploads\/2016\/02\/01\/najnowsze-wydanie-luty-2015\/ES_06_2017_spis.jpg\"><img loading=\"lazy\" class=\"aligncenter wp-image-23982\" src=\"http:\/\/elektrosystemy.pl\/wp-content\/uploads\/2016\/02\/01\/najnowsze-wydanie-luty-2015\/ES_06_2017_spis.jpg\" alt=\"\" width=\"750\" height=\"541\" srcset=\"https:\/\/elektrosystemy.pl\/wp-content\/uploads\/2016\/02\/01\/najnowsze-wydanie-luty-2015\/ES_06_2017_spis.jpg 1024w, https:\/\/elektrosystemy.pl\/wp-content\/uploads\/2016\/02\/01\/najnowsze-wydanie-luty-2015\/ES_06_2017_spis-600x433.jpg 600w, https:\/\/elektrosystemy.pl\/wp-content\/uploads\/2016\/02\/01\/najnowsze-wydanie-luty-2015\/ES_06_2017_spis-300x217.jpg 300w, https:\/\/elektrosystemy.pl\/wp-content\/uploads\/2016\/02\/01\/najnowsze-wydanie-luty-2015\/ES_06_2017_spis-768x554.jpg 768w\" sizes=\"(max-width: 750px) 100vw, 750px\" \/><\/a><\/span><\/p>\n<p><span style=\"font-size: 12pt;\"><a href=\"http:\/\/elektrosystemy.pl\/wp-content\/uploads\/2016\/02\/01\/najnowsze-wydanie-luty-2015\/OkladkaES_06_2017.jpg\"><img loading=\"lazy\" class=\"alignleft wp-image-23985 size-medium\" src=\"http:\/\/elektrosystemy.pl\/wp-content\/uploads\/2016\/02\/01\/najnowsze-wydanie-luty-2015\/OkladkaES_06_2017-207x300.jpg\" alt=\"\" width=\"207\" height=\"300\" srcset=\"https:\/\/elektrosystemy.pl\/wp-content\/uploads\/2016\/02\/01\/najnowsze-wydanie-luty-2015\/OkladkaES_06_2017-207x300.jpg 207w, https:\/\/elektrosystemy.pl\/wp-content\/uploads\/2016\/02\/01\/najnowsze-wydanie-luty-2015\/OkladkaES_06_2017.jpg 500w\" sizes=\"(max-width: 207px) 100vw, 207px\" \/><\/a><\/span><\/p>\n<p>&nbsp;<\/p>\n<p><span style=\"color: #ffffff; background-color: #ff0000;\"><strong><span style=\"font-size: 12pt;\">\u00a0AKTUALNO\u015aCI<\/span> <\/strong><\/span><br \/>\n<span style=\"font-size: 12pt;\"><b>10<\/b>\u00a0<strong>Indeks koniunktury ELEKTROSYSTEM\u00d3W<\/strong><\/span><br \/>\n<span style=\"font-size: 12pt;\">Bran\u017ca w kwietniu ze sporymi spadkami<\/span><br \/>\n<span style=\"font-size: 12pt;\"> <b>12<\/b>\u00a0<strong>Gie\u0142dowy Indeks ELEKTROSYSTEM\u00d3W<\/strong><\/span><br \/>\n<span style=\"font-size: 12pt;\">Elektroinstalacje ci\u0105gn\u0105 bran\u017c\u0119 w d\u00f3\u0142<\/span><br \/>\n<span style=\"font-size: 12pt;\"><strong>14<\/strong> Produkcja wybranych artyku\u0142\u00f3w elektrotechnicznych \u2013 III 2017<\/span><br \/>\n<span style=\"font-size: 12pt;\"><strong>15<\/strong> GE przejmuje LM Wind Power i umacnia pozycj\u0119 w Polsce<\/span><br \/>\n<span style=\"font-size: 12pt;\"><strong>16<\/strong> PSE maj\u0105 nowy pomys\u0142 na inwestycje<\/span><br \/>\n<span style=\"font-size: 12pt;\"><strong>17<\/strong> Grodno przejmuje kolejn\u0105 hurtowni\u0119<\/span><br \/>\n<span style=\"font-size: 12pt;\"><strong>18<\/strong> ZPUE podwoi wydatki inwestycyjne \u00a0<\/span><br \/>\n<span style=\"font-size: 12pt;\"><strong>19<\/strong> Chorwaci przejmuj\u0105 polskiego producenta transformator\u00f3w\u00a0<\/span><br \/>\n<span style=\"font-size: 12pt;\"><strong>19<\/strong> IEO: moc instalacji PV w 2016 r. wynios\u0142a 199 MW<\/span><br \/>\n<span style=\"font-size: 12pt;\"><strong>20<\/strong>\u00a0TIM-owi rosn\u0105 obroty i bezpiecze\u0144stwo sprzeda\u017cy\u00a0<\/span><br \/>\n<span style=\"font-size: 12pt;\"><strong>20<\/strong> Bran\u017ca energetyczna spotka si\u0119 w Lublinie<\/span><br \/>\n<span style=\"font-size: 12pt;\"><strong>21<\/strong> HCP i Ursus wyprodukuj\u0105 samoch\u00f3d elektryczny<\/span><br \/>\n<span style=\"font-size: 12pt;\"><strong>21<\/strong> MHPS otwiera biuro w Warszawie<br \/>\n<strong>22<\/strong> Ekobox otrzyma\u0142 dofinansowanie z UE<br \/>\n<strong>22<\/strong> Rittal nawi\u0105zuje wsp\u00f3\u0142prac\u0119 z HPE<br \/>\n<strong>23<\/strong> Liczniki i eksport nap\u0119dzaj\u0105 wyniki Apatora<br \/>\n<\/span><span style=\"font-size: 12pt;\"><strong>23<\/strong> ABC Data dystrybutorem Toshiba Lighting w CEE<br \/>\n<strong>24<\/strong> 20-22 wrze\u015bnia w Lipsku odb\u0119d\u0105 si\u0119 XV targi efa<br \/>\n<strong>24<\/strong> SEP Oddzia\u0142 Gda\u0144sk zaprasza na GDE 2017<\/span><span style=\"font-size: 12pt;\"><br \/>\n<\/span><\/p>\n<p><span style=\"font-size: 12pt;\"><strong style=\"font-size: 12pt;\"><span style=\"color: #ffffff; background-color: #caa082;\"><span style=\"color: #ffffff; background-color: #3cafd6;\">\u00a0AUTOMATYKA\u00a0<\/span><br \/>\n<\/span><\/strong><b>26<\/b> Nowo\u015bci Phoenix Contact na Hannover Messe 2017<br \/>\n<b>30<\/b> Inteligentne okablowanie maszyn i system\u00f3w \u2013 raport firmy Eaton<strong><br \/>\n<\/strong><\/span><\/p>\n<p><span style=\"font-size: 12pt;\"><strong><span style=\"color: #ffffff; background-color: #caa082;\"><span style=\"color: #ffffff; background-color: #c74a46;\">\u00a0KABLE I PRZEWODY\u00a0<\/span><br \/>\n<\/span><\/strong><b>32<\/b> Nowo\u015bci Lapp Kabel na targach Hannover Messe<br \/>\n<b>34<\/b> Przed\u0142u\u017cacze kablowe Nexans do 110 kV do zastosowa\u0144 tymczasowych<strong><br \/>\n<\/strong><\/span><\/p>\n<p><span style=\"font-size: 12pt;\"><strong><span style=\"color: #ffffff; background-color: #caa082;\"><span style=\"color: #ffffff; background-color: #cc6a2d;\">\u00a0MIERNICTWO\u00a0<\/span><br \/>\n<\/span><\/strong><b>36<\/b> Nowe kamery termowizyjne Flir<br \/>\n<b>38<\/b> System zarz\u0105dzania energi\u0105 Sentron Powermanager<strong><br \/>\n<\/strong><\/span><\/p>\n<p><span style=\"font-size: 12pt;\"><strong><span style=\"color: #ffffff; background-color: #caa082;\"><span style=\"color: #ffffff; background-color: #fdd800;\">\u00a0TECHNIKA \u015aWIETLNA<br \/>\n<\/span><\/span><\/strong><b>42<\/b>\u00a0Rozwi\u0105zania Lena Lighting w klinice Halluxmed<strong><br \/>\n<\/strong><\/span><\/p>\n<p><span style=\"font-size: 12pt;\"><strong><span style=\"color: #ffffff; background-color: #caa082;\"><span style=\"color: #ffffff; background-color: #b191af;\">\u00a0PRZETARGI I INWESTYCJE\u00a0<\/span><br \/>\n<\/span><\/strong><b>44<\/b>\u00a0Wykaz aktualnych ofert promocyjnych<br \/>\n<b>45<\/b>\u00a0Planowane inwestycje<\/span><br \/>\n<span style=\"font-size: 12pt;\"><b>50<\/b>\u00a0Przetargi w bran\u017cy elektrotechnicznej i energetycznej<strong><br \/>\n<\/strong><\/span><\/p>\n<p><span style=\"font-size: 12pt;\"><strong><span style=\"color: #ffffff; background-color: #caa082;\"><span style=\"color: #ffffff; background-color: #d2232a;\">\u00a0WYDARZENIA\u00a0<\/span><br \/>\n<\/span><\/strong><b>69<\/b>\u00a0Relacje z targ\u00f3w, wydarze\u0144, spotka\u0144 bran\u017cowych<\/span><\/p>\n<h4><span style=\"font-size: 12pt;\"><strong>Dodatek:\u00a0&#8220;HURTOWNIE ELEKTROTECHNICZNE&#8221;<\/strong><\/span><\/h4>\n<p><span style=\"font-size: 12pt;\"><a href=\"http:\/\/elektrosystemy.pl\/wp-content\/uploads\/2017\/06\/01\/Okladka_FE_06_2017.jpg\"><img loading=\"lazy\" class=\"alignleft wp-image-23983 size-medium\" src=\"http:\/\/elektrosystemy.pl\/wp-content\/uploads\/2017\/06\/01\/Okladka_FE_06_2017-200x300.jpg\" alt=\"\" width=\"200\" height=\"300\" srcset=\"https:\/\/elektrosystemy.pl\/wp-content\/uploads\/2017\/06\/01\/Okladka_FE_06_2017-200x300.jpg 200w, https:\/\/elektrosystemy.pl\/wp-content\/uploads\/2017\/06\/01\/Okladka_FE_06_2017.jpg 500w\" sizes=\"(max-width: 200px) 100vw, 200px\" \/><\/a><strong style=\"font-size: 12pt;\">4<\/strong> Rynek powr\u00f3ci\u00a0na \u015bcie\u017ck\u0119 wzrostu<\/span><br \/>\n<span style=\"font-size: 12pt;\"><b>20 <\/b>Fina\u0142 X edycji konkursu Elektryzuj\u0105ca Pasja<\/span><\/p>\n","protected":false},"excerpt":{"rendered":"<p>&nbsp; \u00a0AKTUALNO\u015aCI 10\u00a0Indeks koniunktury ELEKTROSYSTEM\u00d3W Bran\u017ca w kwietniu ze sporymi spadkami 12\u00a0Gie\u0142dowy Indeks ELEKTROSYSTEM\u00d3W Elektroinstalacje ci\u0105gn\u0105 bran\u017c\u0119 w d\u00f3\u0142 14 Produkcja wybranych artyku\u0142\u00f3w elektrotechnicznych \u2013 III 2017 15 GE przejmuje LM Wind Power i umacnia pozycj\u0119 w Polsce 16 PSE maj\u0105 nowy pomys\u0142 na inwestycje 17 Grodno przejmuje kolejn\u0105 hurtowni\u0119 18 ZPUE podwoi wydatki inwestycyjne&hellip;<\/p>\n","protected":false},"author":2,"featured_media":0,"parent":21940,"menu_order":6,"comment_status":"closed","ping_status":"closed","template":"","meta":[],"_links":{"self":[{"href":"https:\/\/elektrosystemy.pl\/index.php?rest_route=\/wp\/v2\/pages\/24434"}],"collection":[{"href":"https:\/\/elektrosystemy.pl\/index.php?rest_route=\/wp\/v2\/pages"}],"about":[{"href":"https:\/\/elektrosystemy.pl\/index.php?rest_route=\/wp\/v2\/types\/page"}],"author":[{"embeddable":true,"href":"https:\/\/elektrosystemy.pl\/index.php?rest_route=\/wp\/v2\/users\/2"}],"replies":[{"embeddable":true,"href":"https:\/\/elektrosystemy.pl\/index.php?rest_route=%2Fwp%2Fv2%2Fcomments&post=24434"}],"version-history":[{"count":1,"href":"https:\/\/elektrosystemy.pl\/index.php?rest_route=\/wp\/v2\/pages\/24434\/revisions"}],"predecessor-version":[{"id":24435,"href":"https:\/\/elektrosystemy.pl\/index.php?rest_route=\/wp\/v2\/pages\/24434\/revisions\/24435"}],"up":[{"embeddable":true,"href":"https:\/\/elektrosystemy.pl\/index.php?rest_route=\/wp\/v2\/pages\/21940"}],"wp:attachment":[{"href":"https:\/\/elektrosystemy.pl\/index.php?rest_route=%2Fwp%2Fv2%2Fmedia&parent=24434"}],"curies":[{"name":"wp","href":"https:\/\/api.w.org\/{rel}","templated":true}]}}