{"id":27308,"date":"2018-03-16T13:16:43","date_gmt":"2018-03-16T12:16:43","guid":{"rendered":"http:\/\/elektrosystemy.pl\/?page_id=27308"},"modified":"2019-04-13T20:24:20","modified_gmt":"2019-04-13T18:24:20","slug":"luty-2018","status":"publish","type":"page","link":"https:\/\/elektrosystemy.pl\/?page_id=27308","title":{"rendered":"Luty 2018"},"content":{"rendered":"<p>&nbsp;<\/p>\n<p><span style=\"font-size: 12pt;\"><a href=\"http:\/\/elektrosystemy.pl\/wp-content\/uploads\/2016\/02\/01\/najnowsze-wydanie-luty-2015\/ES_02_2018_spis.jpg\"><img loading=\"lazy\" class=\"aligncenter wp-image-27027 size-full\" src=\"http:\/\/elektrosystemy.pl\/wp-content\/uploads\/2016\/02\/01\/najnowsze-wydanie-luty-2015\/ES_02_2018_spis.jpg\" alt=\"\" width=\"1024\" height=\"739\" srcset=\"https:\/\/elektrosystemy.pl\/wp-content\/uploads\/2016\/02\/01\/najnowsze-wydanie-luty-2015\/ES_02_2018_spis.jpg 1024w, https:\/\/elektrosystemy.pl\/wp-content\/uploads\/2016\/02\/01\/najnowsze-wydanie-luty-2015\/ES_02_2018_spis-600x433.jpg 600w, https:\/\/elektrosystemy.pl\/wp-content\/uploads\/2016\/02\/01\/najnowsze-wydanie-luty-2015\/ES_02_2018_spis-300x217.jpg 300w, https:\/\/elektrosystemy.pl\/wp-content\/uploads\/2016\/02\/01\/najnowsze-wydanie-luty-2015\/ES_02_2018_spis-768x554.jpg 768w\" sizes=\"(max-width: 1024px) 100vw, 1024px\" \/><\/a><\/span><\/p>\n<p><span style=\"font-size: 12pt;\"><a href=\"http:\/\/elektrosystemy.pl\/wp-content\/uploads\/2016\/02\/01\/najnowsze-wydanie-luty-2015\/OkladkaES_02_2018.jpg\"><img loading=\"lazy\" class=\"alignleft wp-image-27028 size-medium\" src=\"http:\/\/elektrosystemy.pl\/wp-content\/uploads\/2016\/02\/01\/najnowsze-wydanie-luty-2015\/OkladkaES_02_2018-208x300.jpg\" alt=\"\" width=\"208\" height=\"300\" srcset=\"https:\/\/elektrosystemy.pl\/wp-content\/uploads\/2016\/02\/01\/najnowsze-wydanie-luty-2015\/OkladkaES_02_2018-208x300.jpg 208w, https:\/\/elektrosystemy.pl\/wp-content\/uploads\/2016\/02\/01\/najnowsze-wydanie-luty-2015\/OkladkaES_02_2018.jpg 500w\" sizes=\"(max-width: 208px) 100vw, 208px\" \/><\/a><\/span><span style=\"color: #ffffff; background-color: #ff0000; font-size: 12pt;\"><strong> AKTUALNO\u015aCI<br \/>\n<\/strong><\/span><span style=\"font-size: 12pt;\"><b>10<\/b> <strong>Indeks koniunktury ELEKTROSYSTEM\u00d3W<\/strong> Dynamiczny wzrost wyhamowa\u0142 w grudniu <\/span><br \/>\n<span style=\"font-size: 12pt;\"> <b>12<\/b> <strong>Gie\u0142dowy Indeks ELEKTROSYSTEM\u00d3W<\/strong><\/span><br \/>\n<span style=\"font-size: 12pt;\"> Gie\u0142dowy indeks bran\u017cy w ko\u0144cu zanotowa\u0142 wzrost<br \/>\n<strong>14<\/strong> Produkcja wybranych artyku\u0142\u00f3w elektrotechnicznych \u2013 XI 2017<br \/>\n<strong>15<\/strong> Prysmian za 3 mld USD przejmuje General Cable <\/span><br \/>\n<span style=\"font-size: 12pt;\"> <strong>16<\/strong> 2,2 mld z\u0142 na elektryczne autobusy dla polskich miast<\/span><br \/>\n<span style=\"font-size: 12pt;\"> <strong>18<\/strong> Skanska b\u0119dzie montowa\u0107 perowskitowe panele Saule<\/span><br \/>\n<span style=\"font-size: 12pt;\"> <strong>19<\/strong> Polacy niech\u0119tnie montuj\u0105 detektory dymu i czadu <\/span><br \/>\n<span style=\"font-size: 12pt;\"> <strong>20<\/strong> Luxon LED wyr\u00f3\u017cniony w rankingu Deloitte <\/span><br \/>\n<span style=\"font-size: 12pt;\"> <strong>20<\/strong> PSE otrzyma\u0142y 381 mln z\u0142 wsparcia na dwie inwestycje <\/span><br \/>\n<span style=\"font-size: 12pt;\"> <strong>21<\/strong> Kolejne laboratorium EduNet w Polsce otwarte <\/span><br \/>\n<span style=\"font-size: 12pt;\"> <strong>21<\/strong> ZPUE upraszcza grup\u0119 kapita\u0142ow\u0105<\/span><br \/>\n<span style=\"font-size: 12pt;\"> <strong>22<\/strong> Powsta\u0142 Klaster Inteligentnego O\u015bwietlenia <\/span><br \/>\n<span style=\"font-size: 12pt;\"> <strong>22<\/strong> Dassault Syst\u00e8mes wspiera cyfrowy marketing Toyoty<\/span><br \/>\n<span style=\"font-size: 12pt;\"> <strong>23<\/strong> Helukabel USA buduje now\u0105 central\u0119<\/span><br \/>\n<span style=\"font-size: 12pt;\"> <b>23<\/b> ABB chce sprzeda\u0107 biznes z\u0142\u0105czy listwowych<\/span><br \/>\n<span style=\"font-size: 12pt;\"> <strong>24<\/strong> Energa zacie\u015bnia wsp\u00f3\u0142prac\u0119 z ElectroMobility Poland<br \/>\n<strong>24<\/strong> Olsztyn najlepiej o\u015bwietlon\u0105 gmin\u0105 w 2017 r.<br \/>\n<\/span><br \/>\n<span style=\"font-size: 12pt;\"> <strong><span style=\"color: #ffffff; background-color: #caa082;\"><span style=\"color: #ffffff; background-color: #3cafd6;\"> AUTOMATYKA <\/span><br \/>\n<\/span><\/strong><b>26<\/b> Bezobs\u0142ugowe chwytaki w technologii 3D firmy igus<br \/>\n<\/span><br \/>\n<span style=\"font-size: 12pt;\"> <strong><span style=\"color: #ffffff; background-color: #caa082;\"><span style=\"color: #ffffff; background-color: #c74a46;\"> KABLE I PRZEWODY <\/span><br \/>\n<\/span><\/strong><b>28<\/b> Lapp Kabel: rozwi\u0105zania dla produkcji szaf sterowniczych<br \/>\n<b>31<\/b> Okablowanie Helukabel dla pojazdu ga\u015bniczego Scania P370 4X4<br \/>\n<b>33<\/b> Oferta Lapp Kabel dla bran\u017cy kolejowej<br \/>\n<b>36<\/b> Bezpieczna instalacja elektryczna na poddaszu<br \/>\n<\/span><br \/>\n<span style=\"font-size: 12pt;\"> <strong><span style=\"color: #ffffff; background-color: #f04e63;\"> OCHRONA PRZECIWWYBUCHOWA <\/span><br \/>\n<\/strong><b>40 <\/b>Poradnik: zabezpieczenia przeciwwybuchowe w przemy\u015ble \u2013 cz\u0119\u015b\u0107 I<br \/>\n<\/span><br \/>\n<span style=\"font-size: 12pt;\"> <b><\/b><strong><span style=\"color: #ffffff; background-color: #007dc5;\"> ZASILANIE <\/span><\/strong><br \/>\n<b>44<\/b> Z\u0142\u0105cza M12 do zasilania firmy Phoenix Contact<br \/>\n<\/span><br \/>\n<span style=\"font-size: 12pt;\"> <strong><span style=\"color: #ffffff; background-color: #caa082;\"> APARATY ZABEZPIECZAJ\u0104CE <\/span><br \/>\n<\/strong><b>46<\/b> Wy\u0142\u0105czniki i roz\u0142\u0105czniki kompaktowe Noark Electric<br \/>\n<\/span><\/p>\n<p><span style=\"font-size: 12pt;\"><strong><span style=\"color: #ffffff; background-color: #caa082;\"><span style=\"color: #ffffff; background-color: #b191af;\"> PRZETARGI I INWESTYCJE <\/span><\/span><br \/>\n<\/strong><b>49<\/b> Planowane inwestycje<\/span><br \/>\n<span style=\"font-size: 12pt;\"> <b>54<\/b> Przetargi w bran\u017cy elektrotechnicznej i energetycznej<\/span><\/p>\n<p><span style=\"font-size: 12pt;\"> <strong>Dodatek: &#8220;KABLE I PRZEWODY&#8221;<\/strong><\/span><\/p>\n<p><span style=\"font-size: 12pt;\"> <a href=\"http:\/\/elektrosystemy.pl\/wp-content\/uploads\/2016\/02\/01\/najnowsze-wydanie-luty-2015\/Okladka_KiP_02_2018.jpg\"><img loading=\"lazy\" class=\"wp-image-27029 size-medium alignleft\" src=\"http:\/\/elektrosystemy.pl\/wp-content\/uploads\/2016\/02\/01\/najnowsze-wydanie-luty-2015\/Okladka_KiP_02_2018-199x300.jpg\" alt=\"\" width=\"199\" height=\"300\" srcset=\"https:\/\/elektrosystemy.pl\/wp-content\/uploads\/2016\/02\/01\/najnowsze-wydanie-luty-2015\/Okladka_KiP_02_2018-199x300.jpg 199w, https:\/\/elektrosystemy.pl\/wp-content\/uploads\/2016\/02\/01\/najnowsze-wydanie-luty-2015\/Okladka_KiP_02_2018.jpg 500w\" sizes=\"(max-width: 199px) 100vw, 199px\" \/><\/a><strong>4<\/strong> Drugie p\u00f3\u0142rocze uratowa\u0142o ca\u0142y rok<br \/>\n<b>21 <\/b>Dyrektywa CPR \u2013 nowe wymagania dla kabli i przewod\u00f3w<br \/>\n<b>24 <\/b>Przewody i kable sterownicze \u2013 przegl\u0105d oferty rynkowej<br \/>\n<b>26 <\/b>Oprzewodowanie podtrzymuj\u0105ce funkcje<br \/>\n<strong>30<\/strong> Systemy prowadzenia przewod\u00f3w i kabli<\/span><\/p>\n","protected":false},"excerpt":{"rendered":"<p>&nbsp; AKTUALNO\u015aCI 10 Indeks koniunktury ELEKTROSYSTEM\u00d3W Dynamiczny wzrost wyhamowa\u0142 w grudniu 12 Gie\u0142dowy Indeks ELEKTROSYSTEM\u00d3W Gie\u0142dowy indeks bran\u017cy w ko\u0144cu zanotowa\u0142 wzrost 14 Produkcja wybranych artyku\u0142\u00f3w elektrotechnicznych \u2013 XI 2017 15 Prysmian za 3 mld USD przejmuje General Cable 16 2,2 mld z\u0142 na elektryczne autobusy dla polskich miast 18 Skanska b\u0119dzie montowa\u0107 perowskitowe panele&hellip;<\/p>\n","protected":false},"author":2,"featured_media":0,"parent":26953,"menu_order":2,"comment_status":"closed","ping_status":"closed","template":"","meta":[],"_links":{"self":[{"href":"https:\/\/elektrosystemy.pl\/index.php?rest_route=\/wp\/v2\/pages\/27308"}],"collection":[{"href":"https:\/\/elektrosystemy.pl\/index.php?rest_route=\/wp\/v2\/pages"}],"about":[{"href":"https:\/\/elektrosystemy.pl\/index.php?rest_route=\/wp\/v2\/types\/page"}],"author":[{"embeddable":true,"href":"https:\/\/elektrosystemy.pl\/index.php?rest_route=\/wp\/v2\/users\/2"}],"replies":[{"embeddable":true,"href":"https:\/\/elektrosystemy.pl\/index.php?rest_route=%2Fwp%2Fv2%2Fcomments&post=27308"}],"version-history":[{"count":3,"href":"https:\/\/elektrosystemy.pl\/index.php?rest_route=\/wp\/v2\/pages\/27308\/revisions"}],"predecessor-version":[{"id":27312,"href":"https:\/\/elektrosystemy.pl\/index.php?rest_route=\/wp\/v2\/pages\/27308\/revisions\/27312"}],"up":[{"embeddable":true,"href":"https:\/\/elektrosystemy.pl\/index.php?rest_route=\/wp\/v2\/pages\/26953"}],"wp:attachment":[{"href":"https:\/\/elektrosystemy.pl\/index.php?rest_route=%2Fwp%2Fv2%2Fmedia&parent=27308"}],"curies":[{"name":"wp","href":"https:\/\/api.w.org\/{rel}","templated":true}]}}