{"id":27403,"date":"2018-04-03T12:56:26","date_gmt":"2018-04-03T10:56:26","guid":{"rendered":"http:\/\/elektrosystemy.pl\/?page_id=27403"},"modified":"2019-04-13T20:13:06","modified_gmt":"2019-04-13T18:13:06","slug":"najnowsze-wydanie-luty-2015-4","status":"publish","type":"page","link":"https:\/\/elektrosystemy.pl\/?page_id=27403","title":{"rendered":"MARZEC 2018"},"content":{"rendered":"<p><span style=\"font-size: 12pt;\"><a href=\"http:\/\/elektrosystemy.pl\/wp-content\/uploads\/2016\/02\/01\/najnowsze-wydanie-luty-2015\/ES_03_2018_spis.jpg\"><img loading=\"lazy\" class=\"aligncenter wp-image-27224 size-full\" src=\"http:\/\/elektrosystemy.pl\/wp-content\/uploads\/2016\/02\/01\/najnowsze-wydanie-luty-2015\/ES_03_2018_spis.jpg\" alt=\"\" width=\"1024\" height=\"739\" srcset=\"https:\/\/elektrosystemy.pl\/wp-content\/uploads\/2016\/02\/01\/najnowsze-wydanie-luty-2015\/ES_03_2018_spis.jpg 1024w, https:\/\/elektrosystemy.pl\/wp-content\/uploads\/2016\/02\/01\/najnowsze-wydanie-luty-2015\/ES_03_2018_spis-600x433.jpg 600w, https:\/\/elektrosystemy.pl\/wp-content\/uploads\/2016\/02\/01\/najnowsze-wydanie-luty-2015\/ES_03_2018_spis-300x217.jpg 300w, https:\/\/elektrosystemy.pl\/wp-content\/uploads\/2016\/02\/01\/najnowsze-wydanie-luty-2015\/ES_03_2018_spis-768x554.jpg 768w\" sizes=\"(max-width: 1024px) 100vw, 1024px\" \/><\/a><\/span><\/p>\n<p><span style=\"font-size: 12pt;\"><a href=\"http:\/\/elektrosystemy.pl\/wp-content\/uploads\/2016\/02\/01\/najnowsze-wydanie-luty-2015\/OkladkaES_03_2018.jpg\"><img loading=\"lazy\" class=\"alignleft wp-image-27225 size-medium\" src=\"http:\/\/elektrosystemy.pl\/wp-content\/uploads\/2016\/02\/01\/najnowsze-wydanie-luty-2015\/OkladkaES_03_2018-210x300.jpg\" alt=\"\" width=\"210\" height=\"300\" srcset=\"https:\/\/elektrosystemy.pl\/wp-content\/uploads\/2016\/02\/01\/najnowsze-wydanie-luty-2015\/OkladkaES_03_2018-210x300.jpg 210w, https:\/\/elektrosystemy.pl\/wp-content\/uploads\/2016\/02\/01\/najnowsze-wydanie-luty-2015\/OkladkaES_03_2018.jpg 500w\" sizes=\"(max-width: 210px) 100vw, 210px\" \/><\/a><\/span><span style=\"color: #ffffff; background-color: #ff0000; font-size: 12pt;\"><strong>\u00a0AKTUALNO\u015aCI\u00a0<\/strong><\/span><br \/>\n<span style=\"font-size: 12pt;\"> <b>12<\/b>\u00a0<strong>Indeks koniunktury ELEKTROSYSTEM\u00d3W<\/strong><\/span><br \/>\n<span style=\"font-size: 12pt;\">Pocz\u0105tek roku z niewielkim spadkiem\u00a0<\/span><br \/>\n<span style=\"font-size: 12pt;\"><b>14<\/b>\u00a0<strong>Gie\u0142dowy Indeks ELEKTROSYSTEM\u00d3W<\/strong><\/span><br \/>\nBran\u017ca na gie\u0142dzie ponownie na minusie<br \/>\n<span style=\"font-size: 12pt;\"> <strong>16<\/strong>\u00a0Produkcja wybranych artyku\u0142\u00f3w<br \/>\nelektrotechnicznych \u2013 XII 2017<\/span><br \/>\n<span style=\"font-size: 12pt;\"><strong>17<\/strong> Grodno poprawia przychody o 30%\u00a0<\/span><br \/>\n<span style=\"font-size: 12pt;\"><strong>18<\/strong> Govena wchodzi na rynek e-mobility<\/span><br \/>\n<span style=\"font-size: 12pt;\"><strong>19<\/strong>\u00a0ABB rozwija kompetencje w obszarze robotyki<\/span><br \/>\n<span style=\"font-size: 12pt;\"><strong>20<\/strong> Ruszy\u0142a 11 edycja Elektryzuj\u0105cej Pasji\u00a0\u00a0<\/span><br \/>\n<span style=\"font-size: 12pt;\"><strong>21<\/strong> Elektrobudowa w 2018 r. planuje 960 mln z\u0142 obrot\u00f3w\u00a0<\/span><br \/>\n<span style=\"font-size: 12pt;\"><strong>21<\/strong> Onninen dostarczy kable dla warszawskiego metra\u00a0<\/span><br \/>\n<span style=\"font-size: 12pt;\"><strong>22<\/strong> Philips Lighting zwi\u0119ksza udzia\u0142 LED-\u00f3w w sprzeda\u017cy\u00a0<\/span><br \/>\n<span style=\"font-size: 12pt;\"><strong>22<\/strong> ifm electronic uruchamia now\u0105 platform\u0119 zakupow\u0105<\/span><br \/>\n<span style=\"font-size: 12pt;\"><strong>23<\/strong> SHE ZPDE zaprasza na jubileuszow\u0105 Konwencj\u0119\u00a0<\/span><br \/>\n<span style=\"font-size: 12pt;\"><strong>23<\/strong> TIM zako\u0144czy\u0142 2017 rok rekordowymi obrotami<\/span><br \/>\n<span style=\"font-size: 12pt;\"><strong>24<\/strong> Janaszek Electric ma umow\u0119 za 130 mln z\u0142<\/span><br \/>\n<span style=\"font-size: 12pt;\"><b>24<\/b> PSE i izraelski IEC \u0142\u0105cz\u0105 si\u0142y w walce z cyberzagro\u017ceniami<\/span><br \/>\n<span style=\"font-size: 12pt;\"><strong>25<\/strong> Luxima ro\u015bnie skokowo dzi\u0119ki sp\u00f3\u0142ce zale\u017cnej<br \/>\n<strong>25<\/strong> Somfy uruchamia forum dla u\u017cytkownik\u00f3w<br \/>\n<strong>26<\/strong> Danfoss i SMA pomog\u0105 dystrybutorom \u017cywno\u015bci<br \/>\n<strong>26<\/strong> Prototyp polskiego e-samochodu coraz bli\u017cej<br \/>\n<\/span><\/p>\n<p><span style=\"font-size: 12pt;\"><strong><span style=\"color: #ffffff; background-color: #caa082;\"><span style=\"color: #ffffff; background-color: #3cafd6;\">\u00a0WYDARZENIA\u00a0<\/span><br \/>\n<\/span><\/strong><b>28<\/b> Relacje z targ\u00f3w, wydarze\u0144, spotka\u0144 bran\u017cowych<\/span><span style=\"font-size: 12pt;\"><strong><br \/>\n<\/strong><\/span><\/p>\n<p><span style=\"font-size: 12pt;\"><strong><span style=\"color: #ffffff; background-color: #caa082;\"><span style=\"color: #ffffff; background-color: #3cafd6;\">\u00a0AUTOMATYKA\u00a0<\/span><br \/>\n<\/span><\/strong><b>32<\/b> Rynek automatyki na fali wznosz\u0105cej<br \/>\n<b>35<\/b> Polski przemys\u0142 potrzebuje robot\u00f3w<br \/>\n<b>42<\/b> 14-funkcyjny przeka\u017anik czasowy RPC-1MC-UNI firmy Relpol<br \/>\n<b>44<\/b> Roboty wsp\u00f3\u0142pracuj\u0105ce Universal Robots w ofercie Elmark Automatyka<br \/>\n<b>47<\/b> Obs\u0142uga modu\u0142\u00f3w bezpiecze\u0144stwa funkcjonalnego w w\u0119z\u0142ach RSTi-EP<\/span><span style=\"font-size: 12pt;\"><strong><br \/>\n<\/strong><\/span><\/p>\n<p><span style=\"font-size: 12pt;\"><strong><span style=\"color: #ffffff; background-color: #caa082;\"><span style=\"color: #ffffff; background-color: #3cafd6;\">\u00a0OSPRZ\u0118T INSTALACYJNY\u00a0<\/span><br \/>\n<\/span><\/strong><b>50<\/b> Puszki Industrial firmy Elektro-Plast Nasielsk<br \/>\n<b>52<\/b> Systemy oznacze\u0144 Marking System firmy Phoenix Contact<\/span><span style=\"font-size: 12pt;\"><strong><br \/>\n<\/strong><\/span><\/p>\n<p><span style=\"font-size: 12pt;\"><strong><span style=\"color: #ffffff; background-color: #caa082;\"><span style=\"color: #ffffff; background-color: #c74a46;\">\u00a0KABLE I PRZEWODY\u00a0<\/span><br \/>\n<\/span><\/strong><b>56<\/b> Rozwi\u0105zania Lapp Kabel w konstrukcji \u017cyrandola multimedialnego<br \/>\n<b>58<\/b> Kable do przekszta\u0142tnik\u00f3w cz\u0119stotliwo\u015bci<br \/>\n<b>62<\/b> Standardowe i konfigurowane przewody konfekcjonowane firmy Weidm\u00fcller<br \/>\n<\/span><\/p>\n<p><span style=\"font-size: 12pt;\"><strong><span style=\"color: #ffffff; background-color: #f04e63;\"> APARATURA \u0141\u0104CZENIOWA\u00a0<\/span><br \/>\n<\/strong><b>66 <\/b>Modu\u0142owe roz\u0142\u0105czniki izolacyjne firmy Noark Electric<\/span><\/p>\n<p><strong><span style=\"color: #ffffff; background-color: #caa082;\">\u00a0APARATY ZABEZPIECZAJ\u0104CE\u00a0<\/span><\/strong><br \/>\n<span style=\"font-size: 12pt;\"><b>69<\/b> Uniwersalne zabezpieczenie \u201ewszystko w jednym\u201d AFDD+ firmy Eaton<\/span><span style=\"font-size: 12pt;\"><br \/>\n<\/span><\/p>\n<p><strong><span style=\"color: #ffffff; background-color: #caa082;\">\u00a0MIERNICTWO\u00a0<\/span><\/strong><br \/>\n<span style=\"font-size: 12pt;\"><b>72<\/b> Mierniki termowizyjne firmy Flir<br \/>\n<b>74<\/b> System zarz\u0105dzania energi\u0105 EMS CX3 firmy Legrand <\/span><span style=\"font-size: 12pt;\"><br \/>\n<\/span><\/p>\n<p><span style=\"font-size: 12pt;\"><strong><span style=\"color: #ffffff; background-color: #f04e63;\">\u00a0OCHRONA PRZECIWWYBUCHOWA\u00a0<\/span><br \/>\n<\/strong><b>78 <\/b>Poradnik: zabezpieczenia przeciwwybuchowe w przemy\u015ble \u2013 cz\u0119\u015b\u0107 II<\/span><\/p>\n<p><span style=\"font-size: 12pt;\"><strong><span style=\"color: #ffffff; background-color: #caa082;\"><span style=\"color: #ffffff; background-color: #b191af;\">\u00a0PRZETARGI I INWESTYCJE <\/span><\/span><br \/>\n<\/strong><b>83<\/b>\u00a0Planowane inwestycje<\/span><br \/>\n<span style=\"font-size: 12pt;\"><b>86<\/b>\u00a0Przetargi w bran\u017cy elektrotechnicznej i energetycznej<\/span><\/p>\n<p>&nbsp;<\/p>\n","protected":false},"excerpt":{"rendered":"<p>\u00a0AKTUALNO\u015aCI\u00a0 12\u00a0Indeks koniunktury ELEKTROSYSTEM\u00d3W Pocz\u0105tek roku z niewielkim spadkiem\u00a0 14\u00a0Gie\u0142dowy Indeks ELEKTROSYSTEM\u00d3W Bran\u017ca na gie\u0142dzie ponownie na minusie 16\u00a0Produkcja wybranych artyku\u0142\u00f3w elektrotechnicznych \u2013 XII 2017 17 Grodno poprawia przychody o 30%\u00a0 18 Govena wchodzi na rynek e-mobility 19\u00a0ABB rozwija kompetencje w obszarze robotyki 20 Ruszy\u0142a 11 edycja Elektryzuj\u0105cej Pasji\u00a0\u00a0 21 Elektrobudowa w 2018 r. planuje&hellip;<\/p>\n","protected":false},"author":2,"featured_media":0,"parent":26953,"menu_order":3,"comment_status":"closed","ping_status":"closed","template":"","meta":[],"_links":{"self":[{"href":"https:\/\/elektrosystemy.pl\/index.php?rest_route=\/wp\/v2\/pages\/27403"}],"collection":[{"href":"https:\/\/elektrosystemy.pl\/index.php?rest_route=\/wp\/v2\/pages"}],"about":[{"href":"https:\/\/elektrosystemy.pl\/index.php?rest_route=\/wp\/v2\/types\/page"}],"author":[{"embeddable":true,"href":"https:\/\/elektrosystemy.pl\/index.php?rest_route=\/wp\/v2\/users\/2"}],"replies":[{"embeddable":true,"href":"https:\/\/elektrosystemy.pl\/index.php?rest_route=%2Fwp%2Fv2%2Fcomments&post=27403"}],"version-history":[{"count":2,"href":"https:\/\/elektrosystemy.pl\/index.php?rest_route=\/wp\/v2\/pages\/27403\/revisions"}],"predecessor-version":[{"id":28170,"href":"https:\/\/elektrosystemy.pl\/index.php?rest_route=\/wp\/v2\/pages\/27403\/revisions\/28170"}],"up":[{"embeddable":true,"href":"https:\/\/elektrosystemy.pl\/index.php?rest_route=\/wp\/v2\/pages\/26953"}],"wp:attachment":[{"href":"https:\/\/elektrosystemy.pl\/index.php?rest_route=%2Fwp%2Fv2%2Fmedia&parent=27403"}],"curies":[{"name":"wp","href":"https:\/\/api.w.org\/{rel}","templated":true}]}}