{"id":28466,"date":"2018-08-27T16:20:13","date_gmt":"2018-08-27T14:20:13","guid":{"rendered":"http:\/\/elektrosystemy.pl\/?page_id=28466"},"modified":"2019-04-13T20:24:07","modified_gmt":"2019-04-13T18:24:07","slug":"najnowsze-wydanie-luty-2015-8","status":"publish","type":"page","link":"https:\/\/elektrosystemy.pl\/?page_id=28466","title":{"rendered":"LIPIEC \/ SIERPIE\u0143 2018"},"content":{"rendered":"<p><span style=\"font-size: 12pt;\"><a href=\"http:\/\/elektrosystemy.pl\/wp-content\/uploads\/2016\/02\/01\/najnowsze-wydanie-luty-2015\/ES_07_08_2018_spis.jpg\"><img loading=\"lazy\" class=\"alignleft wp-image-28166 size-full\" src=\"http:\/\/elektrosystemy.pl\/wp-content\/uploads\/2016\/02\/01\/najnowsze-wydanie-luty-2015\/ES_07_08_2018_spis.jpg\" alt=\"\" width=\"1024\" height=\"739\" srcset=\"https:\/\/elektrosystemy.pl\/wp-content\/uploads\/2016\/02\/01\/najnowsze-wydanie-luty-2015\/ES_07_08_2018_spis.jpg 1024w, https:\/\/elektrosystemy.pl\/wp-content\/uploads\/2016\/02\/01\/najnowsze-wydanie-luty-2015\/ES_07_08_2018_spis-600x433.jpg 600w, https:\/\/elektrosystemy.pl\/wp-content\/uploads\/2016\/02\/01\/najnowsze-wydanie-luty-2015\/ES_07_08_2018_spis-300x217.jpg 300w, https:\/\/elektrosystemy.pl\/wp-content\/uploads\/2016\/02\/01\/najnowsze-wydanie-luty-2015\/ES_07_08_2018_spis-768x554.jpg 768w\" sizes=\"(max-width: 1024px) 100vw, 1024px\" \/><\/a><\/span><\/p>\n<p><span style=\"font-size: 12pt;\"><a href=\"http:\/\/elektrosystemy.pl\/wp-content\/uploads\/2016\/02\/01\/najnowsze-wydanie-luty-2015\/OkladkaES_07_08_2018.jpg\"><img loading=\"lazy\" class=\"alignleft wp-image-28167 size-medium\" src=\"http:\/\/elektrosystemy.pl\/wp-content\/uploads\/2016\/02\/01\/najnowsze-wydanie-luty-2015\/OkladkaES_07_08_2018-207x300.jpg\" alt=\"\" width=\"207\" height=\"300\" srcset=\"https:\/\/elektrosystemy.pl\/wp-content\/uploads\/2016\/02\/01\/najnowsze-wydanie-luty-2015\/OkladkaES_07_08_2018-207x300.jpg 207w, https:\/\/elektrosystemy.pl\/wp-content\/uploads\/2016\/02\/01\/najnowsze-wydanie-luty-2015\/OkladkaES_07_08_2018.jpg 500w\" sizes=\"(max-width: 207px) 100vw, 207px\" \/><\/a><\/span><span style=\"color: #ffffff; background-color: #ff0000; font-size: 12pt;\"><strong>\u00a0AKTUALNO\u015aCI<br \/>\n<\/strong><\/span><span style=\"font-size: 12pt;\"><b>10<\/b>\u00a0<strong>Indeks koniunktury ELEKTROSYSTEM\u00d3W<\/strong><\/span><br \/>\n<span style=\"font-size: 12pt;\">Bran\u017ca wci\u0105\u017c ro\u015bnie ale dynamika spada\u00a0<\/span><br \/>\n<span style=\"font-size: 12pt;\"><b>12<\/b>\u00a0<strong>Gie\u0142dowy Indeks ELEKTROSYSTEM\u00d3W<\/strong><\/span><br \/>\n<span style=\"font-size: 12pt;\">Producenci nie zapobiegli spadkom na gie\u0142dzien<\/span><br \/>\n<span style=\"font-size: 12pt;\"> <strong>14<\/strong>\u00a0Produkcja wybranych artyku\u0142\u00f3w elektrotechnicznych \u2013 V 2018<\/span><br \/>\n<span style=\"font-size: 12pt;\"><strong>15<\/strong> Spectra Lighting buduje nowy zak\u0142ad<br \/>\n<strong>16<\/strong> Gie\u0142dowe sp\u00f3\u0142ki poprawiaj\u0105 wyniki<br \/>\n<strong>18<\/strong> Innowacyjne sp\u00f3\u0142ki id\u0105 po kapita\u0142 na gie\u0142d\u0119<br \/>\n<strong>21<\/strong>\u00a0Grodno przejmuje Elektromag Lighting<br \/>\n<strong>22<\/strong>\u00a0EFL: leasing elektryk\u00f3w dro\u017cszy ni\u017c aut spalinowych<br \/>\n<strong>23<\/strong>\u00a0Elektryczny autobus od Rafako coraz bli\u017cej<br \/>\n<strong>23<\/strong>\u00a0Sprzeda\u017c TIM-u wzros\u0142a o 19%<br \/>\n<strong>24<\/strong>\u00a0PGE zamierza\u00a0przej\u0105\u0107 Polenergi\u0119<br \/>\n<strong>24<\/strong>\u00a0ZPUE zako\u0144czy\u0142o 2018 rok na minusie<br \/>\n<strong>25<\/strong>\u00a0LED-owe lampy o\u015bwietl\u0105 ulice Malborka<br \/>\n<strong>25<\/strong>\u00a0Elektrotim liczy na popraw\u0119 wynik\u00f3w<br \/>\n<strong>26<\/strong>\u00a0W\u0142osi zbuduj\u0105 Port Czystej Energii<br \/>\n<strong>26<\/strong>\u00a0Orlen planuje budow\u0119 150 stacji \u0142adowania e-aut<br \/>\n<\/span><\/p>\n<p><span style=\"font-size: 12pt;\"><strong><span style=\"color: #ffffff; background-color: #caa082;\"><span style=\"color: #ffffff; background-color: #d2232a;\">\u00a0WYDARZENIA\u00a0<\/span><br \/>\n<\/span><\/strong><b>28<\/b>\u00a0Relacje z targ\u00f3w, wydarze\u0144, spotka\u0144 bran\u017cowych<strong><br \/>\n<\/strong><\/span><\/p>\n<p><span style=\"font-size: 12pt;\"><strong><span style=\"color: #ffffff; background-color: #caa082;\"><span style=\"color: #ffffff; background-color: #3cafd6;\">\u00a0ENERGETYKA\u00a0<\/span><br \/>\n<\/span><\/strong><strong>32<\/strong> Rozwi\u0105zania smart grids grupy Apator<\/span><\/p>\n<p><strong><span style=\"color: #ffffff; background-color: #caa082;\"><span style=\"color: #ffffff; background-color: #c74a46;\">\u00a0KABLE I PRZEWODY <\/span><br \/>\n<\/span><\/strong><span style=\"font-size: 12pt;\"><b>36<\/b> Zintegrowany b\u0119ben kablowy Qaddy firmy NKT<br \/>\n<b>38<\/b> Kable i przewody przemys\u0142owe firmy Helukabel<br \/>\n<b>41<\/b> Z\u0142\u0105cza Lapp w liniach produkcji makaronu<br \/>\n<b>44<\/b> Kable BiTsound\u00a0produkcji ZK Bitner do obs\u0142ugi widowisk<br \/>\n<\/span><\/p>\n<p><span style=\"font-size: 12pt;\"><strong><span style=\"color: #ffffff; background-color: #cc6a2d;\">\u00a0MIERNICTWO\u00a0<\/span><\/strong><\/span><br \/>\n<span style=\"font-size: 12pt;\"><strong>49<\/strong> Aplikacja mobilna Flir InSite<br \/>\n<\/span><span style=\"font-size: 12pt;\"><strong>50<\/strong> Liczniki energii elektrycznej Simlic z certyfikatem MID<br \/>\n<strong>52<\/strong> Kamera termowizyjna\u00a0IRC-110-EUR firmy Beha-Amprobe<br \/>\n<\/span><\/p>\n<p><b><\/b><b><\/b><span style=\"font-size: 12pt;\"><strong><span style=\"color: #ffffff; background-color: #00a2a4;\"><span style=\"color: #ffffff; background-color: #00a2a4;\">\u00a0OSPRZ\u0118T INSTALACYJNY\u00a0<\/span><br \/>\n<\/span><\/strong><\/span><span style=\"font-size: 12pt;\"><strong>54 <\/strong>Aquant \u2013 seria natynkowych hermetycznych gniazd i wy\u0142\u0105cznik\u00f3w IP55 i IP65<strong><br \/>\n56<\/strong> Obudowy metalowe KDB-M w ofercie marki Ideal\u00ad\u00ad TS\u00a0<strong><br \/>\n59\u00a0<\/strong>Berg \u2013 nowa seria osprz\u0119tu natynkowego<strong><br \/>\n<\/strong><\/span><\/p>\n<p><span style=\"font-size: 12pt;\"><strong><span style=\"color: #ffffff; background-color: #ea802c;\"> APARATURA \u0141\u0104CZENIOWA\u00a0<\/span><br \/>\n<\/strong><b>60\u00a0<\/b>\u0141\u0105czniki kra\u0144cowe\u00a0typu AP1V\u2026J02\u00a0firmy Pok\u00f3j<br \/>\n<b>64\u00a0<\/b>Obrotowe roz\u0142\u0105czniki izolacyjne 70 RT HP firmy Gewiss<br \/>\n<\/span><\/p>\n<p><strong><span style=\"color: #ffffff; background-color: #caa082;\"><span style=\"color: #ffffff; background-color: #fad500;\">\u00a0TECHNIKA \u015aWIETLNA <\/span><br \/>\n<\/span><\/strong><span style=\"font-size: 12pt;\"><b>66<\/b>\u00a0Lampa systemowa LED IT firmy Rittal\u00a0<\/span><\/p>\n<p><span style=\"font-size: 12pt;\"><strong style=\"font-size: 12pt;\"><span style=\"color: #ffffff; background-color: #f47a63;\">\u00a0OCHRONA PRZECIWPRZEPI\u0118CIOWA I ODGROMOWA<br \/>\n<\/span><\/strong><b style=\"font-size: 12pt;\">68<\/b>\u00a0Ochrona przeciwprzepi\u0119ciowa firmy Noark Electric<\/span><\/p>\n<p><strong><span style=\"color: #ffffff; background-color: #caa082;\"><span style=\"color: #ffffff; background-color: #007dc5;\">\u00a0ZASILANIE\u00a0<\/span><br \/>\n<\/span><\/strong><span style=\"font-size: 12pt;\"><b>71<\/b>\u00a0Bezpieczne zasilanie urz\u0105dze\u0144 w rozdzielnicy \u2013 system Klippon Connect<\/span><\/p>\n<p><strong><span style=\"color: #ffffff; background-color: #caa082;\"><span style=\"color: #ffffff; background-color: #b191af;\">\u00a0PRZETARGI I INWESTYCJE<br \/>\n<\/span><\/span><\/strong><b><\/b><span style=\"font-size: 12pt;\"><b>74<\/b>\u00a0Planowane inwestycje<\/span><br \/>\n<span style=\"font-size: 12pt;\"><b>78<\/b>\u00a0Przetargi w bran\u017cy elektrotechnicznej i energetycznej<\/span><\/p>\n<p><span style=\"font-size: 12pt;\"> <strong>Dodatek: &#8220;KABLE I PRZEWODY&#8221;<\/strong><\/span><\/p>\n<p><span style=\"font-size: 12pt;\"> <a href=\"http:\/\/elektrosystemy.pl\/wp-content\/uploads\/2016\/02\/01\/najnowsze-wydanie-luty-2015\/Okladka_dod_KiP_07_08_2018.jpg\"><img loading=\"lazy\" class=\"alignleft wp-image-28168 size-medium\" src=\"http:\/\/elektrosystemy.pl\/wp-content\/uploads\/2016\/02\/01\/najnowsze-wydanie-luty-2015\/Okladka_dod_KiP_07_08_2018-199x300.jpg\" alt=\"\" width=\"199\" height=\"300\" srcset=\"https:\/\/elektrosystemy.pl\/wp-content\/uploads\/2016\/02\/01\/najnowsze-wydanie-luty-2015\/Okladka_dod_KiP_07_08_2018-199x300.jpg 199w, https:\/\/elektrosystemy.pl\/wp-content\/uploads\/2016\/02\/01\/najnowsze-wydanie-luty-2015\/Okladka_dod_KiP_07_08_2018.jpg 500w\" sizes=\"(max-width: 199px) 100vw, 199px\" \/><\/a><strong>4<\/strong> Wysoki popyt na kable\u00a0i przewody utrzyma si\u0119<br \/>\n<b>26\u00a0<\/b>Przewody i kable elektroenergetyczne<br \/>\ndo 1 kV<br \/>\n<b>28 <\/b>Przewody elektroenergetyczne \u2013 oferta rynkowa<br \/>\n<\/span><span style=\"font-size: 12pt;\"><b>32\u00a0<\/b>Kable elektroenergetyczne o napi\u0119ciu do 1 kV \u2013 oferta rynkowa<br \/>\n<\/span><span style=\"font-size: 12pt;\"><b>32\u00a0<\/b>Kable elektroenergetyczne o napi\u0119ciu do 1 kV \u2013 oferta rynkowa<br \/>\n<\/span><\/p>\n<p>&nbsp;<\/p>\n<p><span style=\"font-size: 12pt;\">\u00a0<\/span><\/p>\n<p><span style=\"font-size: 12pt;\"> <strong>Dodatek: &#8220;OSPRZ\u0118T ELEKTROINSTALACYJNY&#8221;<\/strong><\/span><\/p>\n<p><span style=\"font-size: 12pt;\"> <a href=\"http:\/\/elektrosystemy.pl\/wp-content\/uploads\/2016\/02\/01\/najnowsze-wydanie-luty-2015\/Okladka_OSPRZET_07_08_2018.jpg\"><img loading=\"lazy\" class=\"alignleft wp-image-28169 size-medium\" src=\"http:\/\/elektrosystemy.pl\/wp-content\/uploads\/2016\/02\/01\/najnowsze-wydanie-luty-2015\/Okladka_OSPRZET_07_08_2018-200x300.jpg\" alt=\"\" width=\"200\" height=\"300\" srcset=\"https:\/\/elektrosystemy.pl\/wp-content\/uploads\/2016\/02\/01\/najnowsze-wydanie-luty-2015\/Okladka_OSPRZET_07_08_2018-200x300.jpg 200w, https:\/\/elektrosystemy.pl\/wp-content\/uploads\/2016\/02\/01\/najnowsze-wydanie-luty-2015\/Okladka_OSPRZET_07_08_2018.jpg 500w\" sizes=\"(max-width: 200px) 100vw, 200px\" \/><\/a><strong>4<\/strong> Rynek osprz\u0119tu wci\u0105\u017c ma si\u0119 dobrze<br \/>\n<b>12\u00a0<\/b>Puszki elektroinstalacyjne<br \/>\n<b>14 <\/b>Puszki elektroinstalacyjne \u2013 oferta rynkowa<br \/>\n<b>18 <\/b>Gniazda i wtyki si\u0142owe (CEE)<br \/>\n<\/span><\/p>\n","protected":false},"excerpt":{"rendered":"<p>\u00a0AKTUALNO\u015aCI 10\u00a0Indeks koniunktury ELEKTROSYSTEM\u00d3W Bran\u017ca wci\u0105\u017c ro\u015bnie ale dynamika spada\u00a0 12\u00a0Gie\u0142dowy Indeks ELEKTROSYSTEM\u00d3W Producenci nie zapobiegli spadkom na gie\u0142dzien 14\u00a0Produkcja wybranych artyku\u0142\u00f3w elektrotechnicznych \u2013 V 2018 15 Spectra Lighting buduje nowy zak\u0142ad 16 Gie\u0142dowe sp\u00f3\u0142ki poprawiaj\u0105 wyniki 18 Innowacyjne sp\u00f3\u0142ki id\u0105 po kapita\u0142 na gie\u0142d\u0119 21\u00a0Grodno przejmuje Elektromag Lighting 22\u00a0EFL: leasing elektryk\u00f3w dro\u017cszy ni\u017c aut&hellip;<\/p>\n","protected":false},"author":2,"featured_media":0,"parent":26953,"menu_order":7,"comment_status":"closed","ping_status":"closed","template":"","meta":[],"_links":{"self":[{"href":"https:\/\/elektrosystemy.pl\/index.php?rest_route=\/wp\/v2\/pages\/28466"}],"collection":[{"href":"https:\/\/elektrosystemy.pl\/index.php?rest_route=\/wp\/v2\/pages"}],"about":[{"href":"https:\/\/elektrosystemy.pl\/index.php?rest_route=\/wp\/v2\/types\/page"}],"author":[{"embeddable":true,"href":"https:\/\/elektrosystemy.pl\/index.php?rest_route=\/wp\/v2\/users\/2"}],"replies":[{"embeddable":true,"href":"https:\/\/elektrosystemy.pl\/index.php?rest_route=%2Fwp%2Fv2%2Fcomments&post=28466"}],"version-history":[{"count":1,"href":"https:\/\/elektrosystemy.pl\/index.php?rest_route=\/wp\/v2\/pages\/28466\/revisions"}],"predecessor-version":[{"id":28467,"href":"https:\/\/elektrosystemy.pl\/index.php?rest_route=\/wp\/v2\/pages\/28466\/revisions\/28467"}],"up":[{"embeddable":true,"href":"https:\/\/elektrosystemy.pl\/index.php?rest_route=\/wp\/v2\/pages\/26953"}],"wp:attachment":[{"href":"https:\/\/elektrosystemy.pl\/index.php?rest_route=%2Fwp%2Fv2%2Fmedia&parent=28466"}],"curies":[{"name":"wp","href":"https:\/\/api.w.org\/{rel}","templated":true}]}}

LIPIEC / SIERPIEŃ 2018

<p><span style="font-size: 12pt;"><a href="http://elektrosystemy.pl/wp-content/uploads/2016/02/01/najnowsze-wydanie-luty-2015/ES_07_08_2018_spis.jpg"><img loading="lazy" class="alignleft wp-image-28166 size-full" src="http://elektrosystemy.pl/wp-content/uploads/2016/02/01/najnowsze-wydanie-luty-2015/ES_07_08_2018_spis.jpg" alt="" width="1024" height="739" srcset="https://elektrosystemy.pl/wp-content/uploads/2016/02/01/najnowsze-wydanie-luty-2015/ES_07_08_2018_spis.jpg 1024w, https://elektrosystemy.pl/wp-content/uploads/2016/02/01/najnowsze-wydanie-luty-2015/ES_07_08_2018_spis-600x433.jpg 600w, https://elektrosystemy.pl/wp-content/uploads/2016/02/01/najnowsze-wydanie-luty-2015/ES_07_08_2018_spis-300x217.jpg 300w, https://elektrosystemy.pl/wp-content/uploads/2016/02/01/najnowsze-wydanie-luty-2015/ES_07_08_2018_spis-768x554.jpg 768w" sizes="(max-width: 1024px) 100vw, 1024px" /></a></span></p>
<p><span style="font-size: 12pt;"><a href="http://elektrosystemy.pl/wp-content/uploads/2016/02/01/najnowsze-wydanie-luty-2015/OkladkaES_07_08_2018.jpg"><img loading="lazy" class="alignleft wp-image-28167 size-medium" src="http://elektrosystemy.pl/wp-content/uploads/2016/02/01/najnowsze-wydanie-luty-2015/OkladkaES_07_08_2018-207x300.jpg" alt="" width="207" height="300" srcset="https://elektrosystemy.pl/wp-content/uploads/2016/02/01/najnowsze-wydanie-luty-2015/OkladkaES_07_08_2018-207x300.jpg 207w, https://elektrosystemy.pl/wp-content/uploads/2016/02/01/najnowsze-wydanie-luty-2015/OkladkaES_07_08_2018.jpg 500w" sizes="(max-width: 207px) 100vw, 207px" /></a></span><span style="color: #ffffff; background-color: #ff0000; font-size: 12pt;"><strong> AKTUALNOŚCI<br />
</strong></span><span style="font-size: 12pt;"><b>10</b> <strong>Indeks koniunktury ELEKTROSYSTEMÓW</strong></span><br />
<span style="font-size: 12pt;">Branża wciąż rośnie ale dynamika spada </span><br />
<span style="font-size: 12pt;"><b>12</b> <strong>Giełdowy Indeks ELEKTROSYSTEMÓW</strong></span><br />
<span style="font-size: 12pt;">Producenci nie zapobiegli spadkom na giełdzien</span><br />
<span style="font-size: 12pt;"> <strong>14</strong> Produkcja wybranych artykułów elektrotechnicznych – V 2018</span><br />
<span style="font-size: 12pt;"><strong>15</strong> Spectra Lighting buduje nowy zakład<br />
<strong>16</strong> Giełdowe spółki poprawiają wyniki<br />
<strong>18</strong> Innowacyjne spółki idą po kapitał na giełdę<br />
<strong>21</strong> Grodno przejmuje Elektromag Lighting<br />
<strong>22</strong> EFL: leasing elektryków droższy niż aut spalinowych<br />
<strong>23</strong> Elektryczny autobus od Rafako coraz bliżej<br />
<strong>23</strong> Sprzedaż TIM-u wzrosła o 19%<br />
<strong>24</strong> PGE zamierza przejąć Polenergię<br />
<strong>24</strong> ZPUE zakończyło 2018 rok na minusie<br />
<strong>25</strong> LED-owe lampy oświetlą ulice Malborka<br />
<strong>25</strong> Elektrotim liczy na poprawę wyników<br />
<strong>26</strong> Włosi zbudują Port Czystej Energii<br />
<strong>26</strong> Orlen planuje budowę 150 stacji ładowania e-aut<br />
</span></p>
<p><span style="font-size: 12pt;"><strong><span style="color: #ffffff; background-color: #caa082;"><span style="color: #ffffff; background-color: #d2232a;"> WYDARZENIA </span><br />
</span></strong><b>28</b> Relacje z targów, wydarzeń, spotkań branżowych<strong><br />
</strong></span></p>
<p><span style="font-size: 12pt;"><strong><span style="color: #ffffff; background-color: #caa082;"><span style="color: #ffffff; background-color: #3cafd6;"> ENERGETYKA </span><br />
</span></strong><strong>32</strong> Rozwiązania smart grids grupy Apator</span></p>
<p><strong><span style="color: #ffffff; background-color: #caa082;"><span style="color: #ffffff; background-color: #c74a46;"> KABLE I PRZEWODY </span><br />
</span></strong><span style="font-size: 12pt;"><b>36</b> Zintegrowany bęben kablowy Qaddy firmy NKT<br />
<b>38</b> Kable i przewody przemysłowe firmy Helukabel<br />
<b>41</b> Złącza Lapp w liniach produkcji makaronu<br />
<b>44</b> Kable BiTsound produkcji ZK Bitner do obsługi widowisk<br />
</span></p>
<p><span style="font-size: 12pt;"><strong><span style="color: #ffffff; background-color: #cc6a2d;"> MIERNICTWO </span></strong></span><br />
<span style="font-size: 12pt;"><strong>49</strong> Aplikacja mobilna Flir InSite<br />
</span><span style="font-size: 12pt;"><strong>50</strong> Liczniki energii elektrycznej Simlic z certyfikatem MID<br />
<strong>52</strong> Kamera termowizyjna IRC-110-EUR firmy Beha-Amprobe<br />
</span></p>
<p><b></b><b></b><span style="font-size: 12pt;"><strong><span style="color: #ffffff; background-color: #00a2a4;"><span style="color: #ffffff; background-color: #00a2a4;"> OSPRZĘT INSTALACYJNY </span><br />
</span></strong></span><span style="font-size: 12pt;"><strong>54 </strong>Aquant – seria natynkowych hermetycznych gniazd i wyłączników IP55 i IP65<strong><br />
56</strong> Obudowy metalowe KDB-M w ofercie marki Ideal­­ TS <strong><br />
59 </strong>Berg – nowa seria osprzętu natynkowego<strong><br />
</strong></span></p>
<p><span style="font-size: 12pt;"><strong><span style="color: #ffffff; background-color: #ea802c;"> APARATURA ŁĄCZENIOWA </span><br />
</strong><b>60 </b>Łączniki krańcowe typu AP1V…J02 firmy Pokój<br />
<b>64 </b>Obrotowe rozłączniki izolacyjne 70 RT HP firmy Gewiss<br />
</span></p>
<p><strong><span style="color: #ffffff; background-color: #caa082;"><span style="color: #ffffff; background-color: #fad500;"> TECHNIKA ŚWIETLNA </span><br />
</span></strong><span style="font-size: 12pt;"><b>66</b> Lampa systemowa LED IT firmy Rittal </span></p>
<p><span style="font-size: 12pt;"><strong style="font-size: 12pt;"><span style="color: #ffffff; background-color: #f47a63;"> OCHRONA PRZECIWPRZEPIĘCIOWA I ODGROMOWA<br />
</span></strong><b style="font-size: 12pt;">68</b> Ochrona przeciwprzepięciowa firmy Noark Electric</span></p>
<p><strong><span style="color: #ffffff; background-color: #caa082;"><span style="color: #ffffff; background-color: #007dc5;"> ZASILANIE </span><br />
</span></strong><span style="font-size: 12pt;"><b>71</b> Bezpieczne zasilanie urządzeń w rozdzielnicy – system Klippon Connect</span></p>
<p><strong><span style="color: #ffffff; background-color: #caa082;"><span style="color: #ffffff; background-color: #b191af;"> PRZETARGI I INWESTYCJE<br />
</span></span></strong><b></b><span style="font-size: 12pt;"><b>74</b> Planowane inwestycje</span><br />
<span style="font-size: 12pt;"><b>78</b> Przetargi w branży elektrotechnicznej i energetycznej</span></p>
<p><span style="font-size: 12pt;"> <strong>Dodatek: &#8220;KABLE I PRZEWODY&#8221;</strong></span></p>
<p><span style="font-size: 12pt;"> <a href="http://elektrosystemy.pl/wp-content/uploads/2016/02/01/najnowsze-wydanie-luty-2015/Okladka_dod_KiP_07_08_2018.jpg"><img loading="lazy" class="alignleft wp-image-28168 size-medium" src="http://elektrosystemy.pl/wp-content/uploads/2016/02/01/najnowsze-wydanie-luty-2015/Okladka_dod_KiP_07_08_2018-199x300.jpg" alt="" width="199" height="300" srcset="https://elektrosystemy.pl/wp-content/uploads/2016/02/01/najnowsze-wydanie-luty-2015/Okladka_dod_KiP_07_08_2018-199x300.jpg 199w, https://elektrosystemy.pl/wp-content/uploads/2016/02/01/najnowsze-wydanie-luty-2015/Okladka_dod_KiP_07_08_2018.jpg 500w" sizes="(max-width: 199px) 100vw, 199px" /></a><strong>4</strong> Wysoki popyt na kable i przewody utrzyma się<br />
<b>26 </b>Przewody i kable elektroenergetyczne<br />
do 1 kV<br />
<b>28 </b>Przewody elektroenergetyczne – oferta rynkowa<br />
</span><span style="font-size: 12pt;"><b>32 </b>Kable elektroenergetyczne o napięciu do 1 kV – oferta rynkowa<br />
</span><span style="font-size: 12pt;"><b>32 </b>Kable elektroenergetyczne o napięciu do 1 kV – oferta rynkowa<br />
</span></p>
<p>&nbsp;</p>
<p><span style="font-size: 12pt;"> </span></p>
<p><span style="font-size: 12pt;"> <strong>Dodatek: &#8220;OSPRZĘT ELEKTROINSTALACYJNY&#8221;</strong></span></p>
<p><span style="font-size: 12pt;"> <a href="http://elektrosystemy.pl/wp-content/uploads/2016/02/01/najnowsze-wydanie-luty-2015/Okladka_OSPRZET_07_08_2018.jpg"><img loading="lazy" class="alignleft wp-image-28169 size-medium" src="http://elektrosystemy.pl/wp-content/uploads/2016/02/01/najnowsze-wydanie-luty-2015/Okladka_OSPRZET_07_08_2018-200x300.jpg" alt="" width="200" height="300" srcset="https://elektrosystemy.pl/wp-content/uploads/2016/02/01/najnowsze-wydanie-luty-2015/Okladka_OSPRZET_07_08_2018-200x300.jpg 200w, https://elektrosystemy.pl/wp-content/uploads/2016/02/01/najnowsze-wydanie-luty-2015/Okladka_OSPRZET_07_08_2018.jpg 500w" sizes="(max-width: 200px) 100vw, 200px" /></a><strong>4</strong> Rynek osprzętu wciąż ma się dobrze<br />
<b>12 </b>Puszki elektroinstalacyjne<br />
<b>14 </b>Puszki elektroinstalacyjne – oferta rynkowa<br />
<b>18 </b>Gniazda i wtyki siłowe (CEE)<br />
</span></p>

<p> AKTUALNOŚCI 10 Indeks koniunktury ELEKTROSYSTEMÓW Branża wciąż rośnie ale dynamika spada  12 Giełdowy Indeks ELEKTROSYSTEMÓW Producenci nie zapobiegli spadkom na giełdzien 14 Produkcja wybranych artykułów elektrotechnicznych – V 2018 15 Spectra Lighting buduje nowy zakład 16 Giełdowe spółki poprawiają wyniki 18 Innowacyjne spółki idą po kapitał na giełdę 21 Grodno przejmuje Elektromag Lighting 22 EFL: leasing elektryków droższy niż aut&hellip;</p>
