{"id":5677,"date":"2016-02-01T01:00:07","date_gmt":"2016-02-01T00:00:07","guid":{"rendered":"http:\/\/www.wp.elektrosystemy.pl\/?page_id=5677"},"modified":"2020-06-19T17:40:37","modified_gmt":"2020-06-19T15:40:37","slug":"najnowsze-wydanie-luty-2015-10","status":"publish","type":"page","link":"https:\/\/elektrosystemy.pl\/?page_id=5677","title":{"rendered":"Najnowsze wydanie: MAJ 2020"},"content":{"rendered":"<p><a href=\"https:\/\/elektrosystemy.pl\/wp-content\/uploads\/2016\/02\/01\/najnowsze-wydanie-luty-2015-10\/ES_05_2020_spis.jpg\"><img loading=\"lazy\" class=\"alignnone wp-image-33323 size-full\" style=\"box-shadow: 3px 3px 5px grey;\" src=\"https:\/\/elektrosystemy.pl\/wp-content\/uploads\/2016\/02\/01\/najnowsze-wydanie-luty-2015-10\/ES_05_2020_spis.jpg\" alt=\"\" width=\"1600\" height=\"1153\" srcset=\"https:\/\/elektrosystemy.pl\/wp-content\/uploads\/2016\/02\/01\/najnowsze-wydanie-luty-2015-10\/ES_05_2020_spis.jpg 1600w, https:\/\/elektrosystemy.pl\/wp-content\/uploads\/2016\/02\/01\/najnowsze-wydanie-luty-2015-10\/ES_05_2020_spis-300x216.jpg 300w, https:\/\/elektrosystemy.pl\/wp-content\/uploads\/2016\/02\/01\/najnowsze-wydanie-luty-2015-10\/ES_05_2020_spis-1024x738.jpg 1024w, https:\/\/elektrosystemy.pl\/wp-content\/uploads\/2016\/02\/01\/najnowsze-wydanie-luty-2015-10\/ES_05_2020_spis-768x553.jpg 768w, https:\/\/elektrosystemy.pl\/wp-content\/uploads\/2016\/02\/01\/najnowsze-wydanie-luty-2015-10\/ES_05_2020_spis-600x432.jpg 600w, https:\/\/elektrosystemy.pl\/wp-content\/uploads\/2016\/02\/01\/najnowsze-wydanie-luty-2015-10\/ES_05_2020_spis-1536x1107.jpg 1536w, https:\/\/elektrosystemy.pl\/wp-content\/uploads\/2016\/02\/01\/najnowsze-wydanie-luty-2015-10\/ES_05_2020_spis-1320x951.jpg 1320w\" sizes=\"(max-width: 1600px) 100vw, 1600px\" \/><\/a><\/p>\n<p><span style=\"font-size: 12pt;\"><a href=\"https:\/\/elektrosystemy.pl\/wp-content\/uploads\/2016\/02\/01\/najnowsze-wydanie-luty-2015-10\/Okladka_ES_05_2020_www.jpg\"><img loading=\"lazy\" class=\"alignleft wp-image-33324\" style=\"box-shadow: 3px 3px 4px grey; margin: 6px 11px 1px 2px;\" src=\"https:\/\/elektrosystemy.pl\/wp-content\/uploads\/2016\/02\/01\/najnowsze-wydanie-luty-2015-10\/Okladka_ES_05_2020_www.jpg\" alt=\"\" width=\"203\" height=\"293\" srcset=\"https:\/\/elektrosystemy.pl\/wp-content\/uploads\/2016\/02\/01\/najnowsze-wydanie-luty-2015-10\/Okladka_ES_05_2020_www.jpg 600w, https:\/\/elektrosystemy.pl\/wp-content\/uploads\/2016\/02\/01\/najnowsze-wydanie-luty-2015-10\/Okladka_ES_05_2020_www-208x300.jpg 208w\" sizes=\"(max-width: 203px) 100vw, 203px\" \/><\/a><\/span><strong><span style=\"background-color: #ff0000; color: #ffffff;\"><span style=\"font-size: 12pt;\">AKTUALNO\u015aCI\u00a0<\/span><br \/>\n<\/span><span style=\"font-size: 12pt;\">6 <\/span><\/strong><span style=\"font-size: 12pt;\">Indeks firm, os\u00f3b, produkt\u00f3w, reklam<\/span><br \/>\n<span style=\"font-size: 12pt;\"><strong>8<\/strong> Nowa seria silnik\u00f3w Nord Universal<\/span><br \/>\n<span style=\"font-size: 12pt;\"><strong>8<\/strong> Bramki i-bus KNX DALI Premium <\/span><br \/>\n<span style=\"font-size: 12pt;\"><strong>9<\/strong> Enkoder serii IEF3-4096 L<\/span><br \/>\n<span style=\"font-size: 12pt;\"><strong>9<\/strong> Przeka\u017anik programowalny PR200<\/span><br \/>\n<span style=\"font-size: 12pt;\"><strong>10<\/strong> Indeks Koniunktury ELEKTROSYSTEM\u00d3W: Kwietniowy lockdown przyni\u00f3s\u0142 mocne spadki<\/span><br \/>\n<span style=\"font-size: 12pt;\"><strong>12<\/strong> Gie\u0142dowy Indeks ELEKTROSYSTEM\u00d3W: Maj up\u0142yn\u0105\u0142 na gie\u0142dzie pod znakiem wzrost\u00f3w<\/span><br \/>\n<span style=\"font-size: 12pt;\"><strong>14<\/strong> Produkcja wybranych artyku\u0142\u00f3w elektrotechnicznych \u2013 IV 2020<\/span><br \/>\n<span style=\"font-size: 12pt;\"><strong>16<\/strong> Bran\u017ca elektrotechniczna w dobie koronawirusa<\/span><br \/>\n<span style=\"font-size: 12pt;\"><strong>19<\/strong> Kolejna fuzja na rynku hurtowni<\/span><br \/>\n<span style=\"font-size: 12pt;\"><strong>20<\/strong> Elektrotim po trudnym okresie wychodzi na plus<\/span><br \/>\n<span style=\"font-size: 12pt;\"><strong>21<\/strong> Ro\u015bnie sprzeda\u017c i zysk Grupy Apator<\/span><br \/>\n<span style=\"font-size: 12pt;\"><strong>22<\/strong> Kwant rozwija ofert\u0119 fotowoltaiki<\/span><br \/>\n<span style=\"font-size: 12pt;\"><strong>23<\/strong> ML System: dywersyfikacja i ekspansja na nowe rynki <\/span><br \/>\n<span style=\"font-size: 12pt;\"><strong>24<\/strong> URE: ponad 800 ma\u0142ych instalacji OZE w Polsce<\/span><br \/>\n<span style=\"font-size: 12pt;\"><strong>25<\/strong> Schneider Electric przejmuje ProLeiT<\/span><br \/>\n<span style=\"font-size: 12pt;\"><strong>25<\/strong> Tar Heel Capital chce przej\u0105\u0107 Radpol<\/span><br \/>\n<span style=\"font-size: 12pt;\"><strong>26<\/strong> Mocne wzrosty TIM-u w czasie pandemii<\/span><br \/>\n<span style=\"font-size: 12pt;\"><strong>26<\/strong> ZDM wymieni tysi\u0105ce opraw ulicznych w stolicy<\/span><br \/>\n<span style=\"font-size: 12pt;\"><strong>27<\/strong> Portfel zam\u00f3wie\u0144 PDI bogaty w zielon\u0105 energetyk\u0119<\/span><br \/>\n<span style=\"font-size: 12pt;\"><strong>27<\/strong> Rabbit rozpoczyna projekt dofinansowany przez NCBiR<\/span><\/p>\n<p><span style=\"font-size: 12pt; color: #ffffff; background-color: #cc3333;\"><strong>\u00a0KABLE I PRZEWODY<br \/>\n<\/strong><\/span><span style=\"font-size: 12pt;\"><strong>28<\/strong> Produkty Lapp w projektach studenckich<\/span><br \/>\n<span style=\"font-size: 12pt;\"><strong>30<\/strong> System FK firmy Gewiss<\/span><br \/>\n<span style=\"font-size: 12pt;\"><strong>32<\/strong> Kabel koncentryczny BiTSAT 757 firmy Bitner<\/span><\/p>\n<p><span style=\"font-size: 12pt;\"><strong><span style=\"color: #ffffff; background-color: #005ea8;\"><span style=\"font-size: 12pt; color: #ffffff; background-color: #57afc6;\">\u00a0AUTOMATYKA\u00a0<\/span><br \/>\n<\/span><\/strong><strong>33<\/strong> System ch\u0142odzenia szafy Liquid Cooling Package<\/span><\/p>\n<p><span style=\"color: #ffffff; background-color: #005ea8;\"><strong><span style=\"font-size: 12pt;\"><span style=\"font-size: 12pt; color: #ffffff; background-color: #00939b;\">\u00a0OSPRZ\u0118T INSTALACYJNY\u00a0<\/span><br \/>\n<\/span><\/strong><\/span><span style=\"font-size: 12pt;\"><strong>34 <\/strong>Rodzina z\u0142\u0105czek ZUG firmy SE Pok\u00f3j<\/span><\/p>\n<p><span style=\"font-size: 12pt;\"><strong><span style=\"font-weight: bold; background-color: #cb6418;\"><span style=\"color: #ffffff;\">\u00a0MIERNICTWO<br \/>\n<\/span><\/span><\/strong><\/span><span style=\"font-size: 12pt;\"><strong>38 <\/strong>Kamery termowizyjne, termometry laserowe \u2013 pomiar temperatury cia\u0142a<strong><br \/>\n40 <\/strong>Akumulatory do poziomnic laserowych marki PLS<\/span><\/p>\n<p><span style=\"color: #ffffff;\"><strong><span style=\"font-size: 12pt; background-color: #fcd800;\">\u00a0TECHNIKA \u015aWIETLNA<br \/>\n<\/span><\/strong><\/span><span style=\"font-size: 12pt;\"><strong>4<\/strong><strong>1<\/strong> System NatureConnect firmy Signify<\/span><br \/>\n<span style=\"font-size: 12pt;\"><strong>42<\/strong> O\u015bwietlenie przemys\u0142owe LED firmy GTV<\/span><\/p>\n<p><span style=\"color: #ffffff;\"><strong><span style=\"font-size: 12pt; background-color: #b191af;\">\u00a0PRZETARGI I INWESTYCJE\u00a0<\/span><\/strong><\/span><br \/>\n<span style=\"font-size: 12pt;\"><b>52<\/b>\u00a0Przetargi w bran\u017cy elektrotechnicznej i energetycznej<\/span><\/p>\n<p><span style=\"font-size: 12pt;\"><strong>DODATEK &#8220;HURTOWNIE ELEKTROTECHNICZNE&#8221;<\/strong><\/span><br \/>\n<a href=\"https:\/\/elektrosystemy.pl\/wp-content\/uploads\/2016\/02\/01\/najnowsze-wydanie-luty-2015-10\/Okladka_HE_05_2020_www.jpg\"><img loading=\"lazy\" class=\"alignleft wp-image-33325\" style=\"box-shadow: 3px 3px 4px grey; margin: 6px 11px 1px 2px;\" src=\"https:\/\/elektrosystemy.pl\/wp-content\/uploads\/2016\/02\/01\/najnowsze-wydanie-luty-2015-10\/Okladka_HE_05_2020_www.jpg\" alt=\"\" width=\"203\" height=\"304\" srcset=\"https:\/\/elektrosystemy.pl\/wp-content\/uploads\/2016\/02\/01\/najnowsze-wydanie-luty-2015-10\/Okladka_HE_05_2020_www.jpg 600w, https:\/\/elektrosystemy.pl\/wp-content\/uploads\/2016\/02\/01\/najnowsze-wydanie-luty-2015-10\/Okladka_HE_05_2020_www-200x300.jpg 200w\" sizes=\"(max-width: 203px) 100vw, 203px\" \/><\/a><\/p>\n<p><span style=\"font-size: 12pt;\"><strong>4<\/strong> Analiza rynku hurtowni: Rynek r\u00f3s\u0142 wolniej ni\u017c w poprzednich latach<\/span><br \/>\n<span style=\"font-size: 12pt;\"><strong>20<\/strong> Koronawirus wp\u0142ynie na ewolucj\u0119 rynku hurtowni<\/span><\/p>\n","protected":false},"excerpt":{"rendered":"<p>AKTUALNO\u015aCI\u00a0 6 Indeks firm, os\u00f3b, produkt\u00f3w, reklam 8 Nowa seria silnik\u00f3w Nord Universal 8 Bramki i-bus KNX DALI Premium 9 Enkoder serii IEF3-4096 L 9 Przeka\u017anik programowalny PR200 10 Indeks Koniunktury ELEKTROSYSTEM\u00d3W: Kwietniowy lockdown przyni\u00f3s\u0142 mocne spadki 12 Gie\u0142dowy Indeks ELEKTROSYSTEM\u00d3W: Maj up\u0142yn\u0105\u0142 na gie\u0142dzie pod znakiem wzrost\u00f3w 14 Produkcja wybranych artyku\u0142\u00f3w elektrotechnicznych \u2013 IV&hellip;<\/p>\n","protected":false},"author":2,"featured_media":0,"parent":0,"menu_order":0,"comment_status":"closed","ping_status":"closed","template":"","meta":[],"_links":{"self":[{"href":"https:\/\/elektrosystemy.pl\/index.php?rest_route=\/wp\/v2\/pages\/5677"}],"collection":[{"href":"https:\/\/elektrosystemy.pl\/index.php?rest_route=\/wp\/v2\/pages"}],"about":[{"href":"https:\/\/elektrosystemy.pl\/index.php?rest_route=\/wp\/v2\/types\/page"}],"author":[{"embeddable":true,"href":"https:\/\/elektrosystemy.pl\/index.php?rest_route=\/wp\/v2\/users\/2"}],"replies":[{"embeddable":true,"href":"https:\/\/elektrosystemy.pl\/index.php?rest_route=%2Fwp%2Fv2%2Fcomments&post=5677"}],"version-history":[{"count":261,"href":"https:\/\/elektrosystemy.pl\/index.php?rest_route=\/wp\/v2\/pages\/5677\/revisions"}],"predecessor-version":[{"id":33336,"href":"https:\/\/elektrosystemy.pl\/index.php?rest_route=\/wp\/v2\/pages\/5677\/revisions\/33336"}],"wp:attachment":[{"href":"https:\/\/elektrosystemy.pl\/index.php?rest_route=%2Fwp%2Fv2%2Fmedia&parent=5677"}],"curies":[{"name":"wp","href":"https:\/\/api.w.org\/{rel}","templated":true}]}}