{"id":6151,"date":"2015-07-30T14:18:20","date_gmt":"2015-07-30T13:18:20","guid":{"rendered":"http:\/\/www.wp.elektrosystemy.pl\/?page_id=6151"},"modified":"2020-03-11T18:51:48","modified_gmt":"2020-03-11T17:51:48","slug":"gieldowy-indeks-elektrosystemow-luty-2015","status":"publish","type":"page","link":"https:\/\/elektrosystemy.pl\/?page_id=6151","title":{"rendered":"Gie\u0142dowy Indeks Elektrosystem\u00f3w \u2013 STYCZE\u0143 2020"},"content":{"rendered":"<p><a href=\"http:\/\/elektrosystemy.pl\/wp-content\/uploads\/2015\/07\/30\/gieldowy-indeks-elektrosystemow-luty-2015\/Indeks_Glowny_luty_2020_nowy_www.jpg\"><img loading=\"lazy\" class=\"alignleft wp-image-32552 size-full\" src=\"http:\/\/elektrosystemy.pl\/wp-content\/uploads\/2015\/07\/30\/gieldowy-indeks-elektrosystemow-luty-2015\/Indeks_Glowny_luty_2020_nowy_www.jpg\" alt=\"\" width=\"1100\" height=\"260\" srcset=\"https:\/\/elektrosystemy.pl\/wp-content\/uploads\/2015\/07\/30\/gieldowy-indeks-elektrosystemow-luty-2015\/Indeks_Glowny_luty_2020_nowy_www.jpg 1100w, https:\/\/elektrosystemy.pl\/wp-content\/uploads\/2015\/07\/30\/gieldowy-indeks-elektrosystemow-luty-2015\/Indeks_Glowny_luty_2020_nowy_www-600x142.jpg 600w, https:\/\/elektrosystemy.pl\/wp-content\/uploads\/2015\/07\/30\/gieldowy-indeks-elektrosystemow-luty-2015\/Indeks_Glowny_luty_2020_nowy_www-300x71.jpg 300w, https:\/\/elektrosystemy.pl\/wp-content\/uploads\/2015\/07\/30\/gieldowy-indeks-elektrosystemow-luty-2015\/Indeks_Glowny_luty_2020_nowy_www-1024x242.jpg 1024w, https:\/\/elektrosystemy.pl\/wp-content\/uploads\/2015\/07\/30\/gieldowy-indeks-elektrosystemow-luty-2015\/Indeks_Glowny_luty_2020_nowy_www-768x182.jpg 768w\" sizes=\"(max-width: 1100px) 100vw, 1100px\" \/><\/a><\/p>\n<h3 style=\"text-align: center;\"><strong>Bran\u017ca na gie\u0142dzie rozpocz\u0119\u0142a rok z przytupem<\/strong><\/h3>\n<p><strong>A\u017c 11% zyska\u0142a bran\u017ca elektrotechniczna na warszawskiej gie\u0142dzie w pierwszym miesi\u0105cu nowego roku. Najwi\u0119kszy wp\u0142yw na to mia\u0142 dynamiczny wzrost Columbus Energy, kt\u00f3ry jest obecnie najwy\u017cej wycenianym gie\u0142dowym podmiotem z sektora elektrotechniki. Jego warto\u015b\u0107 stanowi ju\u017c prawie 1\/4 kapitalizacji ca\u0142ej bran\u017cy na GPW.<\/strong><\/p>\n<p>Ko\u0144c\u00f3wka roku w bran\u017cy elektrotechnicznej na GPW up\u0142yn\u0119\u0142a spokojnie, wahania Gie\u0142dowego Indeksu Elektrosystem\u00f3w w ostatnich dw\u00f3ch tygodniach grudnia by\u0142y nieznaczne. Sytuacja zmieni\u0142a si\u0119 z pocz\u0105tkiem nowego roku, w kt\u00f3rym sp\u00f3\u0142ki elektrotechniczne rozpocz\u0119\u0142y \u201erajd na p\u00f3\u0142noc\u201d.<\/p>\n<p>Stycze\u0144 up\u0142yn\u0105\u0142 ju\u017c pod znakiem silnego wzrostu \u2013 a\u017c o 11%. W pierwszym dniu notowa\u0144 w nowym roku warto\u015b\u0107 indeksu g\u0142\u00f3wnego wynosi\u0142a 982 punkty, na koniec pierwszego miesi\u0105ca by\u0142o to ju\u017c 1 090 punkt\u00f3w. Zwy\u017cki zanotowa\u0142y wszystkie subindeksy elektrotechniki.<\/p>\n<p><em>Wi\u0119cej w wydaniu 02\/2020 magazynu<\/em><\/p>\n<p style=\"text-align: center;\"><a id=\"GIE\"><\/a>\n\t\t<!-- MasterSlider -->\n\t\t<div id=\"P_MS5e69250335b87\" class=\"master-slider-parent ms-caro3d-template ms-parent-id-7\" style=\"max-width:100%;\"  >\n\n\t\t\t\n\t\t\t<!-- MasterSlider Main -->\n\t\t\t<div id=\"MS5e69250335b87\" class=\"master-slider ms-skin-default\" >\n\t\t\t\t \t\t\t\t \n\n\t\t\t<div  class=\"ms-slide\" data-delay=\"3\" data-fill-mode=\"fill\"   >\n\t\t\t\t\t<img src=\"http:\/\/elektrosystemy.pl\/wp-content\/plugins\/masterslider\/public\/assets\/css\/blank.gif\" alt=\"\" title=\"\" data-src=\"http:\/\/elektrosystemy.pl\/wp-content\/uploads\/2020\/03\/11\/Indeks_Dystrybucja_luty_2020_v2_www.jpg\" \/>\n\n\t\t\t\t\t<div class=\"ms-info\"><p style=\"text-align: center;\"><strong><span style=\"color: #000000; font-size: 12pt; background-color: #ffffff;\">GIE \u2013 Dystrybucja<\/span><\/strong><\/p><\/div>\n\n\n\t<img class=\"ms-thumb\" src=\"http:\/\/elektrosystemy.pl\/wp-content\/uploads\/2020\/03\/11\/Indeks_Dystrybucja_luty_2020_v2_www-100x80.jpg\" alt=\"\" \/>\n\t\t\t\t<\/div>\n\t\t\t<div  class=\"ms-slide\" data-delay=\"3\" data-fill-mode=\"fill\"   >\n\t\t\t\t\t<img src=\"http:\/\/elektrosystemy.pl\/wp-content\/plugins\/masterslider\/public\/assets\/css\/blank.gif\" alt=\"\" title=\"\" data-src=\"http:\/\/elektrosystemy.pl\/wp-content\/uploads\/2020\/03\/11\/Indeks_Elektroinstalacje_luty_2020_v2_www.jpg\" \/>\n\n\t\t\t\t\t<div class=\"ms-info\"><p style=\"text-align: center;\"><strong><span style=\"color: #000000; font-size: 12pt; background-color: #ffffff;\">GIE \u2013 Elektroinstalacje<\/span><\/strong><\/p><\/div>\n\n\n\t<img class=\"ms-thumb\" src=\"http:\/\/elektrosystemy.pl\/wp-content\/uploads\/2020\/03\/11\/Indeks_Elektroinstalacje_luty_2020_v2_www-100x80.jpg\" alt=\"\" \/>\n\t\t\t\t<\/div>\n\t\t\t<div  class=\"ms-slide\" data-delay=\"3\" data-fill-mode=\"fill\"   >\n\t\t\t\t\t<img src=\"http:\/\/elektrosystemy.pl\/wp-content\/plugins\/masterslider\/public\/assets\/css\/blank.gif\" alt=\"\" title=\"\" data-src=\"http:\/\/elektrosystemy.pl\/wp-content\/uploads\/2020\/03\/11\/Indeks_Produkcja_luty_2020_v2_www.jpg\" \/>\n\n\t\t\t\t\t<div class=\"ms-info\"><p style=\"text-align: center;\"><strong><span style=\"color: #000000; font-size: 12pt; background-color: #ffffff;\">GIE \u2013 Produkcja<\/span><\/strong><\/p><\/div>\n\n\n\t<img class=\"ms-thumb\" src=\"http:\/\/elektrosystemy.pl\/wp-content\/uploads\/2020\/03\/11\/Indeks_Produkcja_luty_2020_v2_www-100x80.jpg\" alt=\"\" \/>\n\t\t\t\t<\/div>\n\t\t\t<div  class=\"ms-slide\" data-delay=\"3\" data-fill-mode=\"fill\"   >\n\t\t\t\t\t<img src=\"http:\/\/elektrosystemy.pl\/wp-content\/plugins\/masterslider\/public\/assets\/css\/blank.gif\" alt=\"\" title=\"\" data-src=\"http:\/\/elektrosystemy.pl\/wp-content\/uploads\/2020\/03\/11\/Indeks_Oswietlenie_luty_2020_v2_www.jpg\" \/>\n\n\t\t\t\t\t<div class=\"ms-info\"><p style=\"text-align: center;\"><strong><span style=\"color: #000000; font-size: 12pt; background-color: #ffffff;\">GIE \u2013 Technika \u015awietlna<\/span><\/strong><\/p><\/div>\n\n\n\t<img class=\"ms-thumb\" src=\"http:\/\/elektrosystemy.pl\/wp-content\/uploads\/2020\/03\/11\/Indeks_Oswietlenie_luty_2020_v2_www-100x80.jpg\" alt=\"\" \/>\n\t\t\t\t<\/div>\n\n\t\t\t<\/div>\n\t\t\t<!-- END MasterSlider Main -->\n\n\t\t\t \n\t\t<\/div>\n\t\t<!-- END MasterSlider -->\n\n\t\t<script>\n\t\t( window.MSReady = window.MSReady || [] ).push( function( $ ) {\n\n\t\t\t\"use strict\";\n\t\t\tvar masterslider_5b87 = new MasterSlider();\n\n\t\t\t\/\/ slider controls\n\t\t\tmasterslider_5b87.control('arrows'     ,{ autohide:true, overVideo:true  });\n\t\t\tmasterslider_5b87.control('thumblist'  ,{ autohide:false, overVideo:true, dir:'h', speed:17, inset:false, arrows:false, hover:false, customClass:'', align:'bottom',type:'thumbs', margin:10, width:100, height:80, space:5, fillMode:'fill'  });\n\t\t\tmasterslider_5b87.control('slideinfo'  ,{ autohide:false, overVideo:true, dir:'h', align:'top',inset:false   , size:-20 });\n\t\t\t\/\/ slider setup\n\t\t\tmasterslider_5b87.setup(\"MS5e69250335b87\", {\n\t\t\t\twidth           : 600,\n\t\t\t\theight          : 417,\n\t\t\t\tminHeight       : 0,\n\t\t\t\tspace           : 0,\n\t\t\t\tstart           : 1,\n\t\t\t\tgrabCursor      : true,\n\t\t\t\tswipe           : true,\n\t\t\t\tmouse           : true,\n\t\t\t\tkeyboard        : false,\n\t\t\t\tlayout          : \"partialview\",\n\t\t\t\twheel           : false,\n\t\t\t\tautoplay        : false,\n                instantStartLayers:false,\n\t\t\t\tmobileBGVideo:false,\n\t\t\t\tloop            : true,\n\t\t\t\tshuffle         : false,\n\t\t\t\tpreload         : 0,\n\t\t\t\theightLimit     : true,\n\t\t\t\tautoHeight      : true,\n\t\t\t\tsmoothHeight    : true,\n\t\t\t\tendPause        : false,\n\t\t\t\toverPause       : true,\n\t\t\t\tfillMode        : \"fill\",\n\t\t\t\tcenterControls  : true,\n\t\t\t\tstartOnAppear   : false,\n\t\t\t\tlayersMode      : \"center\",\n\t\t\t\tautofillTarget  : \"\",\n\t\t\t\thideLayers      : false,\n\t\t\t\tfullscreenMargin: 0,\n\t\t\t\tspeed           : 20,\n\t\t\t\tdir             : \"h\",\n\t\t\t\tparallaxMode    : 'swipe',\n\t\t\t\tview            : \"flow\"\n\t\t\t});\n\n\t\t\t\n\t\t\twindow.masterslider_instances = window.masterslider_instances || [];\n\t\t\twindow.masterslider_instances.push( masterslider_5b87 );\n\t\t});\n\t\t<\/script>\n\n<\/p>\n<p style=\"text-align: left;\">\n","protected":false},"excerpt":{"rendered":"<p>Bran\u017ca na gie\u0142dzie rozpocz\u0119\u0142a rok z przytupem A\u017c 11% zyska\u0142a bran\u017ca elektrotechniczna na warszawskiej gie\u0142dzie w pierwszym miesi\u0105cu nowego roku. Najwi\u0119kszy wp\u0142yw na to mia\u0142 dynamiczny wzrost Columbus Energy, kt\u00f3ry jest obecnie najwy\u017cej wycenianym gie\u0142dowym podmiotem z sektora elektrotechniki. Jego warto\u015b\u0107 stanowi ju\u017c prawie 1\/4 kapitalizacji ca\u0142ej bran\u017cy na GPW. Ko\u0144c\u00f3wka roku w bran\u017cy elektrotechnicznej&hellip;<\/p>\n","protected":false},"author":2,"featured_media":0,"parent":0,"menu_order":0,"comment_status":"closed","ping_status":"open","template":"","meta":[],"_links":{"self":[{"href":"https:\/\/elektrosystemy.pl\/index.php?rest_route=\/wp\/v2\/pages\/6151"}],"collection":[{"href":"https:\/\/elektrosystemy.pl\/index.php?rest_route=\/wp\/v2\/pages"}],"about":[{"href":"https:\/\/elektrosystemy.pl\/index.php?rest_route=\/wp\/v2\/types\/page"}],"author":[{"embeddable":true,"href":"https:\/\/elektrosystemy.pl\/index.php?rest_route=\/wp\/v2\/users\/2"}],"replies":[{"embeddable":true,"href":"https:\/\/elektrosystemy.pl\/index.php?rest_route=%2Fwp%2Fv2%2Fcomments&post=6151"}],"version-history":[{"count":78,"href":"https:\/\/elektrosystemy.pl\/index.php?rest_route=\/wp\/v2\/pages\/6151\/revisions"}],"predecessor-version":[{"id":32554,"href":"https:\/\/elektrosystemy.pl\/index.php?rest_route=\/wp\/v2\/pages\/6151\/revisions\/32554"}],"wp:attachment":[{"href":"https:\/\/elektrosystemy.pl\/index.php?rest_route=%2Fwp%2Fv2%2Fmedia&parent=6151"}],"curies":[{"name":"wp","href":"https:\/\/api.w.org\/{rel}","templated":true}]}}