{"id":9514,"date":"2008-01-01T10:33:35","date_gmt":"2008-01-01T09:33:35","guid":{"rendered":"http:\/\/elektrosystemy.home.pl\/ES2\/?page_id=9514"},"modified":"2019-04-13T21:30:05","modified_gmt":"2019-04-13T19:30:05","slug":"archiwum-2008","status":"publish","type":"page","link":"https:\/\/elektrosystemy.pl\/?page_id=9514","title":{"rendered":"Archiwum 2008"},"content":{"rendered":"<h2 style=\"text-align: center;\">\u00a0<a href=\"http:\/\/www.wp.elektrosystemy.pl\/wp-content\/uploads\/2015\/01\/07\/najnowsze-wydanie-nr-01-180-styczen-2015\/dod_01_2015_okl.jpg\">\u00a0<\/a><\/h2>\n<h2 style=\"text-align: center;\"><strong>GRUDZIE\u0143 2008<\/strong><\/h2>\n<p style=\"text-align: left;\"><a href=\"http:\/\/elektrosystemy.home.pl\/ES2\/?page_id=9401\"><img loading=\"lazy\" class=\"alignnone wp-image-9556\" src=\"http:\/\/elektrosystemy.home.pl\/ES2\/wp-content\/uploads\/2015\/07\/09\/archiwum-2008\/Okladki_ES_12_2008.png\" alt=\"\" width=\"750\" height=\"542\" srcset=\"https:\/\/elektrosystemy.pl\/wp-content\/uploads\/2015\/07\/09\/archiwum-2008\/Okladki_ES_12_2008.png 1000w, https:\/\/elektrosystemy.pl\/wp-content\/uploads\/2015\/07\/09\/archiwum-2008\/Okladki_ES_12_2008-600x434.png 600w, https:\/\/elektrosystemy.pl\/wp-content\/uploads\/2015\/07\/09\/archiwum-2008\/Okladki_ES_12_2008-300x217.png 300w\" sizes=\"(max-width: 750px) 100vw, 750px\" \/><\/a><a href=\"http:\/\/www.wp.elektrosystemy.pl\/?page_id=4031\"><br \/>\n<\/a><\/p>\n<h2 style=\"text-align: center;\"><strong> <strong><strong>LISTOPAD 2008<\/strong><\/strong><\/strong><\/h2>\n<p style=\"text-align: left;\"><a href=\" http:\/\/elektrosystemy.home.pl\/ES2\/?page_id=9407\"><img loading=\"lazy\" class=\"alignnone wp-image-9555\" src=\"http:\/\/elektrosystemy.home.pl\/ES2\/wp-content\/uploads\/2015\/07\/09\/archiwum-2008\/Okladki_ES_11_2008.png\" alt=\"\" width=\"750\" height=\"542\" srcset=\"https:\/\/elektrosystemy.pl\/wp-content\/uploads\/2015\/07\/09\/archiwum-2008\/Okladki_ES_11_2008.png 1000w, https:\/\/elektrosystemy.pl\/wp-content\/uploads\/2015\/07\/09\/archiwum-2008\/Okladki_ES_11_2008-600x434.png 600w, https:\/\/elektrosystemy.pl\/wp-content\/uploads\/2015\/07\/09\/archiwum-2008\/Okladki_ES_11_2008-300x217.png 300w\" sizes=\"(max-width: 750px) 100vw, 750px\" \/><\/a><a href=\"http:\/\/www.wp.elektrosystemy.pl\/?page_id=4031\"><br \/>\n<\/a><\/p>\n<p>\u00a0<a href=\"http:\/\/www.wp.elektrosystemy.pl\/wp-content\/uploads\/2015\/01\/07\/najnowsze-wydanie-nr-01-180-styczen-2015\/dod_01_2015_okl.jpg\">\u00a0<\/a><\/p>\n<h2 style=\"text-align: center;\"><strong> <strong>PA\u0179DZIERNIK 2008<\/strong><\/strong><\/h2>\n<p style=\"text-align: left;\"><a href=\"http:\/\/elektrosystemy.home.pl\/ES2\/?page_id=9414\"><img loading=\"lazy\" class=\"alignnone wp-image-9554\" src=\"http:\/\/elektrosystemy.home.pl\/ES2\/wp-content\/uploads\/2015\/07\/09\/archiwum-2008\/Okladki_ES_10_2008.png\" alt=\"\" width=\"750\" height=\"542\" srcset=\"https:\/\/elektrosystemy.pl\/wp-content\/uploads\/2015\/07\/09\/archiwum-2008\/Okladki_ES_10_2008.png 1000w, https:\/\/elektrosystemy.pl\/wp-content\/uploads\/2015\/07\/09\/archiwum-2008\/Okladki_ES_10_2008-600x434.png 600w, https:\/\/elektrosystemy.pl\/wp-content\/uploads\/2015\/07\/09\/archiwum-2008\/Okladki_ES_10_2008-300x217.png 300w\" sizes=\"(max-width: 750px) 100vw, 750px\" \/><\/a><a href=\"http:\/\/www.wp.elektrosystemy.pl\/?page_id=4008\"><br \/>\n<\/a><\/p>\n<p><a href=\"http:\/\/www.wp.elektrosystemy.pl\/wp-content\/uploads\/2015\/01\/07\/najnowsze-wydanie-nr-01-180-styczen-2015\/dod_01_2015_okl.jpg\">\u00a0<\/a><\/p>\n<h2 style=\"text-align: center;\"><strong>WRZESIE\u0143 2008<\/strong><\/h2>\n<p style=\"text-align: left;\"><a href=\"http:\/\/elektrosystemy.home.pl\/ES2\/?page_id=9420\"><img loading=\"lazy\" class=\"alignnone wp-image-9553\" src=\"http:\/\/elektrosystemy.home.pl\/ES2\/wp-content\/uploads\/2015\/07\/09\/archiwum-2008\/Okladki_ES_09_2008.png\" alt=\"\" width=\"750\" height=\"542\" srcset=\"https:\/\/elektrosystemy.pl\/wp-content\/uploads\/2015\/07\/09\/archiwum-2008\/Okladki_ES_09_2008.png 1000w, https:\/\/elektrosystemy.pl\/wp-content\/uploads\/2015\/07\/09\/archiwum-2008\/Okladki_ES_09_2008-600x434.png 600w, https:\/\/elektrosystemy.pl\/wp-content\/uploads\/2015\/07\/09\/archiwum-2008\/Okladki_ES_09_2008-300x217.png 300w\" sizes=\"(max-width: 750px) 100vw, 750px\" \/><\/a><\/p>\n<p style=\"text-align: left;\"><a href=\"http:\/\/www.wp.elektrosystemy.pl\/?page_id=4072\"><br \/>\n<\/a><\/p>\n<h2 style=\"text-align: center;\"><strong>SIERPIE\u0143 2008<\/strong><\/h2>\n<p style=\"text-align: left;\"><a href=\"http:\/\/elektrosystemy.home.pl\/ES2\/?page_id=9426\"><img loading=\"lazy\" class=\"alignnone wp-image-9552\" src=\"http:\/\/elektrosystemy.home.pl\/ES2\/wp-content\/uploads\/2015\/07\/09\/archiwum-2008\/Okladki_ES_08_2008.png\" alt=\"\" width=\"750\" height=\"542\" srcset=\"https:\/\/elektrosystemy.pl\/wp-content\/uploads\/2015\/07\/09\/archiwum-2008\/Okladki_ES_08_2008.png 1000w, https:\/\/elektrosystemy.pl\/wp-content\/uploads\/2015\/07\/09\/archiwum-2008\/Okladki_ES_08_2008-600x434.png 600w, https:\/\/elektrosystemy.pl\/wp-content\/uploads\/2015\/07\/09\/archiwum-2008\/Okladki_ES_08_2008-300x217.png 300w\" sizes=\"(max-width: 750px) 100vw, 750px\" \/><\/a><\/p>\n<h2 style=\"text-align: center;\"><\/h2>\n<h2 style=\"text-align: center;\"><strong>LIPIEC 2008<\/strong><\/h2>\n<p style=\"text-align: left;\"><a href=\"http:\/\/elektrosystemy.home.pl\/ES2\/?page_id=9431\"><img loading=\"lazy\" class=\"alignnone wp-image-9551\" src=\"http:\/\/elektrosystemy.home.pl\/ES2\/wp-content\/uploads\/2015\/07\/09\/archiwum-2008\/Okladki_ES_07_2008.png\" alt=\"\" width=\"750\" height=\"542\" srcset=\"https:\/\/elektrosystemy.pl\/wp-content\/uploads\/2015\/07\/09\/archiwum-2008\/Okladki_ES_07_2008.png 1000w, https:\/\/elektrosystemy.pl\/wp-content\/uploads\/2015\/07\/09\/archiwum-2008\/Okladki_ES_07_2008-600x434.png 600w, https:\/\/elektrosystemy.pl\/wp-content\/uploads\/2015\/07\/09\/archiwum-2008\/Okladki_ES_07_2008-300x217.png 300w\" sizes=\"(max-width: 750px) 100vw, 750px\" \/><\/a><\/p>\n<h2 style=\"text-align: center;\"><strong>CZERWIEC 2008<\/strong><\/h2>\n<p style=\"text-align: left;\"><a href=\"http:\/\/elektrosystemy.home.pl\/ES2\/?page_id=9436\"><img loading=\"lazy\" class=\"alignnone wp-image-9545\" src=\"http:\/\/elektrosystemy.home.pl\/ES2\/wp-content\/uploads\/2015\/07\/09\/archiwum-2008\/Okladki_ES_06_2008.png\" alt=\"\" width=\"750\" height=\"542\" srcset=\"https:\/\/elektrosystemy.pl\/wp-content\/uploads\/2015\/07\/09\/archiwum-2008\/Okladki_ES_06_2008.png 1000w, https:\/\/elektrosystemy.pl\/wp-content\/uploads\/2015\/07\/09\/archiwum-2008\/Okladki_ES_06_2008-600x434.png 600w, https:\/\/elektrosystemy.pl\/wp-content\/uploads\/2015\/07\/09\/archiwum-2008\/Okladki_ES_06_2008-300x217.png 300w\" sizes=\"(max-width: 750px) 100vw, 750px\" \/><\/a><\/p>\n<h2 style=\"text-align: center;\"><strong>MAJ 2008<\/strong><\/h2>\n<p style=\"text-align: left;\"><a href=\"http:\/\/elektrosystemy.home.pl\/ES2\/?page_id=9441\"><img loading=\"lazy\" class=\"alignnone wp-image-9544\" title=\"http:\/\/elektrosystemy.home.pl\/ES2\/?page_id=9008 \" src=\"http:\/\/elektrosystemy.home.pl\/ES2\/wp-content\/uploads\/2015\/07\/09\/archiwum-2008\/Okladki_ES_05_2008.png\" alt=\"\" width=\"750\" height=\"542\" srcset=\"https:\/\/elektrosystemy.pl\/wp-content\/uploads\/2015\/07\/09\/archiwum-2008\/Okladki_ES_05_2008.png 1000w, https:\/\/elektrosystemy.pl\/wp-content\/uploads\/2015\/07\/09\/archiwum-2008\/Okladki_ES_05_2008-600x434.png 600w, https:\/\/elektrosystemy.pl\/wp-content\/uploads\/2015\/07\/09\/archiwum-2008\/Okladki_ES_05_2008-300x217.png 300w\" sizes=\"(max-width: 750px) 100vw, 750px\" \/><\/a><\/p>\n<h2 style=\"text-align: center;\"><strong>KWIECIE\u0143 2008<\/strong><\/h2>\n<p style=\"text-align: left;\"><a href=\" http:\/\/elektrosystemy.home.pl\/ES2\/?page_id=9447\"><img loading=\"lazy\" class=\"alignnone wp-image-9533\" src=\"http:\/\/elektrosystemy.home.pl\/ES2\/wp-content\/uploads\/2015\/07\/09\/archiwum-2008\/Okladki_ES_04_2008.png\" alt=\"\" width=\"750\" height=\"542\" srcset=\"https:\/\/elektrosystemy.pl\/wp-content\/uploads\/2015\/07\/09\/archiwum-2008\/Okladki_ES_04_2008.png 1000w, https:\/\/elektrosystemy.pl\/wp-content\/uploads\/2015\/07\/09\/archiwum-2008\/Okladki_ES_04_2008-600x434.png 600w, https:\/\/elektrosystemy.pl\/wp-content\/uploads\/2015\/07\/09\/archiwum-2008\/Okladki_ES_04_2008-300x217.png 300w\" sizes=\"(max-width: 750px) 100vw, 750px\" \/><\/a><\/p>\n<h2 style=\"text-align: center;\"><strong>MARZEC 2008<\/strong><\/h2>\n<p style=\"text-align: left;\"><a href=\"http:\/\/elektrosystemy.home.pl\/ES2\/?page_id=9452\"><img loading=\"lazy\" class=\"alignnone wp-image-9531\" src=\"http:\/\/elektrosystemy.home.pl\/ES2\/wp-content\/uploads\/2015\/07\/09\/archiwum-2008\/Okladki_ES_03_2008.png\" alt=\"\" width=\"750\" height=\"542\" srcset=\"https:\/\/elektrosystemy.pl\/wp-content\/uploads\/2015\/07\/09\/archiwum-2008\/Okladki_ES_03_2008.png 1000w, https:\/\/elektrosystemy.pl\/wp-content\/uploads\/2015\/07\/09\/archiwum-2008\/Okladki_ES_03_2008-600x434.png 600w, https:\/\/elektrosystemy.pl\/wp-content\/uploads\/2015\/07\/09\/archiwum-2008\/Okladki_ES_03_2008-300x217.png 300w\" sizes=\"(max-width: 750px) 100vw, 750px\" \/><\/a><\/p>\n<h2 style=\"text-align: center;\"><strong>LUTY 2008<\/strong><\/h2>\n<p style=\"text-align: left;\"><a href=\" http:\/\/elektrosystemy.home.pl\/ES2\/?page_id=9457\"><img loading=\"lazy\" class=\"alignnone wp-image-9529\" src=\"http:\/\/elektrosystemy.home.pl\/ES2\/wp-content\/uploads\/2015\/07\/09\/archiwum-2008\/Okladki_ES_02_2008.png\" alt=\"\" width=\"750\" height=\"542\" srcset=\"https:\/\/elektrosystemy.pl\/wp-content\/uploads\/2015\/07\/09\/archiwum-2008\/Okladki_ES_02_2008.png 1000w, https:\/\/elektrosystemy.pl\/wp-content\/uploads\/2015\/07\/09\/archiwum-2008\/Okladki_ES_02_2008-600x434.png 600w, https:\/\/elektrosystemy.pl\/wp-content\/uploads\/2015\/07\/09\/archiwum-2008\/Okladki_ES_02_2008-300x217.png 300w\" sizes=\"(max-width: 750px) 100vw, 750px\" \/><\/a><\/p>\n<h2 style=\"text-align: center;\"><strong>STYCZE\u0143 2008<\/strong><\/h2>\n<p style=\"text-align: left;\"><a href=\"http:\/\/elektrosystemy.home.pl\/ES2\/?page_id=9464\"><img loading=\"lazy\" class=\"alignnone wp-image-9526\" src=\"http:\/\/elektrosystemy.home.pl\/ES2\/wp-content\/uploads\/2015\/07\/09\/archiwum-2008\/Okladki_ES_01_2008.png\" alt=\"\" width=\"750\" height=\"542\" srcset=\"https:\/\/elektrosystemy.pl\/wp-content\/uploads\/2015\/07\/09\/archiwum-2008\/Okladki_ES_01_2008.png 1000w, https:\/\/elektrosystemy.pl\/wp-content\/uploads\/2015\/07\/09\/archiwum-2008\/Okladki_ES_01_2008-600x434.png 600w, https:\/\/elektrosystemy.pl\/wp-content\/uploads\/2015\/07\/09\/archiwum-2008\/Okladki_ES_01_2008-300x217.png 300w\" sizes=\"(max-width: 750px) 100vw, 750px\" \/><\/a><\/p>\n<h2 style=\"text-align: center;\"><strong>\u00a0<\/strong><\/h2>\n<p style=\"text-align: left;\"><a href=\"http:\/\/www.wp.elektrosystemy.pl\/?page_id=4075\">\u00a0<\/a><\/p>\n","protected":false},"excerpt":{"rendered":"<p>\u00a0\u00a0 GRUDZIE\u0143 2008 LISTOPAD 2008 \u00a0\u00a0 PA\u0179DZIERNIK 2008 \u00a0 WRZESIE\u0143 2008 SIERPIE\u0143 2008 LIPIEC 2008 CZERWIEC 2008 MAJ 2008 KWIECIE\u0143 2008 MARZEC 2008 LUTY 2008 STYCZE\u0143 2008 \u00a0 \u00a0&hellip;<\/p>\n","protected":false},"author":3,"featured_media":0,"parent":2251,"menu_order":2008,"comment_status":"closed","ping_status":"closed","template":"","meta":[],"_links":{"self":[{"href":"https:\/\/elektrosystemy.pl\/index.php?rest_route=\/wp\/v2\/pages\/9514"}],"collection":[{"href":"https:\/\/elektrosystemy.pl\/index.php?rest_route=\/wp\/v2\/pages"}],"about":[{"href":"https:\/\/elektrosystemy.pl\/index.php?rest_route=\/wp\/v2\/types\/page"}],"author":[{"embeddable":true,"href":"https:\/\/elektrosystemy.pl\/index.php?rest_route=\/wp\/v2\/users\/3"}],"replies":[{"embeddable":true,"href":"https:\/\/elektrosystemy.pl\/index.php?rest_route=%2Fwp%2Fv2%2Fcomments&post=9514"}],"version-history":[{"count":11,"href":"https:\/\/elektrosystemy.pl\/index.php?rest_route=\/wp\/v2\/pages\/9514\/revisions"}],"predecessor-version":[{"id":9567,"href":"https:\/\/elektrosystemy.pl\/index.php?rest_route=\/wp\/v2\/pages\/9514\/revisions\/9567"}],"up":[{"embeddable":true,"href":"https:\/\/elektrosystemy.pl\/index.php?rest_route=\/wp\/v2\/pages\/2251"}],"wp:attachment":[{"href":"https:\/\/elektrosystemy.pl\/index.php?rest_route=%2Fwp%2Fv2%2Fmedia&parent=9514"}],"curies":[{"name":"wp","href":"https:\/\/api.w.org\/{rel}","templated":true}]}}